000
CDUS44 KEPZ 202327
CLIELP


CLIMATE REPORT
NATIONAL WEATHER SERVICE EL PASO, TX
426 PM MST FRI JAN 20 2017


...................................

...THE EL PASO CLIMATE SUMMARY FOR JANUARY 20 2017...
VALID TODAY AS OF 400 PM LOCAL TIME.

CLIMATE NORMAL PERIOD 1981 TO 2010
CLIMATE RECORD PERIOD 1879 TO 2017


WEATHER ITEM   OBSERVED TIME   RECORD YEAR NORMAL DEPARTURE LAST
                VALUE   (LST)  VALUE       VALUE  FROM      YEAR
                                                  NORMAL
..................................................................
TEMPERATURE (F)
 TODAY
  MAXIMUM         60    324 PM  73    1971  58      2       68
  MINIMUM         38    642 AM  16    1918  33      5       41

PRECIPITATION (IN)
  TODAY            0.00                      0.01  -0.01     0.00
  MONTH TO DATE    0.76                      0.25   0.51     0.46
  SINCE DEC 1      1.62                      1.03   0.59     1.54
  SINCE JAN 1      0.76                      0.25   0.51     0.46

SNOWFALL (IN)
  TODAY            0.0                                       0.0
  MONTH TO DATE    0.0                                        T
  SINCE JUL 1      T                                         8.1

..................................................................


WIND (MPH)
  HIGHEST WIND SPEED    35   HIGHEST WIND DIRECTION    SW (240)
  HIGHEST GUST SPEED    41   HIGHEST GUST DIRECTION    SW (240)


SKY COVER
  AVERAGE SKY COVER 0.4


WEATHER CONDITIONS
 THE FOLLOWING WEATHER WAS RECORDED TODAY.
  NO SIGNIFICANT WEATHER WAS OBSERVED.


RELATIVE HUMIDITY (PERCENT)
 HIGHEST    60           700 AM
 LOWEST     26           400 PM

..........................................................


THE EL PASO CLIMATE NORMALS FOR TOMORROW
                         NORMAL    RECORD    YEAR
 MAXIMUM TEMPERATURE (F)   58        78      1974
 MINIMUM TEMPERATURE (F)   33         8      1883


SUNRISE AND SUNSET
JANUARY 20 2017.......SUNRISE   705 AM MST   SUNSET   529 PM MST
JANUARY 21 2017.......SUNRISE   704 AM MST   SUNSET   530 PM MST


-  INDICATES NEGATIVE NUMBERS.
R  INDICATES RECORD WAS SET OR TIED.
MM INDICATES DATA IS MISSING.
T  INDICATES TRACE AMOUNT.




$$
