000
CDUS44 KEPZ 220944
CLIELP


CLIMATE REPORT
NATIONAL WEATHER SERVICE EL PASO, TX
343 AM MDT FRI SEP 22 2017


...................................

...THE EL PASO CLIMATE SUMMARY FOR SEPTEMBER 21 2017...

CLIMATE NORMAL PERIOD 1981 TO 2010
CLIMATE RECORD PERIOD 1879 TO 2017


WEATHER ITEM   OBSERVED TIME   RECORD YEAR NORMAL DEPARTURE LAST
                VALUE   (LST)  VALUE       VALUE  FROM      YEAR
                                                  NORMAL
..................................................................
TEMPERATURE (F)
 YESTERDAY
  MAXIMUM         94    228 PM  98    1980  86      8       95
  MINIMUM         71    450 AM  49    1971  62      9       71
  AVERAGE         83                        74      9       83

PRECIPITATION (IN)
  YESTERDAY        0.00          2.13 1941   0.05  -0.05     0.00
  MONTH TO DATE    T                         1.15  -1.15     1.16
  SINCE SEP 1      T                         1.15  -1.15     1.16
  SINCE JAN 1      7.92                      7.47   0.45     7.13

SNOWFALL (IN)
  YESTERDAY        0.0                                       0.0
  MONTH TO DATE    0.0                                       0.0
  SINCE SEP 1      0.0                                       0.0
  SINCE JUL 1      0.0                                        T
  SNOW DEPTH       0

DEGREE DAYS
 HEATING
  YESTERDAY        0                         0      0        0
  MONTH TO DATE    0                         0      0        0
  SINCE SEP 1      0                         0      0        0
  SINCE JUL 1      0                         0      0        0

 COOLING
  YESTERDAY       18                         9      9       18
  MONTH TO DATE  340                       250     90      295
  SINCE SEP 1    340                       250     90      295
  SINCE JAN 1   2627                      2179    448     2519
..................................................................


WIND (MPH)
  HIGHEST WIND SPEED    18   HIGHEST WIND DIRECTION    SW (230)
  HIGHEST GUST SPEED    24   HIGHEST GUST DIRECTION    SW (240)
  AVERAGE WIND SPEED     8.6


SKY COVER
  POSSIBLE SUNSHINE  MM
  AVERAGE SKY COVER 0.2


WEATHER CONDITIONS
 THE FOLLOWING WEATHER WAS RECORDED YESTERDAY.
  NO SIGNIFICANT WEATHER WAS OBSERVED.


RELATIVE HUMIDITY (PERCENT)
 HIGHEST    44           500 AM
 LOWEST     18           400 PM
 AVERAGE    31

..........................................................


THE EL PASO CLIMATE NORMALS FOR TODAY
                         NORMAL    RECORD    YEAR
 MAXIMUM TEMPERATURE (F)   86        96      1973
 MINIMUM TEMPERATURE (F)   61        47      1995


SUNRISE AND SUNSET
SEPTEMBER 22 2017.....SUNRISE   654 AM MDT   SUNSET   702 PM MDT
SEPTEMBER 23 2017.....SUNRISE   655 AM MDT   SUNSET   700 PM MDT


-  INDICATES NEGATIVE NUMBERS.
R  INDICATES RECORD WAS SET OR TIED.
MM INDICATES DATA IS MISSING.
T  INDICATES TRACE AMOUNT.




$$
