000
CDUS44 KEPZ 082332
CLIELP


CLIMATE REPORT
NATIONAL WEATHER SERVICE EL PASO, TX
429 PM MST THU DEC 8 2016


...................................

...THE EL PASO CLIMATE SUMMARY FOR DECEMBER 8 2016...
VALID TODAY AS OF 400 PM LOCAL TIME.

CLIMATE NORMAL PERIOD 1981 TO 2010
CLIMATE RECORD PERIOD 1879 TO 2016


WEATHER ITEM   OBSERVED TIME   RECORD YEAR NORMAL DEPARTURE LAST
                VALUE   (LST)  VALUE       VALUE  FROM      YEAR
                                                  NORMAL
..................................................................
TEMPERATURE (F)
 TODAY
  MAXIMUM         52   1236 AM  76    1977  58     -6       63
  MINIMUM         36    926 AM   8    1891  33      3       30

PRECIPITATION (IN)
  TODAY            0.00                      0.02  -0.02     0.00
  MONTH TO DATE    0.24                      0.19   0.05     0.00
  SINCE DEC 1      0.24                      0.19   0.05     0.00
  SINCE JAN 1      8.72                      9.12  -0.40    11.00

SNOWFALL (IN)
  TODAY            0.0                                       0.0
  MONTH TO DATE    0.0                                       0.0
  SINCE JUL 1      T                                          T

..................................................................


WIND (MPH)
  HIGHEST WIND SPEED    18   HIGHEST WIND DIRECTION     E (100)
  HIGHEST GUST SPEED    23   HIGHEST GUST DIRECTION     E (110)


SKY COVER
  AVERAGE SKY COVER 0.9


WEATHER CONDITIONS
 THE FOLLOWING WEATHER WAS RECORDED TODAY.
  NO SIGNIFICANT WEATHER WAS OBSERVED.


RELATIVE HUMIDITY (PERCENT)
 HIGHEST    64           600 AM
 LOWEST     50          1200 PM

..........................................................


THE EL PASO CLIMATE NORMALS FOR TOMORROW
                         NORMAL    RECORD    YEAR
 MAXIMUM TEMPERATURE (F)   58        75      1939
 MINIMUM TEMPERATURE (F)   33        11      1891


SUNRISE AND SUNSET
DECEMBER  8 2016......SUNRISE   654 AM MST   SUNSET   502 PM MST
DECEMBER  9 2016......SUNRISE   654 AM MST   SUNSET   502 PM MST


-  INDICATES NEGATIVE NUMBERS.
R  INDICATES RECORD WAS SET OR TIED.
MM INDICATES DATA IS MISSING.
T  INDICATES TRACE AMOUNT.




$$
