000
CDUS44 KEPZ 260926
CLIELP


CLIMATE REPORT
NATIONAL WEATHER SERVICE EL PASO, TX
325 AM MDT SAT JUL 26 2014


...................................

...THE EL PASO CLIMATE SUMMARY FOR JULY 25 2014...

CLIMATE NORMAL PERIOD 1981 TO 2010
CLIMATE RECORD PERIOD 1879 TO 2014


WEATHER ITEM   OBSERVED TIME   RECORD YEAR NORMAL DEPARTURE LAST
                VALUE   (LST)  VALUE       VALUE  FROM      YEAR
                                                  NORMAL
..................................................................
TEMPERATURE (F)
 YESTERDAY
  MAXIMUM        100    310 PM 105    1995  94      6       89
                                      1994
  MINIMUM         73    455 AM  57    1880  71      2       64
  AVERAGE         87                        82      5       77

PRECIPITATION (IN)
  YESTERDAY        0.00          1.66 1880   0.06  -0.06     1.52
  MONTH TO DATE    0.53                      1.17  -0.64     2.32
  SINCE JUN 1      0.54                      2.11  -1.57     2.48
  SINCE JAN 1      1.18                      3.93  -2.75     3.37

SNOWFALL (IN)
  YESTERDAY        0.0                                       0.0
  MONTH TO DATE    0.0                                       0.0
  SINCE JUN 1      0.0                                       0.0
  SINCE JUL 1      0.0                                       0.0
  SNOW DEPTH       0

DEGREE DAYS
 HEATING
  YESTERDAY        0                         0      0        0
  MONTH TO DATE    0                         0      0        0
  SINCE JUN 1      0                         0      0        0
  SINCE JUL 1      0                         0      0        0

 COOLING
  YESTERDAY       22                        17      5       12
  MONTH TO DATE  504                       448     56      438
  SINCE JUN 1   1197                       950    247     1101
  SINCE JAN 1   1624                      1327    297     1609
..................................................................


WIND (MPH)
  HIGHEST WIND SPEED    12   HIGHEST WIND DIRECTION     E (110)
  HIGHEST GUST SPEED    16   HIGHEST GUST DIRECTION    NE (40)
  AVERAGE WIND SPEED     4.4


SKY COVER
  POSSIBLE SUNSHINE  MM
  AVERAGE SKY COVER 0.2


WEATHER CONDITIONS
 THE FOLLOWING WEATHER WAS RECORDED YESTERDAY.
  NO SIGNIFICANT WEATHER WAS OBSERVED.


RELATIVE HUMIDITY (PERCENT)
 HIGHEST    49           500 AM
 LOWEST     16           300 PM
 AVERAGE    33

..........................................................


THE EL PASO CLIMATE NORMALS FOR TODAY
                         NORMAL    RECORD    YEAR
 MAXIMUM TEMPERATURE (F)   94       106      1995
                                             1980
 MINIMUM TEMPERATURE (F)   71        58      1880


SUNRISE AND SUNSET
JULY 26 2014..........SUNRISE   617 AM MDT   SUNSET   806 PM MDT
JULY 27 2014..........SUNRISE   618 AM MDT   SUNSET   806 PM MDT


-  INDICATES NEGATIVE NUMBERS.
R  INDICATES RECORD WAS SET OR TIED.
MM INDICATES DATA IS MISSING.
T  INDICATES TRACE AMOUNT.




$$
