000
CDUS44 KEPZ 300931
CLIELP


CLIMATE REPORT
NATIONAL WEATHER SERVICE EL PASO, TX
330 AM MDT TUE SEP 30 2014


...................................

...THE EL PASO CLIMATE SUMMARY FOR SEPTEMBER 29 2014...

CLIMATE NORMAL PERIOD 1981 TO 2010
CLIMATE RECORD PERIOD 1879 TO 2014


WEATHER ITEM   OBSERVED TIME   RECORD YEAR NORMAL DEPARTURE LAST
                VALUE   (LST)  VALUE       VALUE  FROM      YEAR
                                                  NORMAL
..................................................................
TEMPERATURE (F)
 YESTERDAY
  MAXIMUM         90    332 PM  98    1977  84      6       82
  MINIMUM         66    439 AM  44    1945  59      7       49
                                      1889
                                      1880
  AVERAGE         78                        71      7       66

PRECIPITATION (IN)
  YESTERDAY        0.00          1.19 1932   0.03  -0.03     0.00
  MONTH TO DATE    4.23                      1.47   2.76     3.85
  SINCE SEP 1      4.23                      1.47   2.76     3.85
  SINCE JAN 1      7.36                      7.79  -0.43     9.15

SNOWFALL (IN)
  YESTERDAY        0.0                                       0.0
  MONTH TO DATE    0.0                                       0.0
  SINCE SEP 1      0.0                                       0.0
  SINCE JUL 1      0.0                                        T
  SNOW DEPTH       0

DEGREE DAYS
 HEATING
  YESTERDAY        0                         0      0        0
  MONTH TO DATE    0                         0      0        0
  SINCE SEP 1      0                         0      0        0
  SINCE JUL 1      0                         0      0        0

 COOLING
  YESTERDAY       13                         6      7        1
  MONTH TO DATE  305                       310     -5      330
  SINCE SEP 1    305                       310     -5      330
  SINCE JAN 1   2524                      2239    285     2608
..................................................................


WIND (MPH)
  HIGHEST WIND SPEED    18   HIGHEST WIND DIRECTION     S (200)
  HIGHEST GUST SPEED    24   HIGHEST GUST DIRECTION     S (200)
  AVERAGE WIND SPEED     7.5


SKY COVER
  POSSIBLE SUNSHINE  MM
  AVERAGE SKY COVER 0.3


WEATHER CONDITIONS
 THE FOLLOWING WEATHER WAS RECORDED YESTERDAY.
  NO SIGNIFICANT WEATHER WAS OBSERVED.


RELATIVE HUMIDITY (PERCENT)
 HIGHEST    73           400 AM
 LOWEST     27           300 PM
 AVERAGE    50

..........................................................


THE EL PASO CLIMATE NORMALS FOR TODAY
                         NORMAL    RECORD    YEAR
 MAXIMUM TEMPERATURE (F)   83        97      1994
 MINIMUM TEMPERATURE (F)   58        41      1945


SUNRISE AND SUNSET
SEPTEMBER 30 2014.....SUNRISE   659 AM MDT   SUNSET   652 PM MDT
OCTOBER  1 2014.......SUNRISE   659 AM MDT   SUNSET   650 PM MDT


-  INDICATES NEGATIVE NUMBERS.
R  INDICATES RECORD WAS SET OR TIED.
MM INDICATES DATA IS MISSING.
T  INDICATES TRACE AMOUNT.




$$
