000
CDUS45 KLKN 211245
CLIELY


CLIMATE REPORT
NATIONAL WEATHER SERVICE ELKO NV
545 AM PDT THU SEP 1  2017


...................................

...THE ELY AIRPORT NV CLIMATE SUMMARY FOR SEPTEMBER 20 2017...

CLIMATE NORMAL PERIOD 1981 TO 2010
CLIMATE RECORD PERIOD 1893 TO 2017


WEATHER ITEM   OBSERVED TIME   RECORD YEAR NORMAL DEPARTURE LAST
                VALUE   (LST)  VALUE       VALUE  FROM      YEAR
                                                  NORMAL
..................................................................
TEMPERATURE (F)
 YESTERDAY
  MAXIMUM         75        MM  85    2015  74      1       82
                                      2001
  MINIMUM         31        MM  16    1895  36     -5       44
  AVERAGE         53                        55     -2       63

PRECIPITATION (IN)
  YESTERDAY        0.00          0.79 1963   0.03  -0.03     0.00
  MONTH TO DATE    0.89                      0.52   0.37     0.13
  SINCE OCT 1     10.05                      9.45   0.60    13.51
  SINCE JAN 1      8.27                      7.16   1.11     9.15

SNOWFALL (IN)
  YESTERDAY        0.0           3.0  1895   0.0    0.0      0.0
  MONTH TO DATE    0.0                       0.1   -0.1      0.0
  SINCE SEP 1      0.0                       0.1   -0.1      0.0
  SINCE JUL 1      0.0                       0.1   -0.1      0.0
  SNOW DEPTH       0

DEGREE DAYS
 HEATING
  YESTERDAY       12                        10      2        2
  MONTH TO DATE   66                       128    -62      128
  SINCE SEP 1     66                       128    -62      128
  SINCE JUL 1     72                       192   -120      165

 COOLING
  YESTERDAY        0                         0      0        0
  MONTH TO DATE   24                         4     20       12
  SINCE SEP 1     24                         4     20       12
  SINCE JAN 1    433                       216    217      267
..................................................................


WIND (MPH)
  HIGHEST WIND SPEED    28   HIGHEST WIND DIRECTION     S (180)
  HIGHEST GUST SPEED    41   HIGHEST GUST DIRECTION    SW (220)
  AVERAGE WIND SPEED    14.3



WEATHER CONDITIONS
 THE FOLLOWING WEATHER WAS RECORDED YESTERDAY.
  NO SIGNIFICANT WEATHER WAS OBSERVED.


RELATIVE HUMIDITY (PERCENT)
 HIGHEST    69           200 AM
 LOWEST     19           400 PM
 AVERAGE    44

..........................................................


THE ELY AIRPORT NV CLIMATE NORMALS FOR TODAY
                         NORMAL    RECORD    YEAR
 MAXIMUM TEMPERATURE (F)   74        86      2015
 MINIMUM TEMPERATURE (F)   36        15      1968
                                             1895


SUNRISE AND SUNSET
SEPTEMBER 21 2017.....SUNRISE   626 AM PDT   SUNSET   637 PM PDT
SEPTEMBER 22 2017.....SUNRISE   627 AM PDT   SUNSET   636 PM PDT


-  INDICATES NEGATIVE NUMBERS.
R  INDICATES RECORD WAS SET OR TIED.
MM INDICATES DATA IS MISSING.
T  INDICATES TRACE AMOUNT.




$$
