000
CDUS45 KLKN 280935
CLIELY


CLIMATE REPORT
NATIONAL WEATHER SERVICE ELKO NV
233 AM PDT FRI APR 28 2017


...................................

...THE ELY AIRPORT NV CLIMATE SUMMARY FOR APRIL 27 2017...

CLIMATE NORMAL PERIOD 1981 TO 2010
CLIMATE RECORD PERIOD 1893 TO 2017


WEATHER ITEM   OBSERVED TIME   RECORD YEAR NORMAL DEPARTURE LAST
                VALUE   (LST)  VALUE       VALUE  FROM      YEAR
                                                  NORMAL
..................................................................
TEMPERATURE (F)
 YESTERDAY
  MAXIMUM         51    306 PM  80    1992  61    -10       43
  MINIMUM         26   1159 PM  10    1966  30     -4       35
  AVERAGE         39                        45     -6       39

PRECIPITATION (IN)
  YESTERDAY        0.02          0.49 1963   0.03  -0.01     0.11
  MONTH TO DATE    1.03                      0.84   0.19     1.41
  SINCE OCT 1      7.67                      5.51   2.16    10.51
  SINCE JAN 1      5.89                      3.22   2.67     6.15

SNOWFALL (IN)
  YESTERDAY       MM             6.0  1970   0.2   MM         T
  MONTH TO DATE    1.4                       4.8   -3.4      4.5
  SINCE MAR 1     17.2                      13.1    4.1     20.7
  SINCE JUL 1     66.8                      48.0   18.8    100.0
  SNOW DEPTH       0

DEGREE DAYS
 HEATING
  YESTERDAY       26                        20      6       26
  MONTH TO DATE  595                       620    -25      543
  SINCE MAR 1   1335                      1510   -175     1344
  SINCE JUL 1   6296                      6847   -551     6718

 COOLING
  YESTERDAY        0                         0      0        0
  MONTH TO DATE    0                         0      0        0
  SINCE MAR 1      0                         0      0        0
  SINCE JAN 1      0                         0      0        0
..................................................................


WIND (MPH)
  HIGHEST WIND SPEED    28   HIGHEST WIND DIRECTION    NW (320)
  HIGHEST GUST SPEED    35   HIGHEST GUST DIRECTION    NW (330)
  AVERAGE WIND SPEED    12.5



WEATHER CONDITIONS
 THE FOLLOWING WEATHER WAS RECORDED YESTERDAY.
  LIGHT RAIN


RELATIVE HUMIDITY (PERCENT)
 HIGHEST    92          1200 AM
 LOWEST     24           100 PM
 AVERAGE    58

..........................................................


THE ELY AIRPORT NV CLIMATE NORMALS FOR TODAY
                         NORMAL    RECORD    YEAR
 MAXIMUM TEMPERATURE (F)   62        82      1992
 MINIMUM TEMPERATURE (F)   30         8      1942


SUNRISE AND SUNSET
APRIL 28 2017.........SUNRISE   544 AM PDT   SUNSET   730 PM PDT
APRIL 29 2017.........SUNRISE   543 AM PDT   SUNSET   731 PM PDT


-  INDICATES NEGATIVE NUMBERS.
R  INDICATES RECORD WAS SET OR TIED.
MM INDICATES DATA IS MISSING.
T  INDICATES TRACE AMOUNT.




$$
