000
CDUS45 KLKN 270934
CLIELY


CLIMATE REPORT
NATIONAL WEATHER SERVICE ELKO NV
127 AM PST FRI FEB 27 2015


...................................

...THE ELY AIRPORT NV CLIMATE SUMMARY FOR FEBRUARY 26 2015...

CLIMATE NORMAL PERIOD 1981 TO 2010
CLIMATE RECORD PERIOD 1893 TO 2015


WEATHER ITEM   OBSERVED TIME   RECORD YEAR NORMAL DEPARTURE LAST
                VALUE   (LST)  VALUE       VALUE  FROM      YEAR
                                                  NORMAL
..................................................................
TEMPERATURE (F)
 YESTERDAY
  MAXIMUM         42   1217 PM  63    1988  45     -3       59
  MINIMUM         15   1159 PM -12    1962  19     -4       21
  AVERAGE         29                        32     -3       40

PRECIPITATION (IN)
  YESTERDAY        T             0.42 1983   0.03  -0.03     0.00
  MONTH TO DATE    T                         0.69  -0.69     0.35
  SINCE OCT 1      1.48                      3.68  -2.20     3.82
  SINCE JAN 1      0.31                      1.39  -1.08     1.14

SNOWFALL (IN)
  YESTERDAY        T             7.7  2011   0.3   -0.3      0.0
  MONTH TO DATE    T                         7.4   -7.4      0.8
  SINCE DEC 1      6.7                      24.9  -18.2     23.6
  SINCE JUL 1      7.4                      34.4  -27.0     36.5
  SNOW DEPTH       0

DEGREE DAYS
 HEATING
  YESTERDAY       36                        33      3       25
  MONTH TO DATE  680                       942   -262      840
  SINCE DEC 1   2727                      3403   -676     3196
  SINCE JUL 1   4174                      5271  -1097     4961

 COOLING
  YESTERDAY        0                         0      0        0
  MONTH TO DATE    0                         0      0        0
  SINCE DEC 1      0                         0      0        0
  SINCE JAN 1      0                         0      0        0
..................................................................


WIND (MPH)
  HIGHEST WIND SPEED    23   HIGHEST WIND DIRECTION    NW (320)
  HIGHEST GUST SPEED    27   HIGHEST GUST DIRECTION    NW (300)
  AVERAGE WIND SPEED    10.4



WEATHER CONDITIONS
 THE FOLLOWING WEATHER WAS RECORDED YESTERDAY.
  LIGHT SNOW


RELATIVE HUMIDITY (PERCENT)
 HIGHEST    71          1100 PM
 LOWEST     37           200 PM
 AVERAGE    54

..........................................................


THE ELY AIRPORT NV CLIMATE NORMALS FOR TODAY
                         NORMAL    RECORD    YEAR
 MAXIMUM TEMPERATURE (F)   46        63      1972
 MINIMUM TEMPERATURE (F)   19       -18      1962


SUNRISE AND SUNSET
FEBRUARY 27 2015......SUNRISE   615 AM PST   SUNSET   530 PM PST
FEBRUARY 28 2015......SUNRISE   614 AM PST   SUNSET   531 PM PST


-  INDICATES NEGATIVE NUMBERS.
R  INDICATES RECORD WAS SET OR TIED.
MM INDICATES DATA IS MISSING.
T  INDICATES TRACE AMOUNT.




$$
