131
CDUS45 KLKN 100927
CLIELY


CLIMATE REPORT
NATIONAL WEATHER SERVICE ELKO NV
127 AM PST WED FEB 10 2016


...................................

...THE ELY AIRPORT NV CLIMATE SUMMARY FOR FEBRUARY 9 2016...

CLIMATE NORMAL PERIOD 1981 TO 2010
CLIMATE RECORD PERIOD 1893 TO 2016


WEATHER ITEM   OBSERVED TIME   RECORD YEAR NORMAL DEPARTURE LAST
                VALUE   (LST)  VALUE       VALUE  FROM      YEAR
                                                  NORMAL
..................................................................
TEMPERATURE (F)
 YESTERDAY
  MAXIMUM         38    312 PM  63    1951  41     -3       58
  MINIMUM          4    716 AM -14    1901  14    -10       30
  AVERAGE         21                        28     -7       44

PRECIPITATION (IN)
  YESTERDAY        0.00          0.50 1893   0.03  -0.03     0.00
  MONTH TO DATE    0.05                      0.22  -0.17      T
  SINCE OCT 1      6.52                      3.21   3.31     1.48
  SINCE JAN 1      2.16                      0.92   1.24     0.31

SNOWFALL (IN)
  YESTERDAY        0.0           4.5  1893   0.3   -0.3      0.0
  MONTH TO DATE    0.3                       2.6   -2.3      0.0
  SINCE DEC 1     57.8                      20.1   37.7      6.7
  SINCE JUL 1     75.5                      29.6   45.9      7.4
  SNOW DEPTH      15

DEGREE DAYS
 HEATING
  YESTERDAY       44                        37      7       21
  MONTH TO DATE  462                       343    119      191
  SINCE DEC 1   3134                      2804    330     2238
  SINCE JUL 1   4763                      4672     91     3685

 COOLING
  YESTERDAY        0                         0      0        0
  MONTH TO DATE    0                         0      0        0
  SINCE DEC 1      0                         0      0        0
  SINCE JAN 1      0                         0      0        0
..................................................................


WIND (MPH)
  HIGHEST WIND SPEED    18   HIGHEST WIND DIRECTION     S (180)
  HIGHEST GUST SPEED    20   HIGHEST GUST DIRECTION     S (170)
  AVERAGE WIND SPEED    11.5



WEATHER CONDITIONS
 THE FOLLOWING WEATHER WAS RECORDED YESTERDAY.
  NO SIGNIFICANT WEATHER WAS OBSERVED.


RELATIVE HUMIDITY (PERCENT)
 HIGHEST    88           400 AM
 LOWEST     54           200 PM
 AVERAGE    71

..........................................................


THE ELY AIRPORT NV CLIMATE NORMALS FOR TODAY
                         NORMAL    RECORD    YEAR
 MAXIMUM TEMPERATURE (F)   41        65      1951
 MINIMUM TEMPERATURE (F)   14       -14      1955


SUNRISE AND SUNSET
FEBRUARY 10 2016......SUNRISE   638 AM PST   SUNSET   510 PM PST
FEBRUARY 11 2016......SUNRISE   636 AM PST   SUNSET   511 PM PST


-  INDICATES NEGATIVE NUMBERS.
R  INDICATES RECORD WAS SET OR TIED.
MM INDICATES DATA IS MISSING.
T  INDICATES TRACE AMOUNT.




$$
