000
CDUS45 KLKN 280929
CLIELY


CLIMATE REPORT
NATIONAL WEATHER SERVICE ELKO NV
227 AM PDT SAT MAR 28 2015


...................................

...THE ELY AIRPORT NV CLIMATE SUMMARY FOR MARCH 27 2015...

CLIMATE NORMAL PERIOD 1981 TO 2010
CLIMATE RECORD PERIOD 1893 TO 2015


WEATHER ITEM   OBSERVED TIME   RECORD YEAR NORMAL DEPARTURE LAST
                VALUE   (LST)  VALUE       VALUE  FROM      YEAR
                                                  NORMAL
..................................................................
TEMPERATURE (F)
 YESTERDAY
  MAXIMUM         74R   315 PM  70    1986  53     21       49
  MINIMUM         28    542 AM   8    1975  24      4       17
  AVERAGE         51                        38     13       33

PRECIPITATION (IN)
  YESTERDAY        0.00          1.02 1998   0.03  -0.03     0.04
  MONTH TO DATE    0.36                      0.81  -0.45     0.19
  SINCE OCT 1      2.05                      4.55  -2.50     4.60
  SINCE JAN 1      0.88                      2.26  -1.38     1.92

SNOWFALL (IN)
  YESTERDAY        0.0           5.0  1895   0.3   -0.3      0.7
  MONTH TO DATE    5.0                       7.3   -2.3      2.0
  SINCE MAR 1      5.0                       7.3   -2.3      2.0
  SINCE JUL 1     16.0                      42.2  -26.2     41.1
  SNOW DEPTH       0

DEGREE DAYS
 HEATING
  YESTERDAY       14                        27    -13       32
  MONTH TO DATE  640                       786   -146      726
  SINCE MAR 1    640                       786   -146      726
  SINCE JUL 1   4884                      6123  -1239     5745

 COOLING
  YESTERDAY        0                         0      0        0
  MONTH TO DATE    0                         0      0        0
  SINCE MAR 1      0                         0      0        0
  SINCE JAN 1      0                         0      0        0
..................................................................


WIND (MPH)
  HIGHEST WIND SPEED    17   HIGHEST WIND DIRECTION     W (270)
  HIGHEST GUST SPEED    26   HIGHEST GUST DIRECTION     S (160)
  AVERAGE WIND SPEED     9.1



WEATHER CONDITIONS
 THE FOLLOWING WEATHER WAS RECORDED YESTERDAY.
  NO SIGNIFICANT WEATHER WAS OBSERVED.


RELATIVE HUMIDITY (PERCENT)
 HIGHEST    69           500 AM
 LOWEST     13           200 PM
 AVERAGE    41

..........................................................


THE ELY AIRPORT NV CLIMATE NORMALS FOR TODAY
                         NORMAL    RECORD    YEAR
 MAXIMUM TEMPERATURE (F)   53        71      1986
 MINIMUM TEMPERATURE (F)   24         6      1975
                                             1972


SUNRISE AND SUNSET
MARCH 28 2015.........SUNRISE   630 AM PDT   SUNSET   659 PM PDT
MARCH 29 2015.........SUNRISE   629 AM PDT   SUNSET   700 PM PDT


-  INDICATES NEGATIVE NUMBERS.
R  INDICATES RECORD WAS SET OR TIED.
MM INDICATES DATA IS MISSING.
T  INDICATES TRACE AMOUNT.




$$
