000
CDUS45 KLKN 010927
CLIELY


CLIMATE REPORT
NATIONAL WEATHER SERVICE ELKO NV
226 AM PDT SAT AUG 1 2015


...................................

...THE ELY AIRPORT NV CLIMATE SUMMARY FOR JULY 31 2015...

CLIMATE NORMAL PERIOD 1981 TO 2010
CLIMATE RECORD PERIOD 1893 TO 2015


WEATHER ITEM   OBSERVED TIME   RECORD YEAR NORMAL DEPARTURE LAST
                VALUE   (LST)  VALUE       VALUE  FROM      YEAR
                                                  NORMAL
..................................................................
TEMPERATURE (F)
 YESTERDAY
  MAXIMUM         89    141 PM  97    2000  88      1       84
  MINIMUM         49    519 AM  35    1975  49      0       51
  AVERAGE         69                        69      0       68

PRECIPITATION (IN)
  YESTERDAY        0.00          0.63 2011   0.03  -0.03      T
  MONTH TO DATE    0.66                      0.64   0.02     0.43
  SINCE OCT 1      5.62                      8.03  -2.41     7.46
  SINCE JAN 1      4.45                      5.74  -1.29     4.78

SNOWFALL (IN)
  YESTERDAY        0.0           0.0  1893   0.0    0.0      0.0
  MONTH TO DATE    0.0                       0.0    0.0      0.0
  SINCE JUN 1      0.0                       0.1   -0.1       T
  SINCE JUL 1      0.0                       0.0    0.0      0.0
  SNOW DEPTH       0

DEGREE DAYS
 HEATING
  YESTERDAY        0                         0      0        0
  MONTH TO DATE   19                        20     -1        0
  SINCE JUN 1     74                       198   -124      140
  SINCE JUL 1     19                        23     -4        0

 COOLING
  YESTERDAY        4                         4      0        3
  MONTH TO DATE   79                       111    -32      206
  SINCE JUN 1    186                       134     52      225
  SINCE JAN 1    189                       135     54      227
..................................................................


WIND (MPH)
  HIGHEST WIND SPEED    29   HIGHEST WIND DIRECTION    SW (220)
  HIGHEST GUST SPEED    35   HIGHEST GUST DIRECTION    SW (230)
  AVERAGE WIND SPEED     6.5



WEATHER CONDITIONS
 THE FOLLOWING WEATHER WAS RECORDED YESTERDAY.
  NO SIGNIFICANT WEATHER WAS OBSERVED.


RELATIVE HUMIDITY (PERCENT)
 HIGHEST    32           300 AM
 LOWEST      8          1100 AM
 AVERAGE    20

..........................................................


THE ELY AIRPORT NV CLIMATE NORMALS FOR TODAY
                         NORMAL    RECORD    YEAR
 MAXIMUM TEMPERATURE (F)   88        95      2000
                                             1996
 MINIMUM TEMPERATURE (F)   49        38      1975


SUNRISE AND SUNSET
AUGUST  1 2015........SUNRISE   539 AM PDT   SUNSET   752 PM PDT
AUGUST  2 2015........SUNRISE   540 AM PDT   SUNSET   751 PM PDT


-  INDICATES NEGATIVE NUMBERS.
R  INDICATES RECORD WAS SET OR TIED.
MM INDICATES DATA IS MISSING.
T  INDICATES TRACE AMOUNT.




$$
