838
CDUS45 KLKN 220933
CLIELY


CLIMATE REPORT
NATIONAL WEATHER SERVICE ELKO NV
128 AM PST WED NOV 2  2017


...................................

...THE ELY AIRPORT NV CLIMATE SUMMARY FOR NOVEMBER 21 2017...

CLIMATE NORMAL PERIOD 1981 TO 2010
CLIMATE RECORD PERIOD 1893 TO 2017


WEATHER ITEM   OBSERVED TIME   RECORD YEAR NORMAL DEPARTURE LAST
                VALUE   (LST)  VALUE       VALUE  FROM      YEAR
                                                  NORMAL
..................................................................
TEMPERATURE (F)
 YESTERDAY
  MAXIMUM         62    314 PM  65    2002  46     16       43
  MINIMUM         33   1159 PM  -4    1941  17     16       29
  AVERAGE         48                        31     17       36

PRECIPITATION (IN)
  YESTERDAY        0.00          0.76 2013   0.02  -0.02     0.02
  MONTH TO DATE    0.08                      0.53  -0.45     0.21
  SINCE OCT 1      0.12                      1.53  -1.41     0.32
  SINCE JAN 1      9.22                      9.00   0.22    10.04

SNOWFALL (IN)
  YESTERDAY        0.0           9.9  2013   0.2   -0.2      0.0
  MONTH TO DATE    T                         4.1   -4.1      2.8
  SINCE SEP 1      5.0                       7.5   -2.5      2.8
  SINCE JUL 1      5.0                       7.5   -2.5      2.8
  SNOW DEPTH       0

DEGREE DAYS
 HEATING
  YESTERDAY       17                        34    -17       29
  MONTH TO DATE  527                       618    -91      482
  SINCE SEP 1   1444                      1482    -38     1193
  SINCE JUL 1   1450                      1546    -96     1230

 COOLING
  YESTERDAY        0                         0      0        0
  MONTH TO DATE    0                         0      0        0
  SINCE SEP 1     24                         6     18       12
  SINCE JAN 1    433                       218    215      267
..................................................................


WIND (MPH)
  HIGHEST WIND SPEED    14   HIGHEST WIND DIRECTION     S (180)
  HIGHEST GUST SPEED    17   HIGHEST GUST DIRECTION     S (180)
  AVERAGE WIND SPEED     6.8



WEATHER CONDITIONS
 THE FOLLOWING WEATHER WAS RECORDED YESTERDAY.
  NO SIGNIFICANT WEATHER WAS OBSERVED.


RELATIVE HUMIDITY (PERCENT)
 HIGHEST    82          1100 PM
 LOWEST     39           300 PM
 AVERAGE    61

..........................................................


THE ELY AIRPORT NV CLIMATE NORMALS FOR TODAY
                         NORMAL    RECORD    YEAR
 MAXIMUM TEMPERATURE (F)   45        64      2002
 MINIMUM TEMPERATURE (F)   16        -6      1983


SUNRISE AND SUNSET
NOVEMBER 22 2017......SUNRISE   631 AM PST   SUNSET   420 PM PST
NOVEMBER 23 2017......SUNRISE   632 AM PST   SUNSET   419 PM PST


-  INDICATES NEGATIVE NUMBERS.
R  INDICATES RECORD WAS SET OR TIED.
MM INDICATES DATA IS MISSING.
T  INDICATES TRACE AMOUNT.




$$
