000
CDUS45 KLKN 010929
CLIELY


CLIMATE REPORT
NATIONAL WEATHER SERVICE ELKO NV
228 AM PDT WED JUL 1 2015


...................................

...THE ELY AIRPORT NV CLIMATE SUMMARY FOR JUNE 30 2015...

CLIMATE NORMAL PERIOD 1981 TO 2010
CLIMATE RECORD PERIOD 1893 TO 2015


WEATHER ITEM   OBSERVED TIME   RECORD YEAR NORMAL DEPARTURE LAST
                VALUE   (LST)  VALUE       VALUE  FROM      YEAR
                                                  NORMAL
..................................................................
TEMPERATURE (F)
 YESTERDAY
  MAXIMUM         93   1155 AM  97    2013  85      8       90
  MINIMUM         60    512 AM  23    1968  45     15       45
  AVERAGE         77                        65     12       68

PRECIPITATION (IN)
  YESTERDAY        0.01          0.68 1940   0.01   0.00     0.00
  MONTH TO DATE    0.46                      0.67  -0.21     0.18
  SINCE OCT 1      4.96                      7.39  -2.43     7.03
  SINCE JAN 1      3.79                      5.10  -1.31     4.35

SNOWFALL (IN)
  YESTERDAY        0.0           0.0  1893   0.0    0.0      0.0
  MONTH TO DATE    0.0                       0.1   -0.1       T
  SINCE JUN 1      0.0                       0.1   -0.1       T
  SINCE JUL 1     19.7                      50.8  -31.1     51.8
  SNOW DEPTH       0

DEGREE DAYS
 HEATING
  YESTERDAY        0                         2     -2        0
  MONTH TO DATE   55                       175   -120      140
  SINCE JUN 1     55                       175   -120      140
  SINCE JUL 1   6093                      7522  -1429     7016

 COOLING
  YESTERDAY       12                         2     10        3
  MONTH TO DATE  107                        23     84       19
  SINCE JUN 1    107                        23     84       19
  SINCE JAN 1    110                        24     86       21
..................................................................


WIND (MPH)
  HIGHEST WIND SPEED    25   HIGHEST WIND DIRECTION     N (360)
  HIGHEST GUST SPEED    32   HIGHEST GUST DIRECTION     N (360)
  AVERAGE WIND SPEED     9.4



WEATHER CONDITIONS
 THE FOLLOWING WEATHER WAS RECORDED YESTERDAY.
  THUNDERSTORM
  LIGHT RAIN


RELATIVE HUMIDITY (PERCENT)
 HIGHEST    67          1100 PM
 LOWEST     14          1200 PM
 AVERAGE    41

..........................................................


THE ELY AIRPORT NV CLIMATE NORMALS FOR TODAY
                         NORMAL    RECORD    YEAR
 MAXIMUM TEMPERATURE (F)   85        98      2013
                                             2002
 MINIMUM TEMPERATURE (F)   46        28      1997


SUNRISE AND SUNSET
JULY  1 2015..........SUNRISE   516 AM PDT   SUNSET   810 PM PDT
JULY  2 2015..........SUNRISE   517 AM PDT   SUNSET   810 PM PDT


-  INDICATES NEGATIVE NUMBERS.
R  INDICATES RECORD WAS SET OR TIED.
MM INDICATES DATA IS MISSING.
T  INDICATES TRACE AMOUNT.




$$
