000
CDUS43 KTOP 060632
CLIEMP


CLIMATE REPORT
NATIONAL WEATHER SERVICE TOPEKA KS
131 AM CDT MON JUL 6 2015


...................................

...THE EMPORIA KS CLIMATE SUMMARY FOR JULY 5 2015...

CLIMATE NORMAL PERIOD 1981 TO 2010
CLIMATE RECORD PERIOD 9999 TO 9999


WEATHER ITEM   OBSERVED NORMAL DEPARTURE LAST
                VALUE   VALUE  FROM      YEAR
                               NORMAL
...............................................
TEMPERATURE (F)
 YESTERDAY
  MAXIMUM         92     89      3       89
  MINIMUM         68     67      1       69
  AVERAGE         80     78      2       79

PRECIPITATION (IN)
  YESTERDAY        0.19   0.16   0.03     0.00
  MONTH TO DATE    0.19   0.80  -0.61     0.23
  SINCE JUN 1      2.71   6.64  -3.93     7.12
  SINCE JAN 1     17.75  19.32  -1.57    12.73

DEGREE DAYS
 HEATING
  YESTERDAY        0      0      0        0
  MONTH TO DATE    0      0      0        1
  SINCE JUN 1      3      8     -5        5
  SINCE JUL 1      0      0      0        1

 COOLING
  YESTERDAY       15     13      2       14
  MONTH TO DATE   59     63     -4       27
  SINCE JUN 1    415    326     89      299
  SINCE JAN 1    483    445     38      475
...............................................


WIND (MPH)
  HIGHEST WIND SPEED    31   HIGHEST WIND DIRECTION    SE (130)
  HIGHEST GUST SPEED    41   HIGHEST GUST DIRECTION    SE (120)
  AVERAGE WIND SPEED    13.8


SKY COVER
  AVERAGE SKY COVER 0.0


WEATHER CONDITIONS
 THE FOLLOWING WEATHER WAS RECORDED YESTERDAY.
  THUNDERSTORM
  HEAVY RAIN
  LIGHT RAIN


RELATIVE HUMIDITY (PERCENT)
 HIGHEST    90
 LOWEST     49
 AVERAGE    70

..........................................................


THE EMPORIA KS CLIMATE NORMALS FOR TODAY
                         NORMAL
 MAXIMUM TEMPERATURE (F)   89
 MINIMUM TEMPERATURE (F)   68


SUNRISE AND SUNSET
JULY  6 2015..........SUNRISE   607 AM CDT   SUNSET   851 PM CDT
JULY  7 2015..........SUNRISE   608 AM CDT   SUNSET   851 PM CDT


-  INDICATES NEGATIVE NUMBERS.
R  INDICATES RECORD WAS SET OR TIED.
MM INDICATES DATA IS MISSING.
T  INDICATES TRACE AMOUNT.




$$
