000
CDUS43 KTOP 162131
CLIEMP


CLIMATE REPORT
NATIONAL WEATHER SERVICE TOPEKA KS
431 PM CDT MON OCT 16 2017


...................................

...THE EMPORIA KS CLIMATE SUMMARY FOR OCTOBER 16 2017...
VALID TODAY AS OF 0400 PM LOCAL TIME.

CLIMATE NORMAL PERIOD 1981 TO 2010
CLIMATE RECORD PERIOD 9999 TO 9999


WEATHER ITEM   OBSERVED NORMAL DEPARTURE LAST
                VALUE   VALUE  FROM      YEAR
                               NORMAL
...............................................
TEMPERATURE (F)
 TODAY
  MAXIMUM         70     69      1       86
  MINIMUM         37     45     -8       65
  AVERAGE         54     57     -3       76

PRECIPITATION (IN)
  TODAY            0.00   0.11  -0.11     0.00
  MONTH TO DATE    2.52   1.53   0.99     1.20
  SINCE SEP 1      5.19   4.92   0.27     8.87
  SINCE JAN 1     31.64  31.53   0.11    37.46

DEGREE DAYS
 HEATING
  TODAY           11      9      2        0
  MONTH TO DATE   60    108    -48       69
  SINCE SEP 1     74    157    -83       91
  SINCE JUL 1     74    158    -84       91

 COOLING
  TODAY            0      1     -1       11
  MONTH TO DATE   60     24     36       26
  SINCE SEP 1    264    189     75      248
  SINCE JAN 1   1354   1397    -43     1584
...............................................


WIND (MPH)
  HIGHEST WIND SPEED    17   HIGHEST WIND DIRECTION     S (200)
  HIGHEST GUST SPEED    23   HIGHEST GUST DIRECTION     S (200)
  AVERAGE WIND SPEED     5.8



WEATHER CONDITIONS
 THE FOLLOWING WEATHER WAS RECORDED TODAY.
  FOG
  HAZE


RELATIVE HUMIDITY (PERCENT)
 HIGHEST    92
 LOWEST     31
 AVERAGE    62

..........................................................


THE EMPORIA KS CLIMATE NORMALS FOR TOMORROW
                         NORMAL
 MAXIMUM TEMPERATURE (F)   68
 MINIMUM TEMPERATURE (F)   45


SUNRISE AND SUNSET
OCTOBER 16 2017.......SUNRISE   735 AM CDT   SUNSET   645 PM CDT
OCTOBER 17 2017.......SUNRISE   736 AM CDT   SUNSET   644 PM CDT


-  INDICATES NEGATIVE NUMBERS.
R  INDICATES RECORD WAS SET OR TIED.
MM INDICATES DATA IS MISSING.
T  INDICATES TRACE AMOUNT.




$$
