000
CDUS43 KTOP 292139
CLIEMP


CLIMATE REPORT
NATIONAL WEATHER SERVICE TOPEKA KS
438 PM CDT THU SEP 29 2016


...................................

...THE EMPORIA KS CLIMATE SUMMARY FOR SEPTEMBER 29 2016...
VALID TODAY AS OF 0400 PM LOCAL TIME.

CLIMATE NORMAL PERIOD 1981 TO 2010
CLIMATE RECORD PERIOD 9999 TO 9999


WEATHER ITEM   OBSERVED NORMAL DEPARTURE LAST
                VALUE   VALUE  FROM      YEAR
                               NORMAL
...............................................
TEMPERATURE (F)
 TODAY
  MAXIMUM         71     75     -4       81
  MINIMUM         46     51     -5       56
  AVERAGE         59     63     -4       69

PRECIPITATION (IN)
  TODAY            0.00   0.10  -0.10     0.00
  MONTH TO DATE    7.67   3.29   4.38     1.19
  SINCE SEP 1      7.67   3.29   4.38     1.19
  SINCE JAN 1     36.26  29.90   6.36    26.81

DEGREE DAYS
 HEATING
  TODAY            6      4      2        0
  MONTH TO DATE   18     42    -24       13
  SINCE SEP 1     18     42    -24       13
  SINCE JUL 1     18     43    -25       13

 COOLING
  TODAY            0      3     -3        4
  MONTH TO DATE  222    162     60      275
  SINCE SEP 1    222    162     60      275
  SINCE JAN 1   1558   1370    188     1454
...............................................


WIND (MPH)
  HIGHEST WIND SPEED    15   HIGHEST WIND DIRECTION    NE (30)
  HIGHEST GUST SPEED    19   HIGHEST GUST DIRECTION     N (340)
  AVERAGE WIND SPEED     6.6



WEATHER CONDITIONS
 THE FOLLOWING WEATHER WAS RECORDED TODAY.
  NO SIGNIFICANT WEATHER WAS OBSERVED.


RELATIVE HUMIDITY (PERCENT)
 HIGHEST   100
 LOWEST     47
 AVERAGE    74

..........................................................


THE EMPORIA KS CLIMATE NORMALS FOR TOMORROW
                         NORMAL
 MAXIMUM TEMPERATURE (F)   75
 MINIMUM TEMPERATURE (F)   51


SUNRISE AND SUNSET
SEPTEMBER 29 2016.....SUNRISE   719 AM CDT   SUNSET   710 PM CDT
SEPTEMBER 30 2016.....SUNRISE   720 AM CDT   SUNSET   708 PM CDT


-  INDICATES NEGATIVE NUMBERS.
R  INDICATES RECORD WAS SET OR TIED.
MM INDICATES DATA IS MISSING.
T  INDICATES TRACE AMOUNT.




$$
