000
CDUS43 KTOP 310634
CLIEMP


CLIMATE REPORT
NATIONAL WEATHER SERVICE TOPEKA KS
133 AM CDT TUE MAY 31 2016


...................................

...THE EMPORIA KS CLIMATE SUMMARY FOR MAY 30 2016...

CLIMATE NORMAL PERIOD 1981 TO 2010
CLIMATE RECORD PERIOD 9999 TO 9999


WEATHER ITEM   OBSERVED NORMAL DEPARTURE LAST
                VALUE   VALUE  FROM      YEAR
                               NORMAL
...............................................
TEMPERATURE (F)
 YESTERDAY
  MAXIMUM         83     80      3       62
  MINIMUM         60     59      1       53
  AVERAGE         72     69      3       58

PRECIPITATION (IN)
  YESTERDAY        0.00   0.20  -0.20     0.00
  MONTH TO DATE    6.40   4.72   1.68     8.75
  SINCE MAR 1     14.55  10.63   3.92    13.64
  SINCE JAN 1     15.72  12.49   3.23    15.04

DEGREE DAYS
 HEATING
  YESTERDAY        0      1     -1        7
  MONTH TO DATE  124     81     43      108
  SINCE MAR 1    789    988   -199      868
  SINCE JUL 1   3902   4810   -908     4869

 COOLING
  YESTERDAY        7      5      2        0
  MONTH TO DATE   52     90    -38       62
  SINCE MAR 1     72    113    -41       68
  SINCE JAN 1     72    113    -41       68
...............................................


WIND (MPH)
  HIGHEST WIND SPEED    20   HIGHEST WIND DIRECTION     S (160)
  HIGHEST GUST SPEED    27   HIGHEST GUST DIRECTION     S (170)
  AVERAGE WIND SPEED     8.5


SKY COVER
  AVERAGE SKY COVER 0.1


WEATHER CONDITIONS
 THE FOLLOWING WEATHER WAS RECORDED YESTERDAY.
  FOG


RELATIVE HUMIDITY (PERCENT)
 HIGHEST   100
 LOWEST     47
 AVERAGE    74

..........................................................


THE EMPORIA KS CLIMATE NORMALS FOR TODAY
                         NORMAL
 MAXIMUM TEMPERATURE (F)   80
 MINIMUM TEMPERATURE (F)   59


SUNRISE AND SUNSET
MAY 31 2016...........SUNRISE   603 AM CDT   SUNSET   842 PM CDT
JUNE  1 2016..........SUNRISE   603 AM CDT   SUNSET   843 PM CDT


-  INDICATES NEGATIVE NUMBERS.
R  INDICATES RECORD WAS SET OR TIED.
MM INDICATES DATA IS MISSING.
T  INDICATES TRACE AMOUNT.




$$
