000
CDUS43 KTOP 242232
CLIEMP


CLIMATE REPORT
NATIONAL WEATHER SERVICE TOPEKA KS
431 PM CST SAT FEB 24 2018


...................................

...THE EMPORIA KS CLIMATE SUMMARY FOR FEBRUARY 24 2018...
VALID TODAY AS OF 0400 PM LOCAL TIME.

CLIMATE NORMAL PERIOD 1981 TO 2010
CLIMATE RECORD PERIOD 9999 TO 9999


WEATHER ITEM   OBSERVED NORMAL DEPARTURE LAST
                VALUE   VALUE  FROM      YEAR
                               NORMAL
...............................................
TEMPERATURE (F)
 TODAY
  MAXIMUM         36     49    -13       43
  MINIMUM         31     27      4       24
  AVERAGE         34     38     -4       34

PRECIPITATION (IN)
  TODAY            0.02   0.04  -0.02      T
  MONTH TO DATE    0.66   1.06  -0.40     0.68
  SINCE DEC 1      1.57   3.04  -1.47     2.50
  SINCE JAN 1      1.33   1.69  -0.36     1.73

DEGREE DAYS
 HEATING
  TODAY           31     27      4       31
  MONTH TO DATE  813    729     84      484
  SINCE DEC 1   2832   2777     55     2456
  SINCE JUL 1   3651   3717    -66     3006

 COOLING
  TODAY            0      0      0        0
  MONTH TO DATE    0      0      0        0
  SINCE DEC 1      0      0      0        0
  SINCE JAN 1      0      0      0        0
...............................................


WIND (MPH)
  HIGHEST WIND SPEED    18   HIGHEST WIND DIRECTION     W (290)
  HIGHEST GUST SPEED    25   HIGHEST GUST DIRECTION     W (270)
  AVERAGE WIND SPEED     9.0



WEATHER CONDITIONS
 THE FOLLOWING WEATHER WAS RECORDED TODAY.
  FOG
  FOG W/VISIBILITY <= 1/4 MILE


RELATIVE HUMIDITY (PERCENT)
 HIGHEST   100
 LOWEST     89
 AVERAGE    95

..........................................................


THE EMPORIA KS CLIMATE NORMALS FOR TOMORROW
                         NORMAL
 MAXIMUM TEMPERATURE (F)   50
 MINIMUM TEMPERATURE (F)   27


SUNRISE AND SUNSET
FEBRUARY 24 2018......SUNRISE   704 AM CST   SUNSET   613 PM CST
FEBRUARY 25 2018......SUNRISE   702 AM CST   SUNSET   614 PM CST


-  INDICATES NEGATIVE NUMBERS.
R  INDICATES RECORD WAS SET OR TIED.
MM INDICATES DATA IS MISSING.
T  INDICATES TRACE AMOUNT.




$$
