000
CDUS43 KTOP 270633
CLIEMP


CLIMATE REPORT
NATIONAL WEATHER SERVICE TOPEKA KS
132 AM CDT MON MAR 27 2017


...................................

...THE EMPORIA KS CLIMATE SUMMARY FOR MARCH 26 2017...

CLIMATE NORMAL PERIOD 1981 TO 2010
CLIMATE RECORD PERIOD 9999 TO 9999


WEATHER ITEM   OBSERVED NORMAL DEPARTURE LAST
                VALUE   VALUE  FROM      YEAR
                               NORMAL
...............................................
TEMPERATURE (F)
 YESTERDAY
  MAXIMUM         56     61     -5       59
  MINIMUM         43     37      6       36
  AVERAGE         50     49      1       48

PRECIPITATION (IN)
  YESTERDAY        0.67   0.07   0.60     0.18
  MONTH TO DATE    1.69   2.14  -0.45     0.81
  SINCE MAR 1      1.69   2.14  -0.45     0.81
  SINCE JAN 1      3.43   4.00  -0.57     1.98

DEGREE DAYS
 HEATING
  YESTERDAY       15     16     -1       17
  MONTH TO DATE  406    533   -127      379
  SINCE MAR 1    406    533   -127      379
  SINCE JUL 1   3497   4355   -858     3492

 COOLING
  YESTERDAY        0      0      0        0
  MONTH TO DATE   12      0     12        1
  SINCE MAR 1     12      0     12        1
  SINCE JAN 1     12      0     12        1
...............................................


WIND (MPH)
  HIGHEST WIND SPEED    18   HIGHEST WIND DIRECTION     E (70)
  HIGHEST GUST SPEED    28   HIGHEST GUST DIRECTION    SW (210)
  AVERAGE WIND SPEED     7.1


SKY COVER
  AVERAGE SKY COVER 0.7


WEATHER CONDITIONS
 THE FOLLOWING WEATHER WAS RECORDED YESTERDAY.
  THUNDERSTORM
  HEAVY RAIN
  RAIN
  LIGHT RAIN
  FOG


RELATIVE HUMIDITY (PERCENT)
 HIGHEST   100
 LOWEST     83
 AVERAGE    92

..........................................................


THE EMPORIA KS CLIMATE NORMALS FOR TODAY
                         NORMAL
 MAXIMUM TEMPERATURE (F)   62
 MINIMUM TEMPERATURE (F)   37


SUNRISE AND SUNSET
MARCH 27 2017.........SUNRISE   717 AM CDT   SUNSET   744 PM CDT
MARCH 28 2017.........SUNRISE   715 AM CDT   SUNSET   745 PM CDT


-  INDICATES NEGATIVE NUMBERS.
R  INDICATES RECORD WAS SET OR TIED.
MM INDICATES DATA IS MISSING.
T  INDICATES TRACE AMOUNT.




$$
