000
CDUS46 KOTX 260826
CLIEPH


CLIMATE REPORT
NATIONAL WEATHER SERVICE SPOKANE, WA
126 AM PDT FRI MAY 26 2017


...................................

...THE EPHRATA WA AIRPORT CLIMATE SUMMARY FOR MAY 25 2017...

CLIMATE NORMAL PERIOD 1981 TO 2010
CLIMATE RECORD PERIOD 9999 TO 9999


WEATHER ITEM   OBSERVED TIME   RECORD YEAR NORMAL DEPARTURE LAST
                VALUE   (LST)  VALUE       VALUE  FROM      YEAR
                                                  NORMAL
..................................................................
TEMPERATURE (F)
 YESTERDAY
  MAXIMUM         70    451 PM  96    1958  75     -5       80
  MINIMUM         50   1012 PM  35    1984  49      1       51
  AVERAGE         60                        62     -2       66

PRECIPITATION (IN)
  YESTERDAY        0.00          0.44 1981   0.03  -0.03     0.00
  MONTH TO DATE    0.74                      0.49   0.25     0.53
  SINCE OCT 1      9.09                      6.13   2.96     7.42
  SINCE JAN 1      5.49                      3.30   2.19     4.70

SNOWFALL (IN)
  YESTERDAY       MM

DEGREE DAYS
 HEATING
  YESTERDAY        5                         5      0        0
  MONTH TO DATE  178                       188    -10       66
  SINCE MAR 1   1319                      1312      7      887
  SINCE JUL 1   6097                      5885    212     4840

 COOLING
  YESTERDAY        0                         2     -2        1
  MONTH TO DATE   23                        24     -1       27
  SINCE MAR 1     23                        26     -3       32
  SINCE JAN 1     23                        26     -3       32
..................................................................


WIND (MPH)
  HIGHEST WIND SPEED    16   HIGHEST WIND DIRECTION    NW (300)
  HIGHEST GUST SPEED    19   HIGHEST GUST DIRECTION     W (290)
  AVERAGE WIND SPEED     6.4


SKY COVER
  POSSIBLE SUNSHINE  MM
  AVERAGE SKY COVER 0.2


WEATHER CONDITIONS
 THE FOLLOWING WEATHER WAS RECORDED YESTERDAY.
  NO SIGNIFICANT WEATHER WAS OBSERVED.


RELATIVE HUMIDITY (PERCENT)
 HIGHEST    59          1100 PM
 LOWEST     28           500 PM
 AVERAGE    44

..........................................................


THE EPHRATA WA AIRPORT CLIMATE NORMALS FOR TODAY
                         NORMAL    RECORD    YEAR
 MAXIMUM TEMPERATURE (F)   75        98      1958
 MINIMUM TEMPERATURE (F)   49        38      1978


SUNRISE AND SUNSET
MAY 26 2017...........SUNRISE   510 AM PDT   SUNSET   841 PM PDT
MAY 27 2017...........SUNRISE   509 AM PDT   SUNSET   842 PM PDT


-  INDICATES NEGATIVE NUMBERS.
R  INDICATES RECORD WAS SET OR TIED.
MM INDICATES DATA IS MISSING.
T  INDICATES TRACE AMOUNT.




$$
