000
CDUS46 KOTX 160830
CLIEPH


CLIMATE REPORT
NATIONAL WEATHER SERVICE SPOKANE, WA
126 AM PDT WED APR 16 2014


...................................

...THE EPHRATA WA AIRPORT CLIMATE SUMMARY FOR APRIL 15 2014...

CLIMATE NORMAL PERIOD 1981 TO 2010
CLIMATE RECORD PERIOD 9999 TO 9999


WEATHER ITEM   OBSERVED TIME   RECORD YEAR NORMAL DEPARTURE LAST
                VALUE   (LST)  VALUE       VALUE  FROM      YEAR
                                                  NORMAL
..................................................................
TEMPERATURE (F)
 YESTERDAY
  MAXIMUM         66    206 PM  81    1988  63      3       52
  MINIMUM         50    631 AM  27    2005  38     12       35
                                      1995
  AVERAGE         58                        50      8       44

PRECIPITATION (IN)
  YESTERDAY        0.00        0.13   2013  0.01  -0.01     0.13
  MONTH TO DATE    T                        0.26  -0.26     0.56
  SINCE OCT 1      2.51                     5.42  -2.91     5.25
  SINCE JAN 1      1.76                     2.59  -0.83     1.45

SNOWFALL (IN)
  YESTERDAY       MM            MM     MM   0.0     MM       MM
  MONTH TO DATE   MM                        0.0     MM       MM
  SINCE MAR 1     MM                        0.8     MM       MM
  SINCE JUL 1     MM                       18.9     MM       MM
  SNOW DEPTH      MM

DEGREE DAYS
 HEATING
  YESTERDAY        7                        15     -8       21
  MONTH TO DATE  185                       245    -60      234
  SINCE MAR 1    847                       929    -82      895
  SINCE JUL 1   5429                      5502    -73     5128

 COOLING
  YESTERDAY        0                         0      0        0
  MONTH TO DATE    0                         0      0        0
  SINCE MAR 1      0                         0      0        0
  SINCE JAN 1      0                         0      0        0
..................................................................


WIND (MPH)
  HIGHEST WIND SPEED    31   HIGHEST WIND DIRECTION    NW (300)
  HIGHEST GUST SPEED    39   HIGHEST GUST DIRECTION    NW (300)
  AVERAGE WIND SPEED    18.5


SKY COVER
  POSSIBLE SUNSHINE  MM
  AVERAGE SKY COVER 0.3


WEATHER CONDITIONS
 THE FOLLOWING WEATHER WAS RECORDED YESTERDAY.
  NO SIGNIFICANT WEATHER WAS OBSERVED.


RELATIVE HUMIDITY (PERCENT)
 HIGHEST    32           100 AM
 LOWEST     13           200 PM
 AVERAGE    23

..........................................................


THE EPHRATA WA AIRPORT CLIMATE NORMALS FOR TODAY
                         NORMAL    RECORD    YEAR
 MAXIMUM TEMPERATURE (F)   63        78      1988
 MINIMUM TEMPERATURE (F)   38        23      1982


SUNRISE AND SUNSET
APRIL 16 2014.........SUNRISE   608 AM PDT   SUNSET   749 PM PDT
APRIL 17 2014.........SUNRISE   606 AM PDT   SUNSET   750 PM PDT


-  INDICATES NEGATIVE NUMBERS.
R  INDICATES RECORD WAS SET OR TIED.
MM INDICATES DATA IS MISSING.
T  INDICATES TRACE AMOUNT.

$$
