000
CDUS46 KOTX 220822
CLIEPH


CLIMATE REPORT
NATIONAL WEATHER SERVICE SPOKANE, WA
1222 AM PST WED NOV 22 2017


...................................

...THE EPHRATA WA AIRPORT CLIMATE SUMMARY FOR NOVEMBER 21 2017...

CLIMATE NORMAL PERIOD 1981 TO 2010
CLIMATE RECORD PERIOD 9999 TO 9999


WEATHER ITEM   OBSERVED TIME   RECORD YEAR NORMAL DEPARTURE LAST
                VALUE   (LST)  VALUE       VALUE  FROM      YEAR
                                                  NORMAL
..................................................................
TEMPERATURE (F)
 YESTERDAY
  MAXIMUM         41    718 PM  57    1980  42     -1       43
  MINIMUM         30    303 AM   8    1977  27      3       35
  AVERAGE         36                        35      1       39

PRECIPITATION (IN)
  YESTERDAY        0.26          0.56 1992   0.04   0.22     0.00
  MONTH TO DATE    1.19                      0.71   0.48     0.57
  SINCE OCT 1      1.94                      1.24   0.70     3.09
  SINCE JAN 1      7.84                      6.26   1.58     9.45

SNOWFALL (IN)
  YESTERDAY       MM

DEGREE DAYS
 HEATING
  YESTERDAY       29                        30     -1       26
  MONTH TO DATE  551                       548      3      377
  SINCE SEP 1   1152                      1112     40      909
  SINCE JUL 1   1152                      1129     23      911

 COOLING
  YESTERDAY        0                         0      0        0
  MONTH TO DATE    0                         0      0        0
  SINCE SEP 1    101                        78     23       19
  SINCE JAN 1   1072                       772    300      751
..................................................................


WIND (MPH)
  HIGHEST WIND SPEED    13   HIGHEST WIND DIRECTION     N (360)
  HIGHEST GUST SPEED    14   HIGHEST GUST DIRECTION     N (360)
  AVERAGE WIND SPEED     5.3


SKY COVER
  POSSIBLE SUNSHINE  MM
  AVERAGE SKY COVER 0.7


WEATHER CONDITIONS
 THE FOLLOWING WEATHER WAS RECORDED YESTERDAY.
  LIGHT RAIN
  FOG
  HAZE


RELATIVE HUMIDITY (PERCENT)
 HIGHEST    85           200 AM
 LOWEST     75           600 AM
 AVERAGE    80

..........................................................


THE EPHRATA WA AIRPORT CLIMATE NORMALS FOR TODAY
                         NORMAL    RECORD    YEAR
 MAXIMUM TEMPERATURE (F)   42        62      1990
 MINIMUM TEMPERATURE (F)   27         6      1985


SUNRISE AND SUNSET
NOVEMBER 22 2017......SUNRISE   713 AM PST   SUNSET   415 PM PST
NOVEMBER 23 2017......SUNRISE   714 AM PST   SUNSET   415 PM PST


-  INDICATES NEGATIVE NUMBERS.
R  INDICATES RECORD WAS SET OR TIED.
MM INDICATES DATA IS MISSING.
T  INDICATES TRACE AMOUNT.




$$
