000
CDUS46 KOTX 060840
CLIEPH


CLIMATE REPORT
NATIONAL WEATHER SERVICE SPOKANE, WA
137 AM PDT MON JUL 6 2015


...................................

...THE EPHRATA WA AIRPORT CLIMATE SUMMARY FOR JULY 5 2015...

CLIMATE NORMAL PERIOD 1981 TO 2010
CLIMATE RECORD PERIOD 9999 TO 9999


WEATHER ITEM   OBSERVED TIME   RECORD YEAR NORMAL DEPARTURE LAST
                VALUE   (LST)  VALUE       VALUE  FROM      YEAR
                                                  NORMAL
..................................................................
TEMPERATURE (F)
 YESTERDAY
  MAXIMUM        103    456 PM 108    1975  86     17       92
  MINIMUM         75   1156 PM  45    1980  58     17       61
  AVERAGE         89                        72     17       77

PRECIPITATION (IN)
  YESTERDAY        0.00          0.68 1951   0.01  -0.01     0.00
  MONTH TO DATE    0.00                      0.07  -0.07      T
  SINCE OCT 1      6.85                      6.97  -0.12     3.81
  SINCE JAN 1      4.06                      4.14  -0.08     3.06

SNOWFALL (IN)
  YESTERDAY       MM

DEGREE DAYS
 HEATING
  YESTERDAY        0                         0      0        0
  MONTH TO DATE    0                         4     -4        0
  SINCE JUN 1      4                        64    -60       23
  SINCE JUL 1      0                         4     -4        0

 COOLING
  YESTERDAY       24                         7     17       12
  MONTH TO DATE  124                        34     90       63
  SINCE JUN 1    497                       144    353      209
  SINCE JAN 1    582                       181    401      253
..................................................................


WIND (MPH)
  HIGHEST WIND SPEED    28   HIGHEST WIND DIRECTION     N (350)
  HIGHEST GUST SPEED    32   HIGHEST GUST DIRECTION     N (350)
  AVERAGE WIND SPEED    13.0


SKY COVER
  POSSIBLE SUNSHINE  MM
  AVERAGE SKY COVER 0.0


WEATHER CONDITIONS
 THE FOLLOWING WEATHER WAS RECORDED YESTERDAY.
  NO SIGNIFICANT WEATHER WAS OBSERVED.


RELATIVE HUMIDITY (PERCENT)
 HIGHEST    30          1100 PM
 LOWEST      8           600 PM
 AVERAGE    19

..........................................................


THE EPHRATA WA AIRPORT CLIMATE NORMALS FOR TODAY
                         NORMAL    RECORD    YEAR
 MAXIMUM TEMPERATURE (F)   86       107      1975
 MINIMUM TEMPERATURE (F)   58        46      1971


SUNRISE AND SUNSET
JULY  6 2015..........SUNRISE   509 AM PDT   SUNSET   856 PM PDT
JULY  7 2015..........SUNRISE   510 AM PDT   SUNSET   856 PM PDT


-  INDICATES NEGATIVE NUMBERS.
R  INDICATES RECORD WAS SET OR TIED.
MM INDICATES DATA IS MISSING.
T  INDICATES TRACE AMOUNT.




$$
