000
CDUS46 KOTX 231729 CCA
CLIEPH

CLIMATE REPORT
NATIONAL WEATHER SERVICE SPOKANE, WA
1226 AM PST THU FEB 23 2017


...................................

...THE EPHRATA WA AIRPORT CLIMATE SUMMARY FOR FEBRUARY 22 2017...

CLIMATE NORMAL PERIOD 1981 TO 2010
CLIMATE RECORD PERIOD 9999 TO 9999


WEATHER ITEM   OBSERVED TIME   RECORD YEAR NORMAL DEPARTURE LAST
                VALUE   (LST)  VALUE       VALUE  FROM      YEAR
                                                  NORMAL
..................................................................
TEMPERATURE (F)
 YESTERDAY
  MAXIMUM         41    251 PM  62    1988  45     -4       51
  MINIMUM         28    745 AM  13    1985  27      1       24
  AVERAGE         35                        36     -1       38

PRECIPITATION (IN)
  YESTERDAY        0.00          0.26 1989   0.02  -0.02     0.00
  MONTH TO DATE    1.25                      0.57   0.68     0.38
  SINCE OCT 1      5.81                      4.31   1.50     4.74
  SINCE JAN 1      2.21                      1.48   0.73     2.02

SNOWFALL (IN)
  YESTERDAY       MM

DEGREE DAYS
 HEATING
  YESTERDAY       30                        29      1       27
  MONTH TO DATE  816                       695    121      578
  SINCE DEC 1   3447                      2984    463     2648
  SINCE JUL 1   4570                      4403    167     3804

 COOLING
  YESTERDAY        0                         0      0        0
  MONTH TO DATE    0                         0      0        0
  SINCE DEC 1      0                         0      0        0
  SINCE JAN 1      0                         0      0        0
..................................................................


WIND (MPH)
  HIGHEST WIND SPEED    16   HIGHEST WIND DIRECTION    NW (310)
  HIGHEST GUST SPEED    19   HIGHEST GUST DIRECTION    NW (310)
  AVERAGE WIND SPEED     4.2


SKY COVER
  POSSIBLE SUNSHINE  MM
  AVERAGE SKY COVER 0.5


WEATHER CONDITIONS
 THE FOLLOWING WEATHER WAS RECORDED YESTERDAY.
  FOG
  FOG W/VISIBILITY <= 1/4 MILE
  HAZE


RELATIVE HUMIDITY (PERCENT)
 HIGHEST    92           100 AM
 LOWEST     53          1100 PM
 AVERAGE    73

..........................................................


THE EPHRATA WA AIRPORT CLIMATE NORMALS FOR TODAY
                         NORMAL    RECORD    YEAR
 MAXIMUM TEMPERATURE (F)   45        62      1968
 MINIMUM TEMPERATURE (F)   27        16      1985


SUNRISE AND SUNSET
FEBRUARY 23 2017......SUNRISE   649 AM PST   SUNSET   535 PM PST
FEBRUARY 24 2017......SUNRISE   647 AM PST   SUNSET   536 PM PST


-  INDICATES NEGATIVE NUMBERS.
R  INDICATES RECORD WAS SET OR TIED.
MM INDICATES DATA IS MISSING.
T  INDICATES TRACE AMOUNT.




$$
