659
CDUS46 KOTX 240830
CLIEPH


CLIMATE REPORT
NATIONAL WEATHER SERVICE SPOKANE, WA
129 AM PDT MON JUL 24 2017


...................................

...THE EPHRATA WA AIRPORT CLIMATE SUMMARY FOR JULY 23 2017...

CLIMATE NORMAL PERIOD 1981 TO 2010
CLIMATE RECORD PERIOD 9999 TO 9999


WEATHER ITEM   OBSERVED TIME   RECORD YEAR NORMAL DEPARTURE LAST
                VALUE   (LST)  VALUE       VALUE  FROM      YEAR
                                                  NORMAL
..................................................................
TEMPERATURE (F)
 YESTERDAY
  MAXIMUM         97    421 PM 107    2006  90      7       82
  MINIMUM         73    502 AM  51    1963  62     11       61
  AVERAGE         85                        76      9       72

PRECIPITATION (IN)
  YESTERDAY        0.00          1.56 1992   0.01  -0.01     0.00
  MONTH TO DATE    0.00                      0.30  -0.30     0.28
  SINCE OCT 1      9.35                      7.20   2.15     8.97
  SINCE JAN 1      5.75                      4.37   1.38     6.25

SNOWFALL (IN)
  YESTERDAY       MM

DEGREE DAYS
 HEATING
  YESTERDAY        0                         0      0        0
  MONTH TO DATE    0                         4     -4        0
  SINCE JUN 1     43                        64    -21       70
  SINCE JUL 1      0                         4     -4        0

 COOLING
  YESTERDAY       20                        11      9        7
  MONTH TO DATE  269                       206     63      128
  SINCE JUN 1    424                       316    108      303
  SINCE JAN 1    482                       353    129      335
..................................................................


WIND (MPH)
  HIGHEST WIND SPEED    24   HIGHEST WIND DIRECTION     W (290)
  HIGHEST GUST SPEED    30   HIGHEST GUST DIRECTION    NW (300)
  AVERAGE WIND SPEED    12.7


SKY COVER
  POSSIBLE SUNSHINE  MM
  AVERAGE SKY COVER 0.0


WEATHER CONDITIONS
 THE FOLLOWING WEATHER WAS RECORDED YESTERDAY.
  NO SIGNIFICANT WEATHER WAS OBSERVED.


RELATIVE HUMIDITY (PERCENT)
 HIGHEST    41           400 AM
 LOWEST     11           700 PM
 AVERAGE    26

..........................................................


THE EPHRATA WA AIRPORT CLIMATE NORMALS FOR TODAY
                         NORMAL    RECORD    YEAR
 MAXIMUM TEMPERATURE (F)   90       105      1994
 MINIMUM TEMPERATURE (F)   62        48      2014


SUNRISE AND SUNSET
JULY 24 2017..........SUNRISE   527 AM PDT   SUNSET   841 PM PDT
JULY 25 2017..........SUNRISE   528 AM PDT   SUNSET   840 PM PDT


-  INDICATES NEGATIVE NUMBERS.
R  INDICATES RECORD WAS SET OR TIED.
MM INDICATES DATA IS MISSING.
T  INDICATES TRACE AMOUNT.




$$
