000
CDUS46 KOTX 050823
CLIEPH


CLIMATE REPORT
NATIONAL WEATHER SERVICE SPOKANE, WA
123 AM PDT WED AUG 5 2015


...................................

...THE EPHRATA WA AIRPORT CLIMATE SUMMARY FOR AUGUST 4 2015...

CLIMATE NORMAL PERIOD 1981 TO 2010
CLIMATE RECORD PERIOD 9999 TO 9999


WEATHER ITEM   OBSERVED TIME   RECORD YEAR NORMAL DEPARTURE LAST
                VALUE   (LST)  VALUE       VALUE  FROM      YEAR
                                                  NORMAL
..................................................................
TEMPERATURE (F)
 YESTERDAY
  MAXIMUM         93    351 PM 115    1961  90      3      102
  MINIMUM         70    600 AM  50    1962  61      9       76
  AVERAGE         82                        76      6       89

PRECIPITATION (IN)
  YESTERDAY        0.00          0.12 1953   0.00   0.00     0.00
  MONTH TO DATE    T                         0.03  -0.03      T
  SINCE OCT 1      6.90                      7.33  -0.43     3.81
  SINCE JAN 1      4.11                      4.50  -0.39     3.06

SNOWFALL (IN)
  YESTERDAY       MM

DEGREE DAYS
 HEATING
  YESTERDAY        0                         0      0        0
  MONTH TO DATE    0                         0      0        0
  SINCE JUN 1      4                        68    -64       24
  SINCE JUL 1      0                         8     -8        1

 COOLING
  YESTERDAY       17                        11      6       24
  MONTH TO DATE   76                        44     32       83
  SINCE JUN 1    901                       447    454      702
  SINCE JAN 1    986                       484    502      746
..................................................................


WIND (MPH)
  HIGHEST WIND SPEED    26   HIGHEST WIND DIRECTION    NW (300)
  HIGHEST GUST SPEED    32   HIGHEST GUST DIRECTION    NW (310)
  AVERAGE WIND SPEED    11.9


SKY COVER
  POSSIBLE SUNSHINE  MM
  AVERAGE SKY COVER 0.0


WEATHER CONDITIONS
 THE FOLLOWING WEATHER WAS RECORDED YESTERDAY.
  HAZE


RELATIVE HUMIDITY (PERCENT)
 HIGHEST    47           500 AM
 LOWEST      9           300 PM
 AVERAGE    28

..........................................................


THE EPHRATA WA AIRPORT CLIMATE NORMALS FOR TODAY
                         NORMAL    RECORD    YEAR
 MAXIMUM TEMPERATURE (F)   90       103      1990
 MINIMUM TEMPERATURE (F)   61        45      2002
                                             1969


SUNRISE AND SUNSET
AUGUST  5 2015........SUNRISE   541 AM PDT   SUNSET   826 PM PDT
AUGUST  6 2015........SUNRISE   543 AM PDT   SUNSET   824 PM PDT


-  INDICATES NEGATIVE NUMBERS.
R  INDICATES RECORD WAS SET OR TIED.
MM INDICATES DATA IS MISSING.
T  INDICATES TRACE AMOUNT.




$$
