000
CDUS41 KCLE 210527
CLIERI


CLIMATE REPORT
NATIONAL WEATHER SERVICE CLEVELAND OH
125 AM EDT THU AUG 21 2014


...................................

...THE ERIE PA CLIMATE SUMMARY FOR AUGUST 20 2014...

CLIMATE NORMAL PERIOD 1981 TO 2010
CLIMATE RECORD PERIOD 1873 TO 2014


WEATHER ITEM   OBSERVED TIME   RECORD YEAR NORMAL DEPARTURE LAST
                VALUE   (LST)  VALUE       VALUE  FROM      YEAR
                                                  NORMAL
..................................................................
TEMPERATURE (F)
 YESTERDAY
  MAXIMUM         82    201 PM  91    1959  79      3       81
  MINIMUM         66    640 AM  46    1977  62      4       62
  AVERAGE         74                        70      4       72

PRECIPITATION (IN)
  YESTERDAY        0.42                      0.11   0.31     0.00
  MONTH TO DATE    2.68                      2.27   0.41     2.23
  SINCE JUN 1     10.92                      9.57   1.35    15.13
  SINCE JAN 1     27.07                     24.63   2.44    32.36

SNOWFALL (IN)
  YESTERDAY        0.0                       0.0    0.0      0.0
  MONTH TO DATE    0.0                       0.0    0.0      0.0
  SINCE JUN 1      0.0                       0.0    0.0      0.0
  SINCE JUL 1      0.0                       0.0    0.0      0.0
  SNOW DEPTH       0

DEGREE DAYS
 HEATING
  YESTERDAY        0                         0      0        0
  MONTH TO DATE   11                         0     11        9
  SINCE JUN 1     46                        68    -22       80
  SINCE JUL 1     16                         7      9       12

 COOLING
  YESTERDAY        9                         6      3        7
  MONTH TO DATE   85                       128    -43       74
  SINCE JUN 1    395                       464    -69      439
  SINCE JAN 1    434                       503    -69      524
..................................................................


WIND (MPH)
  HIGHEST WIND SPEED    18   HIGHEST WIND DIRECTION     W (250)
  HIGHEST GUST SPEED    25   HIGHEST GUST DIRECTION     W (250)
  AVERAGE WIND SPEED     9.2


SKY COVER
  POSSIBLE SUNSHINE  MM
  AVERAGE SKY COVER 0.5


WEATHER CONDITIONS
 THE FOLLOWING WEATHER WAS RECORDED YESTERDAY.
  HEAVY RAIN
  RAIN
  LIGHT RAIN
  FOG


RELATIVE HUMIDITY (PERCENT)
 HIGHEST    87          1200 AM
 LOWEST     58           200 PM
 AVERAGE    73

..........................................................


THE ERIE PA CLIMATE NORMALS FOR TODAY
                         NORMAL    RECORD    YEAR
 MAXIMUM TEMPERATURE (F)   78        92      1916
 MINIMUM TEMPERATURE (F)   62        47      2000


SUNRISE AND SUNSET
AUGUST 21 2014........SUNRISE   635 AM EDT   SUNSET   812 PM EDT
AUGUST 22 2014........SUNRISE   636 AM EDT   SUNSET   811 PM EDT


-  INDICATES NEGATIVE NUMBERS.
R  INDICATES RECORD WAS SET OR TIED.
MM INDICATES DATA IS MISSING.
T  INDICATES TRACE AMOUNT.




$$
