000
CDUS41 KCLE 060545
CLIERI


CLIMATE REPORT
NATIONAL WEATHER SERVICE CLEVELAND OH
132 AM EDT FRI MAY 6 2016


...................................

...THE ERIE PA CLIMATE SUMMARY FOR MAY 5 2016...

CLIMATE NORMAL PERIOD 1981 TO 2010
CLIMATE RECORD PERIOD 1873 TO 2016


WEATHER ITEM   OBSERVED TIME   RECORD YEAR NORMAL DEPARTURE LAST
                VALUE   (LST)  VALUE       VALUE  FROM      YEAR
                                                  NORMAL
..................................................................
TEMPERATURE (F)
 YESTERDAY
  MAXIMUM         58        MM  86    1950  63     -5       64
                                      1938
  MINIMUM         46        MM  32    1987  45      1       50
                                      1891
  AVERAGE         52                        54     -2       57

PRECIPITATION (IN)
  YESTERDAY        0.00                      0.11  -0.11     0.19
  MONTH TO DATE    0.80                      0.53   0.27     0.26
  SINCE MAR 1      5.79                      6.81  -1.02     5.23
  SINCE JAN 1     12.00                     12.15  -0.15    10.99

SNOWFALL (IN)
  YESTERDAY        0.0                       0.0    0.0      0.0
  MONTH TO DATE    0.0                       0.0    0.0      0.0
  SINCE MAR 1      4.0                      16.9  -12.9     10.9
  SINCE JUL 1     71.2                     100.9  -29.7    110.3
  SNOW DEPTH       0

DEGREE DAYS
 HEATING
  YESTERDAY       13                        12      1        8
  MONTH TO DATE   77                        62     15       37
  SINCE MAR 1   1380                      1516   -136     1613
  SINCE JUL 1   4978                      5881   -903     6489

 COOLING
  YESTERDAY        0                         0      0        0
  MONTH TO DATE    0                         0      0        3
  SINCE MAR 1      0                         7     -7        3
  SINCE JAN 1      0                         7     -7        3
..................................................................


WIND (MPH)
  HIGHEST WIND SPEED    18   HIGHEST WIND DIRECTION    NE (40)
  HIGHEST GUST SPEED    25   HIGHEST GUST DIRECTION    NE (40)
  AVERAGE WIND SPEED    10.0


SKY COVER
  POSSIBLE SUNSHINE  MM
  AVERAGE SKY COVER 0.5


WEATHER CONDITIONS
 THE FOLLOWING WEATHER WAS RECORDED YESTERDAY.
  FOG


RELATIVE HUMIDITY (PERCENT)
 HIGHEST    93           700 AM
 LOWEST     62           500 PM
 AVERAGE    78

..........................................................


THE ERIE PA CLIMATE NORMALS FOR TODAY
                         NORMAL    RECORD    YEAR
 MAXIMUM TEMPERATURE (F)   64        84      1999
                                             1982
                                             1964
 MINIMUM TEMPERATURE (F)   45        31      1968
                                             1957


SUNRISE AND SUNSET
MAY  6 2016...........SUNRISE   610 AM EDT   SUNSET   826 PM EDT
MAY  7 2016...........SUNRISE   608 AM EDT   SUNSET   827 PM EDT


-  INDICATES NEGATIVE NUMBERS.
R  INDICATES RECORD WAS SET OR TIED.
MM INDICATES DATA IS MISSING.
T  INDICATES TRACE AMOUNT.




$$
