000
CDUS41 KCLE 050540
CLIERI


CLIMATE REPORT
NATIONAL WEATHER SERVICE CLEVELAND OH
1239 AM EST MON DEC 5 2016


...................................

...THE ERIE PA CLIMATE SUMMARY FOR DECEMBER 4 2016...

CLIMATE NORMAL PERIOD 1981 TO 2010
CLIMATE RECORD PERIOD 1873 TO 2016


WEATHER ITEM   OBSERVED TIME   RECORD YEAR NORMAL DEPARTURE LAST
                VALUE   (LST)  VALUE       VALUE  FROM      YEAR
                                                  NORMAL
..................................................................
TEMPERATURE (F)
 YESTERDAY
  MAXIMUM         42    245 PM  70    1941  42      0       41
  MINIMUM         34    307 AM   6    1966  31      3       36
  AVERAGE         38                        36      2       39

PRECIPITATION (IN)
  YESTERDAY        0.07                      0.13  -0.06     0.00
  MONTH TO DATE    0.85                      0.50   0.35     0.65
  SINCE DEC 1      0.85                      0.50   0.35     0.65
  SINCE JAN 1     42.63                     38.92   3.71    34.13

SNOWFALL (IN)
  YESTERDAY        T                         0.7   -0.7      0.0
  MONTH TO DATE    T                         2.5   -2.5      0.4
  SINCE DEC 1      T                         2.5   -2.5      0.4
  SINCE JUL 1      2.4                      11.2   -8.8      0.9
  SNOW DEPTH       0

DEGREE DAYS
 HEATING
  YESTERDAY       27                        29     -2       26
  MONTH TO DATE  101                       113    -12       93
  SINCE DEC 1    101                       113    -12       93
  SINCE JUL 1    881                      1269   -388      984

 COOLING
  YESTERDAY        0                         0      0        0
  MONTH TO DATE    0                         0      0        0
  SINCE DEC 1      0                         0      0        0
  SINCE JAN 1   1017                       638    379      773
..................................................................


WIND (MPH)
  HIGHEST WIND SPEED    16   HIGHEST WIND DIRECTION     S (160)
  HIGHEST GUST SPEED    23   HIGHEST GUST DIRECTION    SE (150)
  AVERAGE WIND SPEED     7.3


SKY COVER
  POSSIBLE SUNSHINE  MM
  AVERAGE SKY COVER 0.9


WEATHER CONDITIONS
 THE FOLLOWING WEATHER WAS RECORDED YESTERDAY.
  LIGHT RAIN
  LIGHT SNOW
  FOG
  HAZE


RELATIVE HUMIDITY (PERCENT)
 HIGHEST    89           300 AM
 LOWEST     62           200 PM
 AVERAGE    76

..........................................................


THE ERIE PA CLIMATE NORMALS FOR TODAY
                         NORMAL    RECORD    YEAR
 MAXIMUM TEMPERATURE (F)   42        72      2001
 MINIMUM TEMPERATURE (F)   30        -2      1886


SUNRISE AND SUNSET
DECEMBER  5 2016......SUNRISE   734 AM EST   SUNSET   449 PM EST
DECEMBER  6 2016......SUNRISE   735 AM EST   SUNSET   449 PM EST


-  INDICATES NEGATIVE NUMBERS.
R  INDICATES RECORD WAS SET OR TIED.
MM INDICATES DATA IS MISSING.
T  INDICATES TRACE AMOUNT.




$$
