000
CDUS41 KCLE 270545
CLIERI


CLIMATE REPORT
NATIONAL WEATHER SERVICE CLEVELAND OH
145 AM EDT THU APR 27 2017


...................................

...THE ERIE PA CLIMATE SUMMARY FOR APRIL 26 2017...

CLIMATE NORMAL PERIOD 1981 TO 2010
CLIMATE RECORD PERIOD 1873 TO 2017


WEATHER ITEM   OBSERVED TIME   RECORD YEAR NORMAL DEPARTURE LAST
                VALUE   (LST)  VALUE       VALUE  FROM      YEAR
                                                  NORMAL
..................................................................
TEMPERATURE (F)
 YESTERDAY
  MAXIMUM         78    529 PM  83    1994  60     18       48
  MINIMUM         56    611 AM  26    1972  42     14       37
  AVERAGE         67                        51     16       43

PRECIPITATION (IN)
  YESTERDAY        0.00                      0.11  -0.11     0.24
  MONTH TO DATE    2.99                      2.92   0.07     1.48
  SINCE MAR 1      7.08                      5.87   1.21     4.64
  SINCE JAN 1     14.50                     11.21   3.29    10.85

SNOWFALL (IN)
  YESTERDAY        0.0                       0.0    0.0      0.0
  MONTH TO DATE    0.5                       3.2   -2.7      2.9
  SINCE MAR 1     10.3                      16.9   -6.6      4.0
  SINCE JUL 1     78.6                     100.9  -22.3     71.2
  SNOW DEPTH       0

DEGREE DAYS
 HEATING
  YESTERDAY        0                        14    -14       22
  MONTH TO DATE  343                       488   -145      545
  SINCE MAR 1   1239                      1399   -160     1221
  SINCE JUL 1   4743                      5764  -1021     4819

 COOLING
  YESTERDAY        2                         0      2        0
  MONTH TO DATE    6                         0      6        0
  SINCE MAR 1      6                         1      5        0
  SINCE JAN 1      6                         1      5        0
..................................................................


WIND (MPH)
  HIGHEST WIND SPEED    17   HIGHEST WIND DIRECTION    SE (150)
  HIGHEST GUST SPEED    24   HIGHEST GUST DIRECTION     S (190)
  AVERAGE WIND SPEED     7.7


SKY COVER
  POSSIBLE SUNSHINE  MM
  AVERAGE SKY COVER 0.4


WEATHER CONDITIONS
 THE FOLLOWING WEATHER WAS RECORDED YESTERDAY.
  NO SIGNIFICANT WEATHER WAS OBSERVED.


RELATIVE HUMIDITY (PERCENT)
 HIGHEST    86           600 AM
 LOWEST     47           600 PM
 AVERAGE    67

..........................................................


THE ERIE PA CLIMATE NORMALS FOR TODAY
                         NORMAL    RECORD    YEAR
 MAXIMUM TEMPERATURE (F)   61        86      2009
 MINIMUM TEMPERATURE (F)   42        26      1972


SUNRISE AND SUNSET
APRIL 27 2017.........SUNRISE   622 AM EDT   SUNSET   816 PM EDT
APRIL 28 2017.........SUNRISE   620 AM EDT   SUNSET   817 PM EDT


-  INDICATES NEGATIVE NUMBERS.
R  INDICATES RECORD WAS SET OR TIED.
MM INDICATES DATA IS MISSING.
T  INDICATES TRACE AMOUNT.




$$
