000
CDUS41 KCLE 250528
CLIERI


CLIMATE REPORT
NATIONAL WEATHER SERVICE CLEVELAND OH
1227 AM EST THU DEC 25 2014


...................................

...THE ERIE PA CLIMATE SUMMARY FOR DECEMBER 24 2014...

CLIMATE NORMAL PERIOD 1981 TO 2010
CLIMATE RECORD PERIOD 1873 TO 2014


WEATHER ITEM   OBSERVED TIME   RECORD YEAR NORMAL DEPARTURE LAST
                VALUE   (LST)  VALUE       VALUE  FROM      YEAR
                                                  NORMAL
..................................................................
TEMPERATURE (F)
 YESTERDAY
  MAXIMUM         58    811 PM  66    1964  36     22       30
  MINIMUM         41   1101 PM  -3    1983  24     17       19
  AVERAGE         50                        30     20       25

PRECIPITATION (IN)
  YESTERDAY        0.19                      0.12   0.07     0.31
  MONTH TO DATE    2.00                      2.94  -0.94     5.31
  SINCE DEC 1      2.00                      2.94  -0.94     5.31
  SINCE JAN 1     40.23                     41.36  -1.13    53.81

SNOWFALL (IN)
  YESTERDAY        0.0                       1.0   -1.0      5.0
  MONTH TO DATE    3.8                      20.1  -16.3     37.9
  SINCE DEC 1      3.8                      20.1  -16.3     37.9
  SINCE JUL 1     28.8                      28.8    0.0     53.5
  SNOW DEPTH       0

DEGREE DAYS
 HEATING
  YESTERDAY       15                        35    -20       40
  MONTH TO DATE  691                       761    -70      794
  SINCE DEC 1    691                       761    -70      794
  SINCE JUL 1   1905                      1917    -12     1993

 COOLING
  YESTERDAY        0                         0      0        0
  MONTH TO DATE    0                         0      0        0
  SINCE DEC 1      0                         0      0        0
  SINCE JAN 1    603                       638    -35      706
..................................................................


WIND (MPH)
  HIGHEST WIND SPEED    30   HIGHEST WIND DIRECTION     W (260)
  HIGHEST GUST SPEED    45   HIGHEST GUST DIRECTION     W (260)
  AVERAGE WIND SPEED    16.9


SKY COVER
  POSSIBLE SUNSHINE  MM
  AVERAGE SKY COVER 0.6


WEATHER CONDITIONS
 THE FOLLOWING WEATHER WAS RECORDED YESTERDAY.
  RAIN
  LIGHT RAIN


RELATIVE HUMIDITY (PERCENT)
 HIGHEST    86           300 AM
 LOWEST     72          1100 AM
 AVERAGE    79

..........................................................


THE ERIE PA CLIMATE NORMALS FOR TODAY
                         NORMAL    RECORD    YEAR
 MAXIMUM TEMPERATURE (F)   36        66      1964
 MINIMUM TEMPERATURE (F)   24        -3      1983


SUNRISE AND SUNSET
DECEMBER 25 2014......SUNRISE   747 AM EST   SUNSET   454 PM EST
DECEMBER 26 2014......SUNRISE   748 AM EST   SUNSET   455 PM EST


-  INDICATES NEGATIVE NUMBERS.
R  INDICATES RECORD WAS SET OR TIED.
MM INDICATES DATA IS MISSING.
T  INDICATES TRACE AMOUNT.




$$
