000
CDUS46 KPQR 310220
CLIEUG


CLIMATE REPORT
NATIONAL WEATHER SERVICE PORTLAND OREGON
720 PM PDT SAT JUL 30 2016


...................................

...THE EUGENE OR CLIMATE SUMMARY FOR JULY 30 2016...
VALID TODAY AS OF 0700 PM LOCAL TIME.

CLIMATE NORMAL PERIOD 1981 TO 2010
CLIMATE RECORD PERIOD 1892 TO 2016


WEATHER ITEM   OBSERVED TIME   RECORD YEAR NORMAL DEPARTURE LAST
                VALUE   (LST)  VALUE       VALUE  FROM      YEAR
                                                  NORMAL
..................................................................
TEMPERATURE (F)
 TODAY
  MAXIMUM         86    355 PM 105    2015  84      2      105
  MINIMUM         53    536 AM  42    1956  52      1       56
                                      1917
  AVERAGE         70                        68      2       81

PRECIPITATION (IN)
  TODAY            0.00          0.58 1985   0.01  -0.01     0.00
  MONTH TO DATE    0.25                      0.53  -0.28     0.05
  SINCE OCT 1     39.80                     44.19  -4.39    29.46
  SINCE JAN 1     20.96                     25.39  -4.43    12.41

SNOWFALL (IN)
  TODAY            0.0
  MONTH TO DATE    0.0
  SINCE JUN 1      0.0
  SINCE JUL 1      0.0

DEGREE DAYS
 HEATING
  TODAY            0                         1     -1        0
  MONTH TO DATE   10                        39    -29        5
  SINCE JUN 1    110                       196    -86       46
  SINCE JUL 1     10                        39    -29        5

 COOLING
  TODAY            5                         4      1       16
  MONTH TO DATE   85                        93     -8      198
  SINCE JUN 1    150                       112     38      311
  SINCE JAN 1    153                       117     36      316
..................................................................


WIND (MPH)
  HIGHEST WIND SPEED    18   HIGHEST WIND DIRECTION     N (20)
  HIGHEST GUST SPEED    23   HIGHEST GUST DIRECTION     N (10)
  AVERAGE WIND SPEED     8.1


SKY COVER
  POSSIBLE SUNSHINE  MM
  AVERAGE SKY COVER 0.0


WEATHER CONDITIONS
 THE FOLLOWING WEATHER WAS RECORDED TODAY.
  NO SIGNIFICANT WEATHER WAS OBSERVED.


RELATIVE HUMIDITY (PERCENT)
 HIGHEST    86           500 AM
 LOWEST     22           100 PM
 AVERAGE    54

..........................................................


THE EUGENE OR CLIMATE NORMALS FOR TOMORROW
                         NORMAL    RECORD    YEAR
 MAXIMUM TEMPERATURE (F)   84       103      2015
 MINIMUM TEMPERATURE (F)   52        42      1944


SUNRISE AND SUNSET
JULY 30 2016..........SUNRISE   559 AM PDT   SUNSET   839 PM PDT
JULY 31 2016..........SUNRISE   600 AM PDT   SUNSET   837 PM PDT


-  INDICATES NEGATIVE NUMBERS.
R  INDICATES RECORD WAS SET OR TIED.
MM INDICATES DATA IS MISSING.
T  INDICATES TRACE AMOUNT.




$$
