000
CDUS46 KPQR 210220
CLIEUG


CLIMATE REPORT
NATIONAL WEATHER SERVICE PORTLAND OREGON
720 PM PDT SUN APR 20 2014


...................................

...THE EUGENE OR CLIMATE SUMMARY FOR APRIL 20 2014...
VALID TODAY AS OF 0700 PM LOCAL TIME.

CLIMATE NORMAL PERIOD 1981 TO 2010
CLIMATE RECORD PERIOD 1892 TO 2014


WEATHER ITEM   OBSERVED TIME   RECORD YEAR NORMAL DEPARTURE LAST
                VALUE   (LST)  VALUE       VALUE  FROM      YEAR
                                                  NORMAL
..................................................................
TEMPERATURE (F)
 TODAY
  MAXIMUM         68    458 PM  87    1934  62      6       64
  MINIMUM         38    549 AM  27    1927  40     -2       43
  AVERAGE         53                        51      2       54

PRECIPITATION (IN)
  TODAY            0.00          0.96 1980   0.11  -0.11      T
  MONTH TO DATE    0.59                      2.39  -1.80     1.45
  SINCE OCT 1     21.86                     38.48 -16.62    25.88
  SINCE JAN 1     17.67                     19.68  -2.01     6.54

SNOWFALL (IN)
  TODAY            0.0
  MONTH TO DATE    0.0
  SINCE MAR 1      0.0
  SINCE JUL 1     15.7

DEGREE DAYS
 HEATING
  TODAY           12                        14     -2       11
  MONTH TO DATE  248                       311    -63      287
  SINCE MAR 1    733                       880   -147      818
  SINCE JUL 1   4300                      4207     93     3910

 COOLING
  TODAY            0                         0      0        0
  MONTH TO DATE    0                         0      0        0
  SINCE MAR 1      0                         0      0        0
  SINCE JAN 1      0                         0      0        0
..................................................................


WIND (MPH)
  HIGHEST WIND SPEED     8   HIGHEST WIND DIRECTION     S (160)
  HIGHEST GUST SPEED    11   HIGHEST GUST DIRECTION    SE (130)
  AVERAGE WIND SPEED     3.5


SKY COVER
  POSSIBLE SUNSHINE  MM
  AVERAGE SKY COVER 0.8


WEATHER CONDITIONS
 THE FOLLOWING WEATHER WAS RECORDED TODAY.
  FOG
  FOG W/VISIBILITY <= 1/4 MILE


RELATIVE HUMIDITY (PERCENT)
 HIGHEST   100           500 AM
 LOWEST     32           400 PM
 AVERAGE    66

..........................................................


THE EUGENE OR CLIMATE NORMALS FOR TOMORROW
                         NORMAL    RECORD    YEAR
 MAXIMUM TEMPERATURE (F)   62        83      1918
 MINIMUM TEMPERATURE (F)   40        31      1951


SUNRISE AND SUNSET
APRIL 20 2014.........SUNRISE   621 AM PDT   SUNSET   803 PM PDT
APRIL 21 2014.........SUNRISE   619 AM PDT   SUNSET   804 PM PDT


-  INDICATES NEGATIVE NUMBERS.
R  INDICATES RECORD WAS SET OR TIED.
MM INDICATES DATA IS MISSING.
T  INDICATES TRACE AMOUNT.




$$
