000
CDUS46 KPQR 251142
CLIEUG


CLIMATE REPORT
NATIONAL WEATHER SERVICE PORTLAND OREGON
442 AM PDT THU MAY 25 2017


...................................

...THE EUGENE OR CLIMATE SUMMARY FOR MAY 24 2017...

CLIMATE NORMAL PERIOD 1981 TO 2010
CLIMATE RECORD PERIOD 1892 TO 2017


WEATHER ITEM   OBSERVED TIME   RECORD YEAR NORMAL DEPARTURE LAST
                VALUE   (LST)  VALUE       VALUE  FROM      YEAR
                                                  NORMAL
..................................................................
TEMPERATURE (F)
 YESTERDAY
  MAXIMUM         66    359 PM  88    1992  69     -3       73
                                      1928
  MINIMUM         43    507 AM  33    1977  45     -2       47
  AVERAGE         55                        57     -2       60

PRECIPITATION (IN)
  YESTERDAY        0.00          1.21 2012   0.08  -0.08     0.00
  MONTH TO DATE    1.22                      2.12  -0.90     1.30
  SINCE OCT 1     43.66                     41.54   2.12    38.77
  SINCE JAN 1     24.07                     22.74   1.33    19.93

SNOWFALL (IN)
  YESTERDAY        0.0
  MONTH TO DATE    0.0
  SINCE MAR 1      T
  SINCE JUL 1      5.1

DEGREE DAYS
 HEATING
  YESTERDAY       10                         9      1        5
  MONTH TO DATE  235                       250    -15      150
  SINCE MAR 1   1201                      1265    -64      930
  SINCE JUL 1   4402                      4592   -190     3735

 COOLING
  YESTERDAY        0                         0      0        0
  MONTH TO DATE   11                         0     11        3
  SINCE MAR 1     11                         0     11        3
  SINCE JAN 1     11                         0     11        3
..................................................................


WIND (MPH)
  HIGHEST WIND SPEED    22   HIGHEST WIND DIRECTION     N (20)
  HIGHEST GUST SPEED    27   HIGHEST GUST DIRECTION    NE (30)
  AVERAGE WIND SPEED    11.0


SKY COVER
  POSSIBLE SUNSHINE  MM
  AVERAGE SKY COVER 0.4


WEATHER CONDITIONS
 THE FOLLOWING WEATHER WAS RECORDED YESTERDAY.
  NO SIGNIFICANT WEATHER WAS OBSERVED.


RELATIVE HUMIDITY (PERCENT)
 HIGHEST   100           500 AM
 LOWEST     51           100 PM
 AVERAGE    76

..........................................................


THE EUGENE OR CLIMATE NORMALS FOR TODAY
                         NORMAL    RECORD    YEAR
 MAXIMUM TEMPERATURE (F)   69        89      1947
                                             1938
 MINIMUM TEMPERATURE (F)   45        34      1975
                                             1973
                                             1930


SUNRISE AND SUNSET
MAY 25 2017...........SUNRISE   537 AM PDT   SUNSET   843 PM PDT
MAY 26 2017...........SUNRISE   536 AM PDT   SUNSET   844 PM PDT


-  INDICATES NEGATIVE NUMBERS.
R  INDICATES RECORD WAS SET OR TIED.
MM INDICATES DATA IS MISSING.
T  INDICATES TRACE AMOUNT.




$$
