000
CDUS46 KPQR 181143
CLIEUG


CLIMATE REPORT
NATIONAL WEATHER SERVICE PORTLAND OREGON
442 AM PDT THU SEP 18 2014


...................................

...THE EUGENE OR CLIMATE SUMMARY FOR SEPTEMBER 17 2014...

CLIMATE NORMAL PERIOD 1981 TO 2010
CLIMATE RECORD PERIOD 1892 TO 2014


WEATHER ITEM   OBSERVED TIME   RECORD YEAR NORMAL DEPARTURE LAST
                VALUE   (LST)  VALUE       VALUE  FROM      YEAR
                                                  NORMAL
..................................................................
TEMPERATURE (F)
 YESTERDAY
  MAXIMUM         71    223 PM  93    1991  77     -6       69
                                      1951
  MINIMUM         57    631 AM  34    1965  47     10       55
  AVERAGE         64                        62      2       62

PRECIPITATION (IN)
  YESTERDAY        T             1.02 1969   0.04  -0.04     0.58
  MONTH TO DATE    T                         0.63  -0.63     1.48
  SINCE OCT 1     27.19                     45.44 -18.25    30.74
  SINCE JAN 1     23.00                     26.64  -3.64    11.40

SNOWFALL (IN)
  YESTERDAY        0.0
  MONTH TO DATE    0.0
  SINCE SEP 1      0.0
  SINCE JUL 1      0.0

DEGREE DAYS
 HEATING
  YESTERDAY        1                         4     -3        3
  MONTH TO DATE    7                        47    -40        5
  SINCE SEP 1      7                        47    -40        5
  SINCE JUL 1     14                       114   -100       23

 COOLING
  YESTERDAY        0                         1     -1        0
  MONTH TO DATE   43                        24     19       63
  SINCE SEP 1     43                        24     19       63
  SINCE JAN 1    451                       232    219      411
..................................................................


WIND (MPH)
  HIGHEST WIND SPEED    18   HIGHEST WIND DIRECTION    SW (230)
  HIGHEST GUST SPEED    23   HIGHEST GUST DIRECTION    SW (220)
  AVERAGE WIND SPEED     4.3


SKY COVER
  POSSIBLE SUNSHINE  MM
  AVERAGE SKY COVER 0.8


WEATHER CONDITIONS
 THE FOLLOWING WEATHER WAS RECORDED YESTERDAY.
  LIGHT RAIN
  HAZE


RELATIVE HUMIDITY (PERCENT)
 HIGHEST    84          1000 PM
 LOWEST     55           500 PM
 AVERAGE    70

..........................................................


THE EUGENE OR CLIMATE NORMALS FOR TODAY
                         NORMAL    RECORD    YEAR
 MAXIMUM TEMPERATURE (F)   77        91      1991
 MINIMUM TEMPERATURE (F)   47        34      1988


SUNRISE AND SUNSET
SEPTEMBER 18 2014.....SUNRISE   655 AM PDT   SUNSET   717 PM PDT
SEPTEMBER 19 2014.....SUNRISE   657 AM PDT   SUNSET   716 PM PDT


-  INDICATES NEGATIVE NUMBERS.
R  INDICATES RECORD WAS SET OR TIED.
MM INDICATES DATA IS MISSING.
T  INDICATES TRACE AMOUNT.




$$
