000
CDUS43 KPAH 310632
CLIEVV


CLIMATE REPORT
NATIONAL WEATHER SERVICE PADUCAH KY
1229 AM CST SAT JAN 31 2015


...................................

...THE EVANSVILLE IN CLIMATE SUMMARY FOR JANUARY 30 2015...

CLIMATE NORMAL PERIOD 1981 TO 2010
CLIMATE RECORD PERIOD 1896 TO 2015


WEATHER ITEM   OBSERVED TIME   RECORD YEAR NORMAL DEPARTURE LAST
                VALUE   (LST)  VALUE       VALUE  FROM      YEAR
                                                  NORMAL
..................................................................
TEMPERATURE (F)
 YESTERDAY
  MAXIMUM         42    238 PM  69    1947  42      0       41
  MINIMUM         25   1159 PM -10    1978  24      1       17
  AVERAGE         34                        33      1       29

PRECIPITATION (IN)
  YESTERDAY        0.00          2.70 1982   0.11  -0.11     0.00
  MONTH TO DATE    2.97                      2.99  -0.02     1.67
  SINCE DEC 1      6.40                      6.75  -0.35     9.00
  SINCE JAN 1      2.97                      2.99  -0.02     1.67

SNOWFALL (IN)
  YESTERDAY        0.0           6.0  1980   0.1   -0.1      0.0
  MONTH TO DATE    0.2                       3.3   -3.1      0.6
  SINCE DEC 1      0.2                       6.5   -6.3      7.8
  SINCE JUL 1      2.6                       6.8   -4.2      7.8
  SNOW DEPTH       0

DEGREE DAYS
 HEATING
  YESTERDAY       31                        32     -1       36
  MONTH TO DATE  952                       978    -26     1112
  SINCE DEC 1   1733                      1889   -156     2032
  SINCE JUL 1   2736                      2750    -14     2946

 COOLING
  YESTERDAY        0                         0      0        0
  MONTH TO DATE    0                         0      0        0
  SINCE DEC 1      0                         0      0        0
  SINCE JAN 1      0                         0      0        0
..................................................................


WIND (MPH)
  HIGHEST WIND SPEED    20   HIGHEST WIND DIRECTION    NW (320)
  HIGHEST GUST SPEED    28   HIGHEST GUST DIRECTION    NW (320)
  AVERAGE WIND SPEED     6.8


SKY COVER
  AVERAGE SKY COVER 0.3


WEATHER CONDITIONS
 THE FOLLOWING WEATHER WAS RECORDED YESTERDAY.
  NO SIGNIFICANT WEATHER WAS OBSERVED.


RELATIVE HUMIDITY (PERCENT)
 HIGHEST    75
 LOWEST     45
 AVERAGE    60

..........................................................


THE EVANSVILLE IN CLIMATE NORMALS FOR TODAY
                         NORMAL    RECORD    YEAR
 MAXIMUM TEMPERATURE (F)   42        68      1989
 MINIMUM TEMPERATURE (F)   24       -14      1965


SUNRISE AND SUNSET
JANUARY 31 2015.......SUNRISE   656 AM CST   SUNSET   512 PM CST
FEBRUARY  1 2015......SUNRISE   655 AM CST   SUNSET   513 PM CST


-  INDICATES NEGATIVE NUMBERS.
R  INDICATES RECORD WAS SET OR TIED.
MM INDICATES DATA IS MISSING.
T  INDICATES TRACE AMOUNT.




$$
