000
CDUS43 KPAH 042138
CLIEVV


CLIMATE REPORT
NATIONAL WEATHER SERVICE PADUCAH KY
437 PM CDT TUE AUG 4 2015


...................................

...THE EVANSVILLE IN CLIMATE SUMMARY FOR AUGUST 4 2015...
VALID TODAY AS OF 0400 PM LOCAL TIME.

CLIMATE NORMAL PERIOD 1981 TO 2010
CLIMATE RECORD PERIOD 1896 TO 2015


WEATHER ITEM   OBSERVED TIME   RECORD YEAR NORMAL DEPARTURE LAST
                VALUE   (LST)  VALUE       VALUE  FROM      YEAR
                                                  NORMAL
..................................................................
TEMPERATURE (F)
 TODAY
  MAXIMUM         93    250 PM 102    2010  88      5       90
  MINIMUM         72    454 AM  53    1950  67      5       64
                                      1912
  AVERAGE         83                        78      5       77

PRECIPITATION (IN)
  TODAY            0.00          2.02 1990   0.10  -0.10     0.00
  MONTH TO DATE    0.00                      0.39  -0.39      T
  SINCE JUN 1     12.06                      8.09   3.97     7.89
  SINCE JAN 1     34.50                     28.33   6.17    29.38

SNOWFALL (IN)
  TODAY            0.0                                       0.0
  MONTH TO DATE    0.0                                       0.0
  SINCE JUL 1      0.0                                       0.0
  SNOW DEPTH       0

..................................................................


WIND (MPH)
  HIGHEST WIND SPEED    16   HIGHEST WIND DIRECTION     N (350)
  HIGHEST GUST SPEED    19   HIGHEST GUST DIRECTION     N (340)




..........................................................


THE EVANSVILLE IN CLIMATE NORMALS FOR TOMORROW
                         NORMAL    RECORD    YEAR
 MAXIMUM TEMPERATURE (F)   88       104      1918
 MINIMUM TEMPERATURE (F)   67        55      1986
                                             1974
                                             1948


SUNRISE AND SUNSET
AUGUST  4 2015........SUNRISE   555 AM CDT   SUNSET   757 PM CDT
AUGUST  5 2015........SUNRISE   556 AM CDT   SUNSET   755 PM CDT


-  INDICATES NEGATIVE NUMBERS.
R  INDICATES RECORD WAS SET OR TIED.
MM INDICATES DATA IS MISSING.
T  INDICATES TRACE AMOUNT.




$$
