000
CDUS45 KSLC 241240
CLIEVW


CLIMATE REPORT
NATIONAL WEATHER SERVICE SALT LAKE CITY UT
639 AM MDT SUN JUL 24 2016


...................................

...THE EVANSTON WY CLIMATE SUMMARY FOR JULY 23 2016...

CLIMATE NORMAL PERIOD 1981 TO 2010
CLIMATE RECORD PERIOD 9999 TO 9999


WEATHER ITEM   OBSERVED TIME   RECORD YEAR NORMAL DEPARTURE LAST
                VALUE   (LST)  VALUE       VALUE  FROM      YEAR
                                                  NORMAL
..................................................................
TEMPERATURE (F)
 YESTERDAY
  MAXIMUM         85    207 PM  MM      MM  82      3       79
  MINIMUM         54    528 AM  MM      MM  54      0       48
  AVERAGE         70                        68      2       64

PRECIPITATION (IN)
  YESTERDAY        0.00         MM      MM   0.03  -0.03     0.00
  MONTH TO DATE    T                         0.67  -0.67     0.88
  SINCE OCT 1      4.68                      9.63  -4.95     8.91
  SINCE JAN 1      3.69                      6.84  -3.15     8.03

DEGREE DAYS
 HEATING
  YESTERDAY        0                         1     -1        1
  MONTH TO DATE   25                        35    -10       43
  SINCE JUN 1     77                       265   -188      117
  SINCE JUL 1     25                        35    -10       43

 COOLING
  YESTERDAY        5                         3      2        0
  MONTH TO DATE   86                        51     35       45
  SINCE JUN 1    144                        64     80      115
  SINCE JAN 1    144                        65     79      115
..................................................................


WIND (MPH)
  RESULTANT WIND SPEED   6   RESULTANT WIND DIRECTION   W (270)
  HIGHEST WIND SPEED    23   HIGHEST WIND DIRECTION     W (260)
  HIGHEST GUST SPEED    33   HIGHEST GUST DIRECTION     W (250)
  AVERAGE WIND SPEED     8.2


SKY COVER
  POSSIBLE SUNSHINE  MM
  AVERAGE SKY COVER 0.0


WEATHER CONDITIONS
 THE FOLLOWING WEATHER WAS RECORDED YESTERDAY.
  NO SIGNIFICANT WEATHER WAS OBSERVED.


RELATIVE HUMIDITY (PERCENT)
 HIGHEST    40           600 AM
 LOWEST      6           400 PM
 AVERAGE    23

..........................................................


THE EVANSTON WY CLIMATE NORMALS FOR TODAY
                         NORMAL    RECORD    YEAR
 MAXIMUM TEMPERATURE (F)   82        MM        MM
 MINIMUM TEMPERATURE (F)   54        MM        MM


SUNRISE AND SUNSET
JULY 24 2016..........SUNRISE   612 AM MDT   SUNSET   848 PM MDT
JULY 25 2016..........SUNRISE   613 AM MDT   SUNSET   847 PM MDT


-  INDICATES NEGATIVE NUMBERS.
R  INDICATES RECORD WAS SET OR TIED.
MM INDICATES DATA IS MISSING.
T  INDICATES TRACE AMOUNT.




$$
