805
CDUS45 KSLC 310030
CLIEVW


CLIMATE REPORT
NATIONAL WEATHER SERVICE SALT LAKE CITY UT
630 PM MDT MON MAY 30 2016


...................................

...THE EVANSTON WY CLIMATE SUMMARY FOR MAY 30 2016...
VALID TODAY AS OF 0500 PM LOCAL TIME.

CLIMATE NORMAL PERIOD 1981 TO 2010
CLIMATE RECORD PERIOD 9999 TO 9999


WEATHER ITEM   OBSERVED TIME   RECORD YEAR NORMAL DEPARTURE LAST
                VALUE   (LST)  VALUE       VALUE  FROM      YEAR
                                                  NORMAL
..................................................................
TEMPERATURE (F)
 TODAY
  MAXIMUM         66        MM  MM      MM  66      0       74
  MINIMUM         42    200 AM  MM      MM  40      2       44
  AVERAGE         54                        53      1       59

PRECIPITATION (IN)
  TODAY            0.03         MM      MM   0.05  -0.02      T
  MONTH TO DATE    2.07                      1.71   0.36     4.49
  SINCE OCT 1      4.39                      7.66  -3.27     7.39
  SINCE JAN 1      3.40                      4.87  -1.47     6.51

DEGREE DAYS
 HEATING
  TODAY           11                        12     -1        6
  MONTH TO DATE  504                       493     11      511
  SINCE MAR 1   2079                      2322   -243     1964
  SINCE JUL 1   7606                      8330   -724     6936

 COOLING
  TODAY            0                         0      0        0
  MONTH TO DATE    0                         0      0        0
  SINCE MAR 1      0                         0      0        0
  SINCE JAN 1      0                         0      0        0
..................................................................


WIND (MPH)
  RESULTANT WIND SPEED   6   RESULTANT WIND DIRECTION   W (250)
  HIGHEST WIND SPEED    18   HIGHEST WIND DIRECTION    NW (320)
  HIGHEST GUST SPEED    33   HIGHEST GUST DIRECTION    NW (320)
  AVERAGE WIND SPEED    10.2


SKY COVER
  POSSIBLE SUNSHINE  MM
  AVERAGE SKY COVER 0.4


WEATHER CONDITIONS
 THE FOLLOWING WEATHER WAS RECORDED TODAY.
  LIGHT RAIN


RELATIVE HUMIDITY (PERCENT)
 HIGHEST    89           200 AM
 LOWEST     31           300 PM
 AVERAGE    60

..........................................................


THE EVANSTON WY CLIMATE NORMALS FOR TOMORROW
                         NORMAL    RECORD    YEAR
 MAXIMUM TEMPERATURE (F)   66        MM        MM
 MINIMUM TEMPERATURE (F)   40        MM        MM


SUNRISE AND SUNSET
MAY 30 2016...........SUNRISE   554 AM MDT   SUNSET   850 PM MDT
MAY 31 2016...........SUNRISE   554 AM MDT   SUNSET   851 PM MDT


-  INDICATES NEGATIVE NUMBERS.
R  INDICATES RECORD WAS SET OR TIED.
MM INDICATES DATA IS MISSING.
T  INDICATES TRACE AMOUNT.




$$
