000
CDUS42 KMHX 110527
CLIEWN


CLIMATE REPORT
NATIONAL WEATHER SERVICE NEWPORT/MOREHEAD CITY NC
1227 AM EST THU FEB 11 2016


...................................

...THE NEW BERN NC CLIMATE SUMMARY FOR FEBRUARY 10 2016...

CLIMATE NORMAL PERIOD 1981 TO 2010
CLIMATE RECORD PERIOD 1948 TO 2016


WEATHER ITEM   OBSERVED TIME   RECORD YEAR NORMAL DEPARTURE LAST
                VALUE   (LST)  VALUE       VALUE  FROM      YEAR
                                                  NORMAL
..................................................................
TEMPERATURE (F)
 YESTERDAY
  MAXIMUM         43    247 PM  80    1959  57    -14       51
  MINIMUM         29    720 AM  12    1979  36     -7       37
  AVERAGE         36                        46    -10       44

PRECIPITATION (IN)
  YESTERDAY        0.00          1.83 1973   0.12  -0.12     0.17
  MONTH TO DATE    5.96                      1.24   4.72     1.38
  SINCE DEC 1     16.09                      8.66   7.43    10.02
  SINCE JAN 1      9.67                      5.26   4.41     5.87

SNOWFALL (IN)
  YESTERDAY        0.0
  MONTH TO DATE    0.0
  SINCE NOV 1      T
  SINCE JUL 1      T
  SNOW DEPTH       0

DEGREE DAYS
 HEATING
  YESTERDAY       29                        19     10       21
  MONTH TO DATE  164                       194    -30      187
  SINCE DEC 1    986                      1407   -421     1262
  SINCE JUL 1   1269                      1834   -565     1707

 COOLING
  YESTERDAY        0                         0      0        0
  MONTH TO DATE    0                         0      0        0
  SINCE DEC 1     49                         4     45        7
  SINCE JAN 1      0                         1     -1        7
..................................................................


WIND (MPH)
  HIGHEST WIND SPEED    20   HIGHEST WIND DIRECTION     W (260)
  HIGHEST GUST SPEED    27   HIGHEST GUST DIRECTION     W (270)
  AVERAGE WIND SPEED    10.8


SKY COVER
  POSSIBLE SUNSHINE  MM
  AVERAGE SKY COVER 0.3


WEATHER CONDITIONS
 THE FOLLOWING WEATHER WAS RECORDED YESTERDAY.
  NO SIGNIFICANT WEATHER WAS OBSERVED.


RELATIVE HUMIDITY (PERCENT)
 HIGHEST    58           600 AM
 LOWEST     36           200 PM
 AVERAGE    47

..........................................................


THE NEW BERN NC CLIMATE NORMALS FOR TODAY
                         NORMAL    RECORD    YEAR
 MAXIMUM TEMPERATURE (F)   57        80      1965
 MINIMUM TEMPERATURE (F)   36        16      1968


SUNRISE AND SUNSET
FEBRUARY 11 2016......SUNRISE   659 AM EST   SUNSET   546 PM EST
FEBRUARY 12 2016......SUNRISE   658 AM EST   SUNSET   547 PM EST


-  INDICATES NEGATIVE NUMBERS.
R  INDICATES RECORD WAS SET OR TIED.
MM INDICATES DATA IS MISSING.
T  INDICATES TRACE AMOUNT.




$$
