544
CDUS42 KMHX 230625
CLIEWN


CLIMATE REPORT
NATIONAL WEATHER SERVICE NEWPORT/MOREHEAD CITY NC
125 AM EST MON JAN 23 2017


...................................

...THE NEW BERN NC CLIMATE SUMMARY FOR JANUARY 22 2017...

CLIMATE NORMAL PERIOD 1981 TO 2010
CLIMATE RECORD PERIOD 1948 TO 2017


WEATHER ITEM   OBSERVED TIME   RECORD YEAR NORMAL DEPARTURE LAST
                VALUE   (LST)  VALUE       VALUE  FROM      YEAR
                                                  NORMAL
..................................................................
TEMPERATURE (F)
 YESTERDAY
  MAXIMUM         64    326 PM  74    1962  55      9       45
  MINIMUM         55    138 AM  13    1970  34     21       26
  AVERAGE         60                        44     16       36

PRECIPITATION (IN)
  YESTERDAY        0.15          2.71 1966   0.12   0.03     1.97
  MONTH TO DATE    3.13                      2.87   0.26     3.59
  SINCE DEC 1      6.63                      6.27   0.36    10.01
  SINCE JAN 1      3.13                      2.87   0.26     3.59

SNOWFALL (IN)
  YESTERDAY        0.0
  MONTH TO DATE    T
  SINCE NOV 1      T
  SINCE JUL 1      T
  SNOW DEPTH       0

DEGREE DAYS
 HEATING
  YESTERDAY        5                        21    -16       29
  MONTH TO DATE  343                       462   -119      507
  SINCE DEC 1    881                      1029   -148      711
  SINCE JUL 1   1276                      1456   -180      994

 COOLING
  YESTERDAY        0                         0      0        0
  MONTH TO DATE    0                         0      0        0
  SINCE DEC 1      0                         3     -3       49
  SINCE JAN 1      0                         0      0        0
..................................................................


WIND (MPH)
  HIGHEST WIND SPEED    12   HIGHEST WIND DIRECTION     E (70)
  HIGHEST GUST SPEED    16   HIGHEST GUST DIRECTION    SW (220)
  AVERAGE WIND SPEED     5.7


SKY COVER
  POSSIBLE SUNSHINE  MM
  AVERAGE SKY COVER 0.7


WEATHER CONDITIONS
 THE FOLLOWING WEATHER WAS RECORDED YESTERDAY.
  THUNDERSTORM
  HEAVY RAIN
  RAIN
  LIGHT RAIN
  FOG
  FOG W/VISIBILITY <= 1/4 MILE


RELATIVE HUMIDITY (PERCENT)
 HIGHEST   100           100 AM
 LOWEST     84           400 PM
 AVERAGE    92

..........................................................


THE NEW BERN NC CLIMATE NORMALS FOR TODAY
                         NORMAL    RECORD    YEAR
 MAXIMUM TEMPERATURE (F)   55        77      1974
 MINIMUM TEMPERATURE (F)   34        13      1985


SUNRISE AND SUNSET
JANUARY 23 2017.......SUNRISE   713 AM EST   SUNSET   528 PM EST
JANUARY 24 2017.......SUNRISE   712 AM EST   SUNSET   529 PM EST


-  INDICATES NEGATIVE NUMBERS.
R  INDICATES RECORD WAS SET OR TIED.
MM INDICATES DATA IS MISSING.
T  INDICATES TRACE AMOUNT.




$$
