000
CDUS42 KMHX 230525
CLIEWN


CLIMATE REPORT
NATIONAL WEATHER SERVICE NEWPORT/MOREHEAD CITY NC
1225 AM EST FRI FEB 23 2018


...................................

...THE NEW BERN NC CLIMATE SUMMARY FOR FEBRUARY 22 2018...

CLIMATE NORMAL PERIOD 1981 TO 2010
CLIMATE RECORD PERIOD 1948 TO 2018


WEATHER ITEM   OBSERVED TIME   RECORD YEAR NORMAL DEPARTURE LAST
                VALUE   (LST)  VALUE       VALUE  FROM      YEAR
                                                  NORMAL
..................................................................
TEMPERATURE (F)
 YESTERDAY
  MAXIMUM         82R   229 PM  80    1980  59     23       74
  MINIMUM         57   1157 PM  17    1963  37     20       43
  AVERAGE         70                        48     22       59

PRECIPITATION (IN)
  YESTERDAY        0.00          1.71 1962   0.14  -0.14     0.00
  MONTH TO DATE    0.93                      2.84  -1.91     1.97
  SINCE DEC 1     10.22                     10.26  -0.04     9.72
  SINCE JAN 1      5.99                      6.86  -0.87     6.22

SNOWFALL (IN)
  YESTERDAY        0.0
  MONTH TO DATE    0.0
  SINCE NOV 1      6.0
  SINCE JUL 1      6.0
  SNOW DEPTH       0

DEGREE DAYS
 HEATING
  YESTERDAY        0                        17    -17        6
  MONTH TO DATE  253                       409   -156      279
  SINCE DEC 1   1688                      1622     66     1307
  SINCE JUL 1   2127                      2049     78     1702

 COOLING
  YESTERDAY        5                         0      5        0
  MONTH TO DATE   29                         0     29        6
  SINCE DEC 1     32                         4     28        6
  SINCE JAN 1     32                         1     31        6
..................................................................


WIND (MPH)
  HIGHEST WIND SPEED    15   HIGHEST WIND DIRECTION     S (180)
  HIGHEST GUST SPEED    20   HIGHEST GUST DIRECTION     S (180)
  AVERAGE WIND SPEED     6.2


SKY COVER
  POSSIBLE SUNSHINE  MM
  AVERAGE SKY COVER 0.4


WEATHER CONDITIONS
 THE FOLLOWING WEATHER WAS RECORDED YESTERDAY.
  FOG
  FOG W/VISIBILITY <= 1/4 MILE


RELATIVE HUMIDITY (PERCENT)
 HIGHEST   100          1200 AM
 LOWEST     49           300 PM
 AVERAGE    75

..........................................................


THE NEW BERN NC CLIMATE NORMALS FOR TODAY
                         NORMAL    RECORD    YEAR
 MAXIMUM TEMPERATURE (F)   59        81      1980
 MINIMUM TEMPERATURE (F)   37        15      1963


SUNRISE AND SUNSET
FEBRUARY 23 2018......SUNRISE   645 AM EST   SUNSET   558 PM EST
FEBRUARY 24 2018......SUNRISE   644 AM EST   SUNSET   559 PM EST


-  INDICATES NEGATIVE NUMBERS.
R  INDICATES RECORD WAS SET OR TIED.
MM INDICATES DATA IS MISSING.
T  INDICATES TRACE AMOUNT.




$$
