000
CDUS42 KMHX 070525
CLIEWN


CLIMATE REPORT
NATIONAL WEATHER SERVICE NEWPORT/MOREHEAD CITY NC
125 AM EDT TUE JUL 7 2015


...................................

...THE NEW BERN NC CLIMATE SUMMARY FOR JULY 6 2015...

CLIMATE NORMAL PERIOD 1981 TO 2010
CLIMATE RECORD PERIOD 1948 TO 2015


WEATHER ITEM   OBSERVED TIME   RECORD YEAR NORMAL DEPARTURE LAST
                VALUE   (LST)  VALUE       VALUE  FROM      YEAR
                                                  NORMAL
..................................................................
TEMPERATURE (F)
 YESTERDAY
  MAXIMUM         89    311 PM  98    1969  90     -1       85
  MINIMUM         76   1159 PM  58    1964  71      5       61
  AVERAGE         83                        80      3       73

PRECIPITATION (IN)
  YESTERDAY        0.16          2.92 1950   0.17  -0.01     0.00
  MONTH TO DATE    0.53                      1.03  -0.50     0.82
  SINCE JUN 1      8.31                      5.62   2.69     4.31
  SINCE JAN 1     25.13                     25.01   0.12    22.19

SNOWFALL (IN)
  YESTERDAY        0.0
  MONTH TO DATE    0.0
  SINCE NOV 1      3.0
  SINCE JUL 1      0.0
  SNOW DEPTH       0

DEGREE DAYS
 HEATING
  YESTERDAY        0                         0      0        0
  MONTH TO DATE    0                         0      0        0
  SINCE JUN 1      0                         1     -1        0
  SINCE JUL 1      0                         0      0        0

 COOLING
  YESTERDAY       18                        15      3        8
  MONTH TO DATE  102                        90     12       90
  SINCE JUN 1    578                       455    123      511
  SINCE JAN 1    876                       698    178      872
..................................................................


WIND (MPH)
  HIGHEST WIND SPEED    16   HIGHEST WIND DIRECTION     S (170)
  HIGHEST GUST SPEED    22   HIGHEST GUST DIRECTION     S (180)
  AVERAGE WIND SPEED     7.7


SKY COVER
  POSSIBLE SUNSHINE  MM
  AVERAGE SKY COVER 0.1


WEATHER CONDITIONS
 THE FOLLOWING WEATHER WAS RECORDED YESTERDAY.
  THUNDERSTORM
  HEAVY RAIN
  LIGHT RAIN
  FOG


RELATIVE HUMIDITY (PERCENT)
 HIGHEST    94           100 AM
 LOWEST     51           500 PM
 AVERAGE    73

..........................................................


THE NEW BERN NC CLIMATE NORMALS FOR TODAY
                         NORMAL    RECORD    YEAR
 MAXIMUM TEMPERATURE (F)   90        98      2010
                                             1987
 MINIMUM TEMPERATURE (F)   71        57      1951


SUNRISE AND SUNSET
JULY  7 2015..........SUNRISE   600 AM EDT   SUNSET   826 PM EDT
JULY  8 2015..........SUNRISE   601 AM EDT   SUNSET   825 PM EDT


-  INDICATES NEGATIVE NUMBERS.
R  INDICATES RECORD WAS SET OR TIED.
MM INDICATES DATA IS MISSING.
T  INDICATES TRACE AMOUNT.




$$
