000
CDUS42 KMHX 010526
CLIEWN


CLIMATE REPORT
NATIONAL WEATHER SERVICE NEWPORT/MOREHEAD CITY NC
126 AM EDT TUE SEP 1 2015


...................................

...THE NEW BERN NC CLIMATE SUMMARY FOR AUGUST 31 2015...

CLIMATE NORMAL PERIOD 1981 TO 2010
CLIMATE RECORD PERIOD 1948 TO 2015


WEATHER ITEM   OBSERVED TIME   RECORD YEAR NORMAL DEPARTURE LAST
                VALUE   (LST)  VALUE       VALUE  FROM      YEAR
                                                  NORMAL
..................................................................
TEMPERATURE (F)
 YESTERDAY
  MAXIMUM         81    331 PM  96    1957  86     -5       92
  MINIMUM         72    412 AM  53    1965  69      3       71
  AVERAGE         77                        78     -1       82

PRECIPITATION (IN)
  YESTERDAY        1.13          3.64 2006   0.19   0.94     0.00
  MONTH TO DATE    8.77                      6.65   2.12     9.13
  SINCE JUN 1     24.40                     17.41   6.99    19.13
  SINCE JAN 1     41.22                     36.80   4.42    37.01

SNOWFALL (IN)
  YESTERDAY        0.0
  MONTH TO DATE    0.0
  SINCE NOV 1      3.0
  SINCE JUL 1      0.0
  SNOW DEPTH       0

DEGREE DAYS
 HEATING
  YESTERDAY        0                         0      0        0
  MONTH TO DATE    0                         0      0        0
  SINCE JUN 1      0                         1     -1        0
  SINCE JUL 1      0                         0      0        0

 COOLING
  YESTERDAY       12                        13     -1       17
  MONTH TO DATE  432                       439     -7      446
  SINCE JUN 1   1423                      1286    137     1350
  SINCE JAN 1   1721                      1529    192     1711
..................................................................


WIND (MPH)
  HIGHEST WIND SPEED    15   HIGHEST WIND DIRECTION     W (290)
  HIGHEST GUST SPEED    18   HIGHEST GUST DIRECTION     W (290)
  AVERAGE WIND SPEED     2.9


SKY COVER
  POSSIBLE SUNSHINE  MM
  AVERAGE SKY COVER 0.8


WEATHER CONDITIONS
 THE FOLLOWING WEATHER WAS RECORDED YESTERDAY.
  HEAVY RAIN
  RAIN
  LIGHT RAIN


RELATIVE HUMIDITY (PERCENT)
 HIGHEST    94          1000 PM
 LOWEST     79           800 AM
 AVERAGE    87

..........................................................


THE NEW BERN NC CLIMATE NORMALS FOR TODAY
                         NORMAL    RECORD    YEAR
 MAXIMUM TEMPERATURE (F)   86        98      1993
 MINIMUM TEMPERATURE (F)   69        58      1976


SUNRISE AND SUNSET
SEPTEMBER  1 2015.....SUNRISE   641 AM EDT   SUNSET   735 PM EDT
SEPTEMBER  2 2015.....SUNRISE   641 AM EDT   SUNSET   734 PM EDT


-  INDICATES NEGATIVE NUMBERS.
R  INDICATES RECORD WAS SET OR TIED.
MM INDICATES DATA IS MISSING.
T  INDICATES TRACE AMOUNT.




$$
