944
CDUS41 KOKX 180617
CLIEWR


CLIMATE REPORT
NATIONAL WEATHER SERVICE NEW YORK NY
117 AM EST MON DEC 18 2017


...................................

...THE NEWARK NJ CLIMATE SUMMARY FOR DECEMBER 17 2017...

CLIMATE NORMAL PERIOD 1981 TO 2010
CLIMATE RECORD PERIOD 1929 TO 2017


WEATHER ITEM   OBSERVED TIME   RECORD YEAR NORMAL DEPARTURE LAST
                VALUE   (LST)  VALUE       VALUE  FROM      YEAR
                                                  NORMAL
..................................................................
TEMPERATURE (F)
 YESTERDAY
  MAXIMUM         38    736 PM  66    2000  43     -5       36
  MINIMUM         32    808 AM   6    1951  29      3       24
  AVERAGE         35                        36     -1       30

PRECIPITATION (IN)
  YESTERDAY        0.00          1.02 2015   0.12  -0.12     0.71
  MONTH TO DATE    0.86                      2.17  -1.31     1.98
  SINCE DEC 1      0.86                      2.17  -1.31     1.98
  SINCE JAN 1     46.71                     44.61   2.10    37.48

SNOWFALL (IN)
  YESTERDAY        0.0           3.0  2016   0.2   -0.2      3.0
  MONTH TO DATE    7.1                       2.3    4.8      3.4
  SINCE OCT 1      7.1                       2.7    4.4      3.4
  SINCE JUL 1      7.1                       2.7    4.4      3.4
  SNOW DEPTH       0

DEGREE DAYS
 HEATING
  YESTERDAY       30                        29      1       35
  MONTH TO DATE  468                       448     20      467
  SINCE DEC 1    468                       448     20      467
  SINCE JUL 1   1153                      1316   -163     1150

 COOLING
  YESTERDAY        0                         0      0        0
  MONTH TO DATE    0                         0      0        0
  SINCE DEC 1      0                         0      0        0
  SINCE JAN 1   1316                      1192    124     1571
..................................................................


WIND (MPH)
  HIGHEST WIND SPEED     8   HIGHEST WIND DIRECTION     N (20)
  HIGHEST GUST SPEED    10   HIGHEST GUST DIRECTION    NE (30)
  AVERAGE WIND SPEED     3.8


SKY COVER
  AVERAGE SKY COVER 0.9


WEATHER CONDITIONS
 THE FOLLOWING WEATHER WAS RECORDED YESTERDAY.
  NO SIGNIFICANT WEATHER WAS OBSERVED.


RELATIVE HUMIDITY (PERCENT)
 HIGHEST    75           900 PM
 LOWEST     59          1100 AM
 AVERAGE    67

..........................................................


THE NEWARK NJ CLIMATE NORMALS FOR TODAY
                         NORMAL    RECORD    YEAR
 MAXIMUM TEMPERATURE (F)   43        64      1937
 MINIMUM TEMPERATURE (F)   29        13      1953
                                             1945


SUNRISE AND SUNSET
DECEMBER 18 2017......SUNRISE   716 AM EST   SUNSET   431 PM EST
DECEMBER 19 2017......SUNRISE   716 AM EST   SUNSET   432 PM EST


-  INDICATES NEGATIVE NUMBERS.
R  INDICATES RECORD WAS SET OR TIED.
MM INDICATES DATA IS MISSING.
T  INDICATES TRACE AMOUNT.




$$
