000
CDUS41 KOKX 170618
CLIEWR


CLIMATE REPORT
NATIONAL WEATHER SERVICE NEW YORK NY
218 AM EDT TUE OCT 17 2017


...................................

...THE NEWARK NJ CLIMATE SUMMARY FOR OCTOBER 16 2017...

CLIMATE NORMAL PERIOD 1981 TO 2010
CLIMATE RECORD PERIOD 1929 TO 2017


WEATHER ITEM   OBSERVED TIME   RECORD YEAR NORMAL DEPARTURE LAST
                VALUE   (LST)  VALUE       VALUE  FROM      YEAR
                                                  NORMAL
..................................................................
TEMPERATURE (F)
 YESTERDAY
  MAXIMUM         69    131 AM  84    1958  65      4       73
  MINIMUM         47   1159 PM  31    1944  48     -1       45
  AVERAGE         58                        56      2       59

PRECIPITATION (IN)
  YESTERDAY        0.01          1.42 1974   0.11  -0.10     0.00
  MONTH TO DATE    0.65                      1.89  -1.24     0.66
  SINCE SEP 1      2.37                      5.71  -3.34     2.83
  SINCE JAN 1     40.05                     37.08   2.97    26.64

SNOWFALL (IN)
  YESTERDAY       MM             0.0  2001   0.0   MM        0.0
  MONTH TO DATE    0.0                       0.0    0.0      0.0
  SINCE OCT 1      0.0                       0.0    0.0      0.0
  SINCE JUL 1      0.0                       0.0    0.0      0.0
  SNOW DEPTH       0

DEGREE DAYS
 HEATING
  YESTERDAY        7                         9     -2        6
  MONTH TO DATE   31                       108    -77       86
  SINCE SEP 1     48                       152   -104      102
  SINCE JUL 1     48                       153   -105      102

 COOLING
  YESTERDAY        0                         0      0        0
  MONTH TO DATE   74                        14     60        3
  SINCE SEP 1    276                       154    122      231
  SINCE JAN 1   1304                      1188    116     1541
..................................................................


WIND (MPH)
  HIGHEST WIND SPEED    23   HIGHEST WIND DIRECTION    NW (320)
  HIGHEST GUST SPEED    32   HIGHEST GUST DIRECTION    NW (310)
  AVERAGE WIND SPEED    14.7


SKY COVER
  AVERAGE SKY COVER 0.7


WEATHER CONDITIONS
 THE FOLLOWING WEATHER WAS RECORDED YESTERDAY.
  LIGHT RAIN
  FOG


RELATIVE HUMIDITY (PERCENT)
 HIGHEST    81           200 AM
 LOWEST     42           200 PM
 AVERAGE    62

..........................................................


THE NEWARK NJ CLIMATE NORMALS FOR TODAY
                         NORMAL    RECORD    YEAR
 MAXIMUM TEMPERATURE (F)   65        90      1938
 MINIMUM TEMPERATURE (F)   47        29      1937


SUNRISE AND SUNSET
OCTOBER 17 2017.......SUNRISE   710 AM EDT   SUNSET   613 PM EDT
OCTOBER 18 2017.......SUNRISE   711 AM EDT   SUNSET   612 PM EDT


-  INDICATES NEGATIVE NUMBERS.
R  INDICATES RECORD WAS SET OR TIED.
MM INDICATES DATA IS MISSING.
T  INDICATES TRACE AMOUNT.




$$
