000
CDUS41 KOKX 290625
CLIEWR


CLIMATE REPORT
NATIONAL WEATHER SERVICE NEW YORK NY
225 AM EDT SAT AUG 29 2015


...................................

...THE NEWARK NJ CLIMATE SUMMARY FOR AUGUST 28 2015...

CLIMATE NORMAL PERIOD 1981 TO 2010
CLIMATE RECORD PERIOD 1929 TO 2015


WEATHER ITEM   OBSERVED TIME   RECORD YEAR NORMAL DEPARTURE LAST
                VALUE   (LST)  VALUE       VALUE  FROM      YEAR
                                                  NORMAL
..................................................................
TEMPERATURE (F)
 YESTERDAY
  MAXIMUM         83    351 PM 102    1948  82      1       82
  MINIMUM         63    539 AM  51    1941  66     -3       66
  AVERAGE         73                        74     -1       74

PRECIPITATION (IN)
  YESTERDAY        0.00          5.22 2011   0.10  -0.10     0.00
  MONTH TO DATE    1.40                      3.42  -2.02     1.72
  SINCE JUN 1      9.99                     12.20  -2.21    11.23
  SINCE JAN 1     27.60                     31.09  -3.49    34.58

SNOWFALL (IN)
  YESTERDAY        0.0           0.0  2002   0.0    0.0      0.0
                                      2001
  MONTH TO DATE    0.0                       0.0    0.0      0.0
  SINCE OCT 1     46.4                      28.5   17.9     61.1
  SINCE JUL 1      0.0                       0.0    0.0      0.0
  SNOW DEPTH       0

DEGREE DAYS
 HEATING
  YESTERDAY        0                         0      0        0
  MONTH TO DATE    0                         0      0        0
  SINCE JUN 1     29                        17     12        0
  SINCE JUL 1      0                         0      0        0

 COOLING
  YESTERDAY        8                         9     -1        9
  MONTH TO DATE  387                       309     78      273
  SINCE JUN 1   1077                       931    146      896
  SINCE JAN 1   1237                      1007    230      958
..................................................................


WIND (MPH)
  HIGHEST WIND SPEED    14   HIGHEST WIND DIRECTION     W (290)
  HIGHEST GUST SPEED    25   HIGHEST GUST DIRECTION     W (290)
  AVERAGE WIND SPEED     6.9


SKY COVER
  AVERAGE SKY COVER 0.3


WEATHER CONDITIONS
 THE FOLLOWING WEATHER WAS RECORDED YESTERDAY.
  NO SIGNIFICANT WEATHER WAS OBSERVED.


RELATIVE HUMIDITY (PERCENT)
 HIGHEST    72           500 AM
 LOWEST     33          1200 PM
 AVERAGE    53

..........................................................


THE NEWARK NJ CLIMATE NORMALS FOR TODAY
                         NORMAL    RECORD    YEAR
 MAXIMUM TEMPERATURE (F)   82       100      1953
 MINIMUM TEMPERATURE (F)   66        45      1982


SUNRISE AND SUNSET
AUGUST 29 2015........SUNRISE   620 AM EDT   SUNSET   734 PM EDT
AUGUST 30 2015........SUNRISE   621 AM EDT   SUNSET   733 PM EDT


-  INDICATES NEGATIVE NUMBERS.
R  INDICATES RECORD WAS SET OR TIED.
MM INDICATES DATA IS MISSING.
T  INDICATES TRACE AMOUNT.




$$
