646
CDUS43 KIND 240532
CLIEYE


CLIMATE REPORT
NATIONAL WEATHER SERVICE INDIANAPOLIS IN
131 AM EDT MON APR 24 2017


...................................

...THE INDIANAPOLIS EAGLE CREEK IN CLIMATE SUMMARY FOR APRIL 23 2017...

CLIMATE NORMAL PERIOD 1981 TO 2010
CLIMATE RECORD PERIOD 9999 TO 9999


WEATHER ITEM   OBSERVED TIME   NORMAL DEPARTURE LAST
                VALUE   (LST)  VALUE  FROM      YEAR
                                      NORMAL
......................................................
TEMPERATURE (F)
 YESTERDAY
  MAXIMUM         71    447 PM  65      6       66
  MINIMUM         41    551 AM  46     -5       48
  AVERAGE         56            56      0       57

PRECIPITATION (IN)
  YESTERDAY        0.00          0.14  -0.14     0.00
  MONTH TO DATE    1.47          2.72  -1.25     2.45
  SINCE MAR 1      5.92          6.02  -0.10     4.89
  SINCE JAN 1     11.08         10.36   0.72     6.85

DEGREE DAYS
 HEATING
  YESTERDAY        9            10     -1        8
  MONTH TO DATE  178           308   -130      319
  SINCE MAR 1    826          1008   -182      805
  SINCE JUL 1   4086          5133  -1047     4318

 COOLING
  YESTERDAY        0             1     -1        0
  MONTH TO DATE   22            13      9        5
  SINCE MAR 1     24            14     10        5
  SINCE JAN 1     24            14     10        5
......................................................


WIND (MPH)
  HIGHEST WIND SPEED    17   HIGHEST WIND DIRECTION    NE (50)
  HIGHEST GUST SPEED    24   HIGHEST GUST DIRECTION    NE (60)
  AVERAGE WIND SPEED     8.7


SKY COVER
  AVERAGE SKY COVER 0.0


WEATHER CONDITIONS
 THE FOLLOWING WEATHER WAS RECORDED YESTERDAY.
  NO SIGNIFICANT WEATHER WAS OBSERVED.


RELATIVE HUMIDITY (PERCENT)
 HIGHEST    62           400 AM
 LOWEST     19           700 PM
 AVERAGE    41

..........................................................


THE INDIANAPOLIS EAGLE CREEK IN CLIMATE NORMALS FOR TODAY
                         NORMAL
 MAXIMUM TEMPERATURE (F)   66
 MINIMUM TEMPERATURE (F)   46


SUNRISE AND SUNSET
APRIL 24 2017.........SUNRISE   654 AM EDT   SUNSET   833 PM EDT
APRIL 25 2017.........SUNRISE   653 AM EDT   SUNSET   834 PM EDT


-  INDICATES NEGATIVE NUMBERS.
R  INDICATES RECORD WAS SET OR TIED.
MM INDICATES DATA IS MISSING.
T  INDICATES TRACE AMOUNT.




$$
