000
CDUS43 KIND 220531
CLIEYE


CLIMATE REPORT
NATIONAL WEATHER SERVICE INDIANAPOLIS IN
131 AM EDT SAT JUL 22 2017


...................................

...THE INDIANAPOLIS EAGLE CREEK IN CLIMATE SUMMARY FOR JULY 21 2017...

CLIMATE NORMAL PERIOD 1981 TO 2010
CLIMATE RECORD PERIOD 9999 TO 9999


WEATHER ITEM   OBSERVED TIME   NORMAL DEPARTURE LAST
                VALUE   (LST)  VALUE  FROM      YEAR
                                      NORMAL
......................................................
TEMPERATURE (F)
 YESTERDAY
  MAXIMUM         90    535 PM  84      6       91
  MINIMUM         72    754 AM  67      5       74
  AVERAGE         81            75      6       83

PRECIPITATION (IN)
  YESTERDAY        0.30          0.14   0.16     0.00
  MONTH TO DATE    4.37          3.19   1.18     5.12
  SINCE JUN 1      8.72          7.58   1.14    13.98
  SINCE JAN 1     30.56         24.39   6.17    25.49

DEGREE DAYS
 HEATING
  YESTERDAY        0             0      0        0
  MONTH TO DATE    0             0      0        3
  SINCE JUN 1      3            14    -11        3
  SINCE JUL 1      0             0      0        3

 COOLING
  YESTERDAY       16            10      6       18
  MONTH TO DATE  249           220     29      220
  SINCE JUN 1    480           454     26      521
  SINCE JAN 1    582           538     44      623
......................................................


WIND (MPH)
  HIGHEST WIND SPEED    25   HIGHEST WIND DIRECTION    NW (320)
  HIGHEST GUST SPEED    36   HIGHEST GUST DIRECTION    NW (310)
  AVERAGE WIND SPEED     5.2


SKY COVER
  AVERAGE SKY COVER 0.2


WEATHER CONDITIONS
 THE FOLLOWING WEATHER WAS RECORDED YESTERDAY.
  THUNDERSTORM
  HEAVY RAIN
  LIGHT RAIN
  FOG
  HAZE


RELATIVE HUMIDITY (PERCENT)
 HIGHEST    85           300 AM
 LOWEST     56           300 PM
 AVERAGE    71

..........................................................


THE INDIANAPOLIS EAGLE CREEK IN CLIMATE NORMALS FOR TODAY
                         NORMAL
 MAXIMUM TEMPERATURE (F)   84
 MINIMUM TEMPERATURE (F)   66


SUNRISE AND SUNSET
JULY 22 2017..........SUNRISE   635 AM EDT   SUNSET   908 PM EDT
JULY 23 2017..........SUNRISE   636 AM EDT   SUNSET   907 PM EDT


-  INDICATES NEGATIVE NUMBERS.
R  INDICATES RECORD WAS SET OR TIED.
MM INDICATES DATA IS MISSING.
T  INDICATES TRACE AMOUNT.




$$
