000
CDUS42 KKEY 260534
CLIEYW

CLIMATE REPORT
NATIONAL WEATHER SERVICE KEY WEST, FL
131 AM EDT MON SEP 26 2016


...................................

...THE KEY WEST CLIMATE SUMMARY FOR SEPTEMBER 25 2016...

CLIMATE NORMAL PERIOD 1981 TO 2010
CLIMATE RECORD PERIOD 1871 TO 2016


WEATHER ITEM   OBSERVED TIME   RECORD YEAR NORMAL DEPARTURE LAST
                VALUE   (LST)  VALUE       VALUE  FROM      YEAR
                                                  NORMAL
..................................................................
TEMPERATURE (F)
 YESTERDAY
  MAXIMUM         90    342 PM  93    1957  87      3       88
                                      1951
  MINIMUM         80    559 AM  70    1903  78      2       81
  AVERAGE         85                        83      2       85

PRECIPITATION (IN)
  YESTERDAY        0.09          2.99 1966   0.22  -0.13     0.00
  MONTH TO DATE    7.07                      5.62   1.45     4.68
  SINCE SEP 1      7.07                      5.62   1.45     4.68
  SINCE JAN 1     32.41                     29.29   3.12    27.19

SNOWFALL (IN)
  YESTERDAY        0.0
  MONTH TO DATE    0.0
  SINCE SEP 1      0.0
  SINCE JUL 1      0.0
  SNOW DEPTH       0

DEGREE DAYS
 HEATING
  YESTERDAY        0                         0      0        0
  MONTH TO DATE    0                         0      0        0
  SINCE SEP 1      0                         0      0        0
  SINCE JUL 1      0                         0      0        0

 COOLING
  YESTERDAY       20                        18      2       20
  MONTH TO DATE  489                       460     29      510
  SINCE SEP 1    489                       460     29      510
  SINCE JAN 1   3796                      3649    147     4103
..................................................................


WIND (MPH)
  HIGHEST WIND SPEED    12   HIGHEST WIND DIRECTION    SE (140)
  HIGHEST GUST SPEED    17   HIGHEST GUST DIRECTION     E (70)
  AVERAGE WIND SPEED     6.1


SKY COVER
  POSSIBLE SUNSHINE  MM
  AVERAGE SKY COVER 0.3


WEATHER CONDITIONS
 THE FOLLOWING WEATHER WAS RECORDED YESTERDAY.
  THUNDERSTORM
  RAIN
  LIGHT RAIN
  WATERSPOUT


RELATIVE HUMIDITY (PERCENT)
 HIGHEST    94
 LOWEST     59
 AVERAGE    77

..........................................................


THE KEY WEST CLIMATE NORMALS FOR TODAY
                         NORMAL    RECORD    YEAR
 MAXIMUM TEMPERATURE (F)   87        92      1987
                                             1955
                                             1951
 MINIMUM TEMPERATURE (F)   78        70      1901


SUNRISE AND SUNSET
SEPTEMBER 26 2016.....SUNRISE   717 AM EDT   SUNSET   719 PM EDT
SEPTEMBER 27 2016.....SUNRISE   718 AM EDT   SUNSET   718 PM EDT


-  INDICATES NEGATIVE NUMBERS.
R  INDICATES RECORD WAS SET OR TIED.
MM INDICATES DATA IS MISSING.
T  INDICATES TRACE AMOUNT.

$$

CLR
