000
CDUS42 KKEY 290538
CLIEYW

CLIMATE REPORT
NATIONAL WEATHER SERVICE KEY WEST, FL
131 AM EDT SUN MAR 29 2015

...................................

...THE KEY WEST CLIMATE SUMMARY FOR MARCH 28 2015...

CLIMATE NORMAL PERIOD 1981 TO 2010
CLIMATE RECORD PERIOD 1871 TO 2015

WEATHER ITEM   OBSERVED TIME   RECORD YEAR NORMAL DEPARTURE LAST
                VALUE   (LST)  VALUE       VALUE  FROM      YEAR
                                                  NORMAL
..................................................................
TEMPERATURE (F)
 YESTERDAY
  MAXIMUM         75    151 AM  88    1994  79     -4       81
  MINIMUM         67    749 PM  58    2013  69     -2       74
  AVERAGE         71                        74     -3       78

PRECIPITATION (IN)
  YESTERDAY        T             1.10 2000   0.06  -0.06     0.00
  MONTH TO DATE    1.48                      1.85  -0.37     3.72
  SINCE MAR 1      1.48                      1.85  -0.37     3.72
  SINCE JAN 1      4.71                      5.38  -0.67    11.32

SNOWFALL (IN)
  YESTERDAY        0.0
  MONTH TO DATE    0.0
  SINCE MAR 1      0.0
  SINCE JUL 1      0.0
  SNOW DEPTH       0

DEGREE DAYS
 HEATING
  YESTERDAY        0                         0      0        0
  MONTH TO DATE    0                         0      0        0
  SINCE MAR 1      0                         0      0        0
  SINCE JUL 1     27                        66    -39       22

 COOLING
  YESTERDAY        6                         9     -3       13
  MONTH TO DATE  352                       234    118      250
  SINCE MAR 1    352                       234    118      250
  SINCE JAN 1    710                       582    128      676
..................................................................

WIND (MPH)
  HIGHEST WIND SPEED    21   HIGHEST WIND DIRECTION     N (360)
  HIGHEST GUST SPEED    28   HIGHEST GUST DIRECTION     N (360)
  AVERAGE WIND SPEED    14.0


SKY COVER
  POSSIBLE SUNSHINE  MM
  AVERAGE SKY COVER 0.2


WEATHER CONDITIONS
 THE FOLLOWING WEATHER WAS RECORDED YESTERDAY.
  LIGHT RAIN


RELATIVE HUMIDITY (PERCENT)
 HIGHEST    87
 LOWEST     57
 AVERAGE    72

..........................................................


THE KEY WEST CLIMATE NORMALS FOR TODAY
                         NORMAL    RECORD    YEAR
 MAXIMUM TEMPERATURE (F)   79        87      1882
                                             1878
                                             1874
 MINIMUM TEMPERATURE (F)   70        60      1958
                                             1915


SUNRISE AND SUNSET
MARCH 29 2015.........SUNRISE   722 AM EDT   SUNSET   742 PM EDT
MARCH 30 2015.........SUNRISE   721 AM EDT   SUNSET   742 PM EDT


-  INDICATES NEGATIVE NUMBERS.
R  INDICATES RECORD WAS SET OR TIED.
MM INDICATES DATA IS MISSING.
T  INDICATES TRACE AMOUNT.

$$

BWC
