660
CDUS42 KKEY 162025
CLIEYW

CLIMATE REPORT
NATIONAL WEATHER SERVICE KEY WEST, FL
421 PM EDT WED AUG 16 2017

...................................

...THE KEY WEST CLIMATE SUMMARY FOR AUGUST 16 2017...
VALID TODAY AS OF 0400 PM LOCAL TIME.

CLIMATE NORMAL PERIOD 1981 TO 2010
CLIMATE RECORD PERIOD 1871 TO 2017

WEATHER ITEM   OBSERVED TIME   RECORD YEAR NORMAL DEPARTURE LAST
                VALUE   (LST)  VALUE       VALUE  FROM      YEAR
                                                  NORMAL
..................................................................

TEMPERATURE (F)
 TODAY
  MAXIMUM         92    148 PM  95    1957  90      2       89
                                      1956
  MINIMUM         85    630 AM  71    1891  80      5       81
  AVERAGE         89                        85      4       85

PRECIPITATION (IN)
  TODAY            0.00          2.25 1881   0.18  -0.18     0.09
  MONTH TO DATE    1.30                      2.55  -1.25     2.94
  SINCE JUN 1     10.26                     10.21   0.05     7.82
  SINCE JAN 1     19.31                     20.84  -1.53    19.47

SNOWFALL (IN)
  TODAY            0.0
  MONTH TO DATE    0.0
  SINCE JUN 1      0.0
  SINCE JUL 1      0.0
  SNOW DEPTH       0

DEGREE DAYS
 HEATING
  TODAY            0                         0      0        0
  MONTH TO DATE    0                         0      0        0
  SINCE JUN 1      0                         0      0        0
  SINCE JUL 1      0                         0      0        0

 COOLING
  TODAY           24                        20      4       20
  MONTH TO DATE  347                       320     27      327
  SINCE JUN 1   1571                      1475     96     1531
  SINCE JAN 1   3326                      2905    421     3022

..................................................................

WIND (MPH)
  HIGHEST WIND SPEED    14   HIGHEST WIND DIRECTION    SE (130)
  HIGHEST GUST SPEED    16   HIGHEST GUST DIRECTION     E (110)
  AVERAGE WIND SPEED     8.6

SKY COVER
  POSSIBLE SUNSHINE  MM
  AVERAGE SKY COVER 0.1

WEATHER CONDITIONS
 THE FOLLOWING WEATHER WAS RECORDED TODAY.
  THUNDERSTORM

RELATIVE HUMIDITY (PERCENT)
 HIGHEST    77
 LOWEST     64
 AVERAGE    71

..........................................................

THE KEY WEST CLIMATE NORMALS FOR TOMORROW
                         NORMAL    RECORD    YEAR
 MAXIMUM TEMPERATURE (F)   89        95      1951
 MINIMUM TEMPERATURE (F)   80        71      1931
                                             1929

SUNRISE AND SUNSET

AUGUST 16 2017........SUNRISE   702 AM EDT   SUNSET   800 PM EDT
AUGUST 17 2017........SUNRISE   702 AM EDT   SUNSET   759 PM EDT

-  INDICATES NEGATIVE NUMBERS.
R  INDICATES RECORD WAS SET OR TIED.
MM INDICATES DATA IS MISSING.
T  INDICATES TRACE AMOUNT.

$$

SC
