000
CDUS42 KKEY 250544
CLIEYW


CLIMATE REPORT
NATIONAL WEATHER SERVICE KEY WEST, FL
144 AM EDT SUN JUN 25 2017


...................................

...THE KEY WEST CLIMATE SUMMARY FOR JUNE 24 2017...

CLIMATE NORMAL PERIOD 1981 TO 2010
CLIMATE RECORD PERIOD 1871 TO 2017


WEATHER ITEM   OBSERVED TIME   RECORD YEAR NORMAL DEPARTURE LAST
                VALUE   (LST)  VALUE       VALUE  FROM      YEAR
                                                  NORMAL
..................................................................
TEMPERATURE (F)
 YESTERDAY
  MAXIMUM         89    110 PM  94    1950  88      1       91
  MINIMUM         82    214 PM  71    1938  79      3       80
                                      1907
                                      1892
  AVERAGE         86                        84      2       86

PRECIPITATION (IN)
  YESTERDAY        T             2.65 1976   0.13  -0.13     0.01
  MONTH TO DATE    5.66                      3.29   2.37     0.78
  SINCE JUN 1      5.66                      3.29   2.37     0.78
  SINCE JAN 1     14.71                     13.92   0.79    12.43

SNOWFALL (IN)
  YESTERDAY        0.0
  MONTH TO DATE    0.0
  SINCE JUN 1      0.0
  SINCE JUL 1      0.0
  SNOW DEPTH       0

DEGREE DAYS
 HEATING
  YESTERDAY        0                         0      0        0
  MONTH TO DATE    0                         0      0        0
  SINCE JUN 1      0                         0      0        0
  SINCE JUL 1      5                        73    -68       24

 COOLING
  YESTERDAY       21                        19      2       21
  MONTH TO DATE  451                       436     15      456
  SINCE JUN 1    451                       436     15      456
  SINCE JAN 1   2206                      1866    340     1947
..................................................................


WIND (MPH)
  HIGHEST WIND SPEED    21   HIGHEST WIND DIRECTION    SE (120)
  HIGHEST GUST SPEED    26   HIGHEST GUST DIRECTION    SE (120)
  AVERAGE WIND SPEED    13.8


SKY COVER
  POSSIBLE SUNSHINE  MM
  AVERAGE SKY COVER 0.2


WEATHER CONDITIONS
 THE FOLLOWING WEATHER WAS RECORDED YESTERDAY.
  NO SIGNIFICANT WEATHER WAS OBSERVED.


RELATIVE HUMIDITY (PERCENT)
 HIGHEST    85
 LOWEST     65
 AVERAGE    75

..........................................................


THE KEY WEST CLIMATE NORMALS FOR TODAY
                         NORMAL    RECORD    YEAR
 MAXIMUM TEMPERATURE (F)   88        93      2007
                                             1952
                                             1950
 MINIMUM TEMPERATURE (F)   79        69      1922


SUNRISE AND SUNSET
JUNE 25 2017..........SUNRISE   640 AM EDT   SUNSET   819 PM EDT
JUNE 26 2017..........SUNRISE   640 AM EDT   SUNSET   819 PM EDT


-  INDICATES NEGATIVE NUMBERS.
R  INDICATES RECORD WAS SET OR TIED.
MM INDICATES DATA IS MISSING.
T  INDICATES TRACE AMOUNT.




$$
