000
CDUS42 KKEY 060611
CLIEYW

CLIMATE REPORT
NATIONAL WEATHER SERVICE KEY WEST FL
115 AM EST SAT FEB 6 2016

...................................

...THE KEY WEST CLIMATE SUMMARY FOR FEBRUARY 5 2016...

CLIMATE NORMAL PERIOD 1981 TO 2010
CLIMATE RECORD PERIOD 1871 TO 2016

WEATHER ITEM   OBSERVED TIME   RECORD YEAR NORMAL DEPARTURE LAST
                VALUE   (LST)  VALUE       VALUE  FROM      YEAR
                                                  NORMAL
..................................................................
TEMPERATURE (F)
 YESTERDAY
  MAXIMUM         78   1226 AM  84    1982  75      3       74
                                      1957
  MINIMUM         62    834 AM  45    1996  65     -3       66
                                      1958
  AVERAGE         70                        70      0       70

PRECIPITATION (IN)
  YESTERDAY        0.32          4.34 2012   0.05   0.27     0.42
  MONTH TO DATE    1.74                      0.28   1.46     0.63
  SINCE DEC 1      9.68                      4.54   5.14     3.91
  SINCE JAN 1      5.10                      2.32   2.78     1.66

SNOWFALL (IN)
  YESTERDAY        0.0
  MONTH TO DATE    0.0
  SINCE DEC 1      0.0
  SINCE JUL 1      0.0
  SNOW DEPTH       0

DEGREE DAYS
 HEATING
  YESTERDAY        0                         1     -1        0
  MONTH TO DATE    0                         5     -5        0
  SINCE DEC 1     13                        55    -42        5
  SINCE JUL 1     13                        56    -43        6

 COOLING
  YESTERDAY        5                         6     -1        5
  MONTH TO DATE   54                        30     24       27
  SINCE DEC 1    629                       412    217      511
  SINCE JAN 1    230                       195     35      258
..................................................................

WIND (MPH)
  HIGHEST WIND SPEED    26   HIGHEST WIND DIRECTION     N (350)
  HIGHEST GUST SPEED    36   HIGHEST GUST DIRECTION     N (10)
  AVERAGE WIND SPEED    16.5

SKY COVER
  POSSIBLE SUNSHINE  MM
  AVERAGE SKY COVER 0.8

WEATHER CONDITIONS
 THE FOLLOWING WEATHER WAS RECORDED YESTERDAY.
  HEAVY RAIN

RELATIVE HUMIDITY (PERCENT)
 HIGHEST   100
 LOWEST     48
 AVERAGE    74
..........................................................

THE KEY WEST CLIMATE NORMALS FOR TODAY
                         NORMAL    RECORD    YEAR
 MAXIMUM TEMPERATURE (F)   75        85      1939
 MINIMUM TEMPERATURE (F)   65        49      1966

SUNRISE AND SUNSET
FEBRUARY  6 2016......SUNRISE   707 AM EST   SUNSET   616 PM EST
FEBRUARY  7 2016......SUNRISE   706 AM EST   SUNSET   616 PM EST

-  INDICATES NEGATIVE NUMBERS.
R  INDICATES RECORD WAS SET OR TIED.
MM INDICATES DATA IS MISSING.
T  INDICATES TRACE AMOUNT.

$$
BS
