000
CDUS42 KKEY 232018
CLIEYW


CLIMATE REPORT
NATIONAL WEATHER SERVICE KEY WEST, FL
418 PM EDT MON OCT 23 2017


...................................

...THE KEY WEST CLIMATE SUMMARY FOR OCTOBER 23 2017...
VALID TODAY AS OF 0400 PM LOCAL TIME.

CLIMATE NORMAL PERIOD 1981 TO 2010
CLIMATE RECORD PERIOD 1871 TO 2017


WEATHER ITEM   OBSERVED TIME   RECORD YEAR NORMAL DEPARTURE LAST
                VALUE   (LST)  VALUE       VALUE  FROM      YEAR
                                                  NORMAL
..................................................................
TEMPERATURE (F)
 TODAY
  MAXIMUM         86    216 PM  91    1881  83      3       82
  MINIMUM         81    259 PM  64    1898  75      6       72
  AVERAGE         84                        79      5       77

PRECIPITATION (IN)
  TODAY            0.07          1.66 1883   0.15  -0.08     0.00
  MONTH TO DATE    4.94                      3.94   1.00     0.73
  SINCE SEP 1     14.22                     10.65   3.57     8.77
  SINCE JAN 1     34.46                     34.32   0.14    34.11

SNOWFALL (IN)
  TODAY            0.0
  MONTH TO DATE    0.0
  SINCE SEP 1      0.0
  SINCE JUL 1      0.0
  SNOW DEPTH       0

DEGREE DAYS
 HEATING
  TODAY            0                         0      0        0
  MONTH TO DATE    0                         0      0        0
  SINCE SEP 1      0                         0      0        0
  SINCE JUL 1      0                         0      0        0

 COOLING
  TODAY           19                        14      5       12
  MONTH TO DATE  415                       364     51      415
  SINCE SEP 1   1011                       910    101      989
  SINCE JAN 1   4642                      4099    543     4296
..................................................................


WIND (MPH)
  HIGHEST WIND SPEED    18   HIGHEST WIND DIRECTION    SE (150)
  HIGHEST GUST SPEED    24   HIGHEST GUST DIRECTION    SE (150)
  AVERAGE WIND SPEED    13.4


SKY COVER
  POSSIBLE SUNSHINE  MM
  AVERAGE SKY COVER 0.2


WEATHER CONDITIONS
 THE FOLLOWING WEATHER WAS RECORDED TODAY.
  LIGHT RAIN
  FOG


RELATIVE HUMIDITY (PERCENT)
 HIGHEST    74
 LOWEST     70
 AVERAGE    72

..........................................................


THE KEY WEST CLIMATE NORMALS FOR TOMORROW
                         NORMAL    RECORD    YEAR
 MAXIMUM TEMPERATURE (F)   83        89      1990
                                             1938
                                             1881
 MINIMUM TEMPERATURE (F)   75        64      1923


SUNRISE AND SUNSET
OCTOBER 23 2017.......SUNRISE   729 AM EDT   SUNSET   653 PM EDT
OCTOBER 24 2017.......SUNRISE   729 AM EDT   SUNSET   652 PM EDT


-  INDICATES NEGATIVE NUMBERS.
R  INDICATES RECORD WAS SET OR TIED.
MM INDICATES DATA IS MISSING.
T  INDICATES TRACE AMOUNT.




$$
