000
CDUS42 KKEY 060539
CLIEYW

CLIMATE REPORT
NATIONAL WEATHER SERVICE KEY WEST, FL
138 AM EDT FRI MAY 6 2016

...................................

...THE KEY WEST CLIMATE SUMMARY FOR MAY 5 2016...

CLIMATE NORMAL PERIOD 1981 TO 2010
CLIMATE RECORD PERIOD 1871 TO 2016

WEATHER ITEM   OBSERVED TIME   RECORD YEAR NORMAL DEPARTURE LAST
               VALUE    (LST)  VALUE       VALUE  FROM      YEAR
                                                  NORMAL
..................................................................
TEMPERATURE (F)
 YESTERDAY
  MAXIMUM         80    407 PM  91    1873  84     -4       80
  MINIMUM         72   1131 PM  64    1992  74     -2       71
  AVERAGE         76                        79     -3       76

PRECIPITATION (IN)
  YESTERDAY        0.00          2.10 1968   0.06  -0.06     0.03
  MONTH TO DATE    0.33                      0.26   0.07     0.03
  SINCE MAR 1      2.03                      4.36  -2.33     8.11
  SINCE JAN 1      9.11                      7.89   1.22    11.34

SNOWFALL (IN)
  YESTERDAY        0.0
  MONTH TO DATE    0.0
  SINCE MAR 1      0.0
  SINCE JUL 1      0.0
  SNOW DEPTH       0

DEGREE DAYS
 HEATING
  YESTERDAY        0                         0      0        0
  MONTH TO DATE    0                         0      0        0
  SINCE MAR 1      0                         7     -7        0
  SINCE JUL 1     24                        73    -49       27

 COOLING
  YESTERDAY       11                        14     -3       11
  MONTH TO DATE   71                        69      2       63
  SINCE MAR 1    764                       675     89      907
  SINCE JAN 1   1092                      1023     69     1265
..................................................................

WIND (MPH)
  HIGHEST WIND SPEED    17   HIGHEST WIND DIRECTION     N (340)
  HIGHEST GUST SPEED    27   HIGHEST GUST DIRECTION     N (340)
  AVERAGE WIND SPEED    12.7

SKY COVER
  POSSIBLE SUNSHINE  MM
  AVERAGE SKY COVER 0.2

WEATHER CONDITIONS
 THE FOLLOWING WEATHER WAS RECORDED YESTERDAY.
  NO SIGNIFICANT WEATHER WAS OBSERVED.

RELATIVE HUMIDITY (PERCENT)
 HIGHEST    93
 LOWEST     58
 AVERAGE    76

..........................................................

THE KEY WEST CLIMATE NORMALS FOR TODAY
                         NORMAL    RECORD    YEAR
 MAXIMUM TEMPERATURE (F)   84        89      1991
                                             1978
                                             1956
 MINIMUM TEMPERATURE (F)   74        67      1992
                                             1889

SUNRISE AND SUNSET
MAY  6 2016...........SUNRISE   648 AM EDT   SUNSET   759 PM EDT
MAY  7 2016...........SUNRISE   648 AM EDT   SUNSET   800 PM EDT

-  INDICATES NEGATIVE NUMBERS.
R  INDICATES RECORD WAS SET OR TIED.
MM INDICATES DATA IS MISSING.
T  INDICATES TRACE AMOUNT.

$$
