000
CDUS42 KKEY 290535
CLIEYW

CLIMATE REPORT
NATIONAL WEATHER SERVICE KEY WEST FL
135 AM EDT FRI JUL 29 2016

...................................

...THE KEY WEST CLIMATE SUMMARY FOR JULY 28 2016...

CLIMATE NORMAL PERIOD 1981 TO 2010
CLIMATE RECORD PERIOD 1871 TO 2016

WEATHER ITEM   OBSERVED TIME   RECORD YEAR NORMAL DEPARTURE LAST
                VALUE   (LST)  VALUE       VALUE  FROM      YEAR
                                                  NORMAL
..................................................................
TEMPERATURE (F)
 YESTERDAY
  MAXIMUM         89    357 PM  95    1881  90     -1       94
  MINIMUM         78    716 AM  70    1916  80     -2       82
  AVERAGE         84                        85     -1       88

PRECIPITATION (IN)
  YESTERDAY        0.29          7.14 1916   0.11   0.18     0.00
  MONTH TO DATE    3.68                      3.19   0.49     0.67
  SINCE JUN 1      4.82                      7.30  -2.48     3.31
  SINCE JAN 1     16.47                     17.93  -1.46    15.74

SNOWFALL (IN)
  YESTERDAY        0.0
  MONTH TO DATE    0.0
  SINCE JUN 1      0.0
  SINCE JUL 1      0.0
  SNOW DEPTH       0

DEGREE DAYS
 HEATING
  YESTERDAY        0                         0      0        0
  MONTH TO DATE    0                         0      0        0
  SINCE JUN 1      0                         0      0        0
  SINCE JUL 1      0                         0      0        0

 COOLING
  YESTERDAY       19                        20     -1       23
  MONTH TO DATE  571                       548     23      590
  SINCE JUN 1   1142                      1097     45     1161
  SINCE JAN 1   2633                      2527    106     2878
..................................................................

WIND (MPH)
  HIGHEST WIND SPEED    23   HIGHEST WIND DIRECTION     E (110)
  HIGHEST GUST SPEED    30   HIGHEST GUST DIRECTION     E (100)
  AVERAGE WIND SPEED    10.3

SKY COVER
  POSSIBLE SUNSHINE  MM
  AVERAGE SKY COVER 0.2

WEATHER CONDITIONS
 THE FOLLOWING WEATHER WAS RECORDED YESTERDAY.
  THUNDERSTORM
  HEAVY RAIN

RELATIVE HUMIDITY (PERCENT)
 HIGHEST    88
 LOWEST     70
 AVERAGE    79
..........................................................

THE KEY WEST CLIMATE NORMALS FOR TODAY
                         NORMAL    RECORD    YEAR
 MAXIMUM TEMPERATURE (F)   90        95      1880
                                             1872
 MINIMUM TEMPERATURE (F)   80        73      1996
                                             1983

SUNRISE AND SUNSET
JULY 29 2016..........SUNRISE   654 AM EDT   SUNSET   812 PM EDT
JULY 30 2016..........SUNRISE   655 AM EDT   SUNSET   812 PM EDT

-  INDICATES NEGATIVE NUMBERS.
R  INDICATES RECORD WAS SET OR TIED.
MM INDICATES DATA IS MISSING.
T  INDICATES TRACE AMOUNT.

$$
BS
