000
CDAK49 PAFG 190949
CLIFAI

CLIMATE REPORT
NATIONAL WEATHER SERVICE FAIRBANKS AK
1249 AM AKST THU JAN 19 2017

...................................

...THE FAIRBANKS AK CLIMATE SUMMARY FOR JANUARY 18 2017...

CLIMATE NORMAL PERIOD 1981 TO 2010
CLIMATE RECORD PERIOD 1904 TO 2017


WEATHER ITEM   OBSERVED TIME   RECORD YEAR NORMAL DEPARTURE LAST
                VALUE   (LST)  VALUE       VALUE  FROM      YEAR
                                                  NORMAL
..................................................................
TEMPERATURE (F)
 YESTERDAY
  MAXIMUM        -41   1233 AM  38    2001   0    -41       10
                                      1980
                                      1965
  MINIMUM        -51   1146 AM -61    1906 -16    -35      -13
  AVERAGE        -46                        -9    -37       -1

PRECIPITATION (IN)
  YESTERDAY        0.00          0.87 1937   0.02  -0.02      T
  MONTH TO DATE    0.82                      0.36   0.46      T
  SINCE DEC 1      2.78                      1.00   1.78     0.07
  SINCE JAN 1      0.82                      0.36   0.46      T

SNOWFALL (IN)
  YESTERDAY        0.0           8.6  2000   0.3   -0.3       T
  MONTH TO DATE   13.8                       6.4    7.4      0.6
  SINCE DEC 1     46.7                      18.5   28.2      1.7
  SINCE JUL 1     51.9                      44.3    7.6     51.8
  SNOW DEPTH      21

DEGREE DAYS
 HEATING
  YESTERDAY      111                        74     37       66
  MONTH TO DATE 1355                      1316     39     1108
  SINCE DEC 1   3621                      3457    164     3180
  SINCE JUL 1   7391                      7588   -197     6968

 COOLING
  YESTERDAY        0                         0      0        0
  MONTH TO DATE    0                         0      0        0
  SINCE DEC 1      0                         0      0        0
  SINCE JAN 1      0                         0      0        0
..................................................................


WIND (MPH)
  HIGHEST GUST SPEED     6   HIGHEST GUST DIRECTION     S (170)


SKY COVER
  AVERAGE SKY COVER 0.7


WEATHER CONDITIONS
 THE FOLLOWING WEATHER WAS RECORDED YESTERDAY.
  FOG
  FOG W/VISIBILITY <= 1/4 MILE


RELATIVE HUMIDITY (PERCENT)
 HIGHEST    MM
 LOWEST     MM
 AVERAGE    MM

..........................................................


THE FAIRBANKS AK CLIMATE NORMALS FOR TODAY
                         NORMAL    RECORD    YEAR
 MAXIMUM TEMPERATURE (F)    0        42      1981
 MINIMUM TEMPERATURE (F)  -16       -64      1906


SUNRISE AND SUNSET
JANUARY 19 2017..........SUNRISE  1015 AM AKST   SUNSET  351 PM AKST
JANUARY 20 2017..........SUNRISE  1012 AM AKST   SUNSET  354 PM AKST


-  INDICATES NEGATIVE NUMBERS.
R  INDICATES RECORD WAS SET OR TIED.
MM INDICATES DATA IS MISSING.
T  INDICATES TRACE AMOUNT.

&&

SNOW DEPTH IS MEASURED AT 3AM AKST/4AM AKDT

----------------------------
AVAILABLE DAYLIGHT

AMOUNT OF DAYLIGHT TODAY  (HOUR:MIN)........5:36
GAIN SINCE YESTERDAY........................7 MINUTES
----------------------------

$$
BJB JAN 17
