000
CDAK49 PAFG 040942
CLIFAI

CLIMATE REPORT
NATIONAL WEATHER SERVICE FAIRBANKS AK
1242 AM AKST SUN DEC 4 2016

...................................

...THE FAIRBANKS AK CLIMATE SUMMARY FOR DECEMBER 3 2016...

CLIMATE NORMAL PERIOD 1981 TO 2010
CLIMATE RECORD PERIOD 1904 TO 2016


WEATHER ITEM   OBSERVED TIME   RECORD YEAR NORMAL DEPARTURE LAST
                VALUE   (LST)  VALUE       VALUE  FROM      YEAR
                                                  NORMAL
..................................................................
TEMPERATURE (F)
 YESTERDAY
  MAXIMUM         -6    201 AM  44    1934   6    -12       12
  MINIMUM        -32   1047 PM -49    1916 -11    -21        5
  AVERAGE        -19                        -2    -17        9

PRECIPITATION (IN)
  YESTERDAY        0.05          0.31 1920   0.02   0.03      T
  MONTH TO DATE    0.41                      0.06   0.35      T
  SINCE DEC 1      0.41                      0.06   0.35      T
  SINCE JAN 1     14.51                     10.23   4.28    14.31

SNOWFALL (IN)
  YESTERDAY        0.4           3.1  1920   0.4    0.0       T
  MONTH TO DATE    6.8                       1.1    5.7       T
  SINCE DEC 1      6.8                       1.1    5.7       T
  SINCE JUL 1     12.0                      26.9  -14.9     50.1
  SNOW DEPTH       7

DEGREE DAYS
 HEATING
  YESTERDAY       84                        67     17       56
  MONTH TO DATE  225                       201     24      175
  SINCE DEC 1    225                       201     24      175
  SINCE JUL 1   3995                      4332   -337     3963

 COOLING
  YESTERDAY        0                         0      0        0
  MONTH TO DATE    0                         0      0        0
  SINCE DEC 1      0                         0      0        0
  SINCE JAN 1     76                        61     15       62
..................................................................


WIND (MPH)
  HIGHEST GUST SPEED     5   HIGHEST GUST DIRECTION     S (200)


SKY COVER
  AVERAGE SKY COVER 0.8


WEATHER CONDITIONS
 THE FOLLOWING WEATHER WAS RECORDED YESTERDAY.
  LIGHT SNOW
  FOG


RELATIVE HUMIDITY (PERCENT)
 HIGHEST    90
 LOWEST     73
 AVERAGE    82

..........................................................


THE FAIRBANKS AK CLIMATE NORMALS FOR TODAY
                         NORMAL    RECORD    YEAR
 MAXIMUM TEMPERATURE (F)    6        52      1934
 MINIMUM TEMPERATURE (F)  -11       -53      1935
                                             1905


SUNRISE AND SUNSET
DECEMBER 04 2016..........SUNRISE  1030 AM AKST   SUNSET  254 PM AKST
DECEMBER 05 2016..........SUNRISE  1032 AM AKST   SUNSET  252 PM AKST


-  INDICATES NEGATIVE NUMBERS.
R  INDICATES RECORD WAS SET OR TIED.
MM INDICATES DATA IS MISSING.
T  INDICATES TRACE AMOUNT.

&&

SNOW DEPTH IS MEASURED AT 3AM AKST/4AM AKDT

----------------------------
AVAILABLE DAYLIGHT

AMOUNT OF DAYLIGHT TODAY  (HOUR:MIN)........4:24
LOSS SINCE YESTERDAY........................5 MINUTES
----------------------------

$$
DEC 16
