000
CDAK49 PAFG 200950
CLIFAI

CLIMATE REPORT
NATIONAL WEATHER SERVICE FAIRBANKS AK
1250 AM AKST SAT JAN 20 2018

...................................

...THE FAIRBANKS AK CLIMATE SUMMARY FOR JANUARY 19 2018...

CLIMATE NORMAL PERIOD 1981 TO 2010
CLIMATE RECORD PERIOD 1904 TO 2018


WEATHER ITEM   OBSERVED TIME   RECORD YEAR NORMAL DEPARTURE LAST
                VALUE   (LST)  VALUE       VALUE  FROM      YEAR
                                                  NORMAL
..................................................................
TEMPERATURE (F)
 YESTERDAY
  MAXIMUM         17   1259 AM  42    1981   0     17      -25
  MINIMUM          8   1159 PM -64    1906 -16     24      -48
  AVERAGE         13                        -9     22      -36

PRECIPITATION (IN)
  YESTERDAY        0.12          1.01 1937   0.02   0.10     0.00
  MONTH TO DATE    0.88                      0.38   0.50     0.82
  SINCE DEC 1      1.26                      1.02   0.24     2.78
  SINCE JAN 1      0.88                      0.38   0.50     0.82

SNOWFALL (IN)
  YESTERDAY        2.0          15.5  1937   0.3    1.7      0.0
  MONTH TO DATE   10.5                       6.7    3.8     13.8
  SINCE DEC 1     17.5                      18.8   -1.3     46.7
  SINCE JUL 1     47.3                      44.6    2.7     51.9
  SNOW DEPTH      19

DEGREE DAYS
 HEATING
  YESTERDAY       52                        74    -22      101
  MONTH TO DATE 1173                      1390   -217     1456
  SINCE DEC 1   2902                      3531   -629     3722
  SINCE JUL 1   6467                      7662  -1195     7492

 COOLING
  YESTERDAY        0                         0      0        0
  MONTH TO DATE    0                         0      0        0
  SINCE DEC 1      0                         0      0        0
  SINCE JAN 1      0                         0      0        0
..................................................................


WIND (MPH)
  HIGHEST GUST SPEED     8   HIGHEST GUST DIRECTION     S (200)


SKY COVER
  AVERAGE SKY COVER 1.0


WEATHER CONDITIONS
 THE FOLLOWING WEATHER WAS RECORDED YESTERDAY.
  LIGHT SNOW
  FOG


RELATIVE HUMIDITY (PERCENT)
 HIGHEST    92
 LOWEST     83
 AVERAGE    88

..........................................................


THE FAIRBANKS AK CLIMATE NORMALS FOR TODAY
                         NORMAL    RECORD    YEAR
 MAXIMUM TEMPERATURE (F)    0        45      1961
 MINIMUM TEMPERATURE (F)  -16       -65      1906


SUNRISE AND SUNSET
JANUARY 20 2018.......SUNRISE  1013 AM AKST  SUNSET   353 PM AKST
JANUARY 21 2018.......SUNRISE  1010 AM AKST  SUNSET   357 PM AKST


-  INDICATES NEGATIVE NUMBERS.
R  INDICATES RECORD WAS SET OR TIED.
MM INDICATES DATA IS MISSING.
T  INDICATES TRACE AMOUNT.

&&

SNOW DEPTH IS MEASURED AT 3AM AKST/4AM AKDT

----------------------------
AVAILABLE DAYLIGHT

AMOUNT OF DAYLIGHT TODAY  (HOUR:MIN)........05:40
GAIN SINCE YESTERDAY........................6 MINUTES
----------------------------

$$
CCC JAN 18
