000
CDAK49 PAFG 030934
CLIFAI

CLIMATE REPORT
NATIONAL WEATHER SERVICE FAIRBANKS AK
134 AM AKDT TUE MAY 3 2016

...................................

...THE FAIRBANKS AK CLIMATE SUMMARY FOR MAY 2 2016...

CLIMATE NORMAL PERIOD 1981 TO 2010
CLIMATE RECORD PERIOD 1904 TO 2016


WEATHER ITEM   OBSERVED TIME   RECORD YEAR NORMAL DEPARTURE LAST
                VALUE   (LST)  VALUE       VALUE  FROM      YEAR
                                                  NORMAL
..................................................................
TEMPERATURE (F)
 YESTERDAY
  MAXIMUM         58    443 PM  78    1995  55      3       58
  MINIMUM         34    531 AM   5    1945  32      2       30
  AVERAGE         46                        43      3       44

PRECIPITATION (IN)
  YESTERDAY        0.42R         0.09 1989   0.01   0.41     0.00
  MONTH TO DATE    0.42                      0.03   0.39     0.00
  SINCE MAR 1      1.47                      0.59   0.88     0.65
  SINCE JAN 1      1.53                      1.59  -0.06     1.28

SNOWFALL (IN)
  YESTERDAY        0.0           1.8  2002   0.0    0.0      0.0
  MONTH TO DATE    0.0                       0.1   -0.1      0.0
  SINCE MAR 1      7.4                       7.9   -0.5     10.2
  SINCE JUL 1     60.0                      64.2   -4.2     43.8
  SNOW DEPTH       0

DEGREE DAYS
 HEATING
  YESTERDAY       19                        22     -3       21
  MONTH TO DATE   34                        44    -10       44
  SINCE MAR 1   2101                      2678   -577     2412
  SINCE JUL 1  11507                     13068  -1561    11879

 COOLING
  YESTERDAY        0                         0      0        0
  MONTH TO DATE    0                         0      0        0
  SINCE MAR 1      0                         0      0        0
  SINCE JAN 1      0                         0      0        0
..................................................................


WIND (MPH)
  HIGHEST GUST SPEED    22   HIGHEST GUST DIRECTION     N (340)


SKY COVER
  AVERAGE SKY COVER 0.8


WEATHER CONDITIONS
 THE FOLLOWING WEATHER WAS RECORDED YESTERDAY.
  LIGHT RAIN
  HAIL
  FOG


RELATIVE HUMIDITY (PERCENT)
 HIGHEST    89
 LOWEST     40
 AVERAGE    65

..........................................................


THE FAIRBANKS AK CLIMATE NORMALS FOR TODAY
                         NORMAL    RECORD    YEAR
 MAXIMUM TEMPERATURE (F)   55        72      2014
 MINIMUM TEMPERATURE (F)   32         0      1945


SUNRISE AND SUNSET
MAY 03 2016..........SUNRISE  509 AM AKDT   SUNSET  1031 PM AKDT
MAY 04 2016..........SUNRISE  506 AM AKDT   SUNSET  1034 PM AKDT


-  INDICATES NEGATIVE NUMBERS.
R  INDICATES RECORD WAS SET OR TIED.
MM INDICATES DATA IS MISSING.
T  INDICATES TRACE AMOUNT.

&&

SNOW DEPTH IS MEASURED AT 3AM AKST/4AM AKDT

----------------------------
AVAILABLE DAYLIGHT

AMOUNT OF DAYLIGHT TODAY  (HOUR:MIN)........17:22
GAIN SINCE YESTERDAY........................7 MINUTES
----------------------------

$$
CF MAY 16
