000
CDAK49 PAFG 270942
CLIFAI

CLIMATE REPORT
NATIONAL WEATHER SERVICE FAIRBANKS AK
1242 AM AKST FRI FEB 27 2015

...................................

...THE FAIRBANKS AK CLIMATE SUMMARY FOR FEBRUARY 26 2015...

CLIMATE NORMAL PERIOD 1981 TO 2010
CLIMATE RECORD PERIOD 1904 TO 2015


WEATHER ITEM   OBSERVED TIME   RECORD YEAR NORMAL DEPARTURE LAST
                VALUE   (LST)  VALUE       VALUE  FROM      YEAR
                                                  NORMAL
..................................................................
TEMPERATURE (F)
 YESTERDAY
  MAXIMUM         18    402 PM  43    1911  16      2       25
  MINIMUM          3    831 PM -53    1932 -10     13      -15
  AVERAGE         11                         3      8        5

PRECIPITATION (IN)
  YESTERDAY        0.00          0.24 2006   0.01  -0.01     0.00
  MONTH TO DATE    0.29                      0.40  -0.11     0.40
  SINCE DEC 1      1.37                      1.62  -0.25     1.40
  SINCE JAN 1      0.44                      0.98  -0.54     0.62

SNOWFALL (IN)
  YESTERDAY        0.0           4.3  2006   0.3   -0.3      0.0
  MONTH TO DATE    1.4                       7.7   -6.3      7.1
  SINCE DEC 1     21.2                      30.1   -8.9     23.9
  SINCE JUL 1     31.0                      55.9  -24.9     42.9
  SNOW DEPTH      13

DEGREE DAYS
 HEATING
  YESTERDAY       54                        62     -8       60
  MONTH TO DATE 1692                      1735    -43     1841
  SINCE DEC 1   5656                      6136   -480     5759
  SINCE JUL 1   9374                     10267   -893     9296

 COOLING
  YESTERDAY        0                         0      0        0
  MONTH TO DATE    0                         0      0        0
  SINCE DEC 1      0                         0      0        0
  SINCE JAN 1      0                         0      0        0
..................................................................


WIND (MPH)
  HIGHEST GUST SPEED     6   HIGHEST GUST DIRECTION    NE (60)


SKY COVER
  AVERAGE SKY COVER 0.8


WEATHER CONDITIONS
 THE FOLLOWING WEATHER WAS RECORDED YESTERDAY.
  FOG
  FOG W/VISIBILITY <= 1/4 MILE


RELATIVE HUMIDITY (PERCENT)
 HIGHEST    88
 LOWEST     73
 AVERAGE    81

..........................................................


THE FAIRBANKS AK CLIMATE NORMALS FOR TODAY
                         NORMAL    RECORD    YEAR
 MAXIMUM TEMPERATURE (F)   17        45      1928
 MINIMUM TEMPERATURE (F)  -10       -51      1932


SUNRISE AND SUNSET
FEBRUARY 27 2015..........SUNRISE  808 AM AKST   SUNSET  602 PM AKST
FEBRUARY 28 2015..........SUNRISE  805 AM AKST   SUNSET  605 PM AKST


-  INDICATES NEGATIVE NUMBERS.
R  INDICATES RECORD WAS SET OR TIED.
MM INDICATES DATA IS MISSING.
T  INDICATES TRACE AMOUNT.

&&

SNOW DEPTH IS MEASURED AT 3AM AKST/4AM AKDT

----------------------------
AVAILABLE DAYLIGHT

AMOUNT OF DAYLIGHT TODAY  (HOUR:MIN)........9:54
GAIN SINCE YESTERDAY........................7 MINUTES
----------------------------

$$
RF FEB 15
