000
CDUS43 KFGF 280634
CLIFAR


CLIMATE REPORT
NATIONAL WEATHER SERVICE EASTERN NORTH DAKOTA/GRAND FORKS
133 AM CDT THU JUL 28 2016


...................................

...THE FARGO HECTOR INTL AP ND CLIMATE SUMMARY FOR JULY 27 2016...

CLIMATE NORMAL PERIOD 1981 TO 2010
CLIMATE RECORD PERIOD 1881 TO 2016


WEATHER ITEM   OBSERVED TIME   RECORD YEAR NORMAL DEPARTURE LAST
                VALUE   (LST)  VALUE       VALUE  FROM      YEAR
                                                  NORMAL
..................................................................
TEMPERATURE (F)
 YESTERDAY
  MAXIMUM         79    317 PM 105    1988  83     -4       91
  MINIMUM         63   1158 PM  46    1971  60      3       68
                                      1925
  AVERAGE         71                        71      0       80

PRECIPITATION (IN)
  YESTERDAY        0.02          1.82 2010   0.07  -0.05     0.00
  MONTH TO DATE    5.98                      2.50   3.48     2.13
  SINCE JUN 1      8.43                      6.40   2.03     4.88
  SINCE JAN 1     13.91                     13.21   0.70    14.98

SNOWFALL (IN)
  YESTERDAY        0.0           0.0    MM   0.0    0.0      0.0
  MONTH TO DATE    0.0                       0.0    0.0      0.0
  SINCE JUN 1      0.0                       0.0    0.0      0.0
  SINCE JUL 1      0.0                       0.0    0.0      0.0
  SNOW DEPTH       0

DEGREE DAYS
 HEATING
  YESTERDAY        0                         0      0        0
  MONTH TO DATE    8                        12     -4       12
  SINCE JUN 1     35                        85    -50       35
  SINCE JUL 1      8                        12     -4       12

 COOLING
  YESTERDAY        6                         7     -1       15
  MONTH TO DATE  196                       179     17      225
  SINCE JUN 1    343                       286     57      321
  SINCE JAN 1    391                       317     74      336
..................................................................


WIND (MPH)
  HIGHEST WIND SPEED    21   HIGHEST WIND DIRECTION     N (350)
  HIGHEST GUST SPEED    28   HIGHEST GUST DIRECTION     N (10)
  AVERAGE WIND SPEED    11.9


SKY COVER
  POSSIBLE SUNSHINE  MM
  AVERAGE SKY COVER 0.3


WEATHER CONDITIONS
 THE FOLLOWING WEATHER WAS RECORDED YESTERDAY.
  LIGHT RAIN


RELATIVE HUMIDITY (PERCENT)
 HIGHEST    93          1200 AM
 LOWEST     48           400 PM
 AVERAGE    71

..........................................................


THE FARGO HECTOR INTL AP ND CLIMATE NORMALS FOR TODAY
                         NORMAL    RECORD    YEAR
 MAXIMUM TEMPERATURE (F)   83       110      1917
 MINIMUM TEMPERATURE (F)   60        44      2013
                                             1973
                                             1904


SUNRISE AND SUNSET
JULY 28 2016..........SUNRISE   603 AM CDT   SUNSET   904 PM CDT
JULY 29 2016..........SUNRISE   604 AM CDT   SUNSET   903 PM CDT


-  INDICATES NEGATIVE NUMBERS.
R  INDICATES RECORD WAS SET OR TIED.
MM INDICATES DATA IS MISSING.
T  INDICATES TRACE AMOUNT.




$$
