000
CDUS43 KFGF 160635
CLIFAR


CLIMATE REPORT
NATIONAL WEATHER SERVICE EASTERN NORTH DAKOTA/GRAND FORKS
133 AM CDT WED APR 16 2014


...................................

...THE FARGO HECTOR INTL AP ND CLIMATE SUMMARY FOR APRIL 15 2014...

CLIMATE NORMAL PERIOD 1981 TO 2010
CLIMATE RECORD PERIOD 1881 TO 2014


WEATHER ITEM   OBSERVED TIME   RECORD YEAR NORMAL DEPARTURE LAST
                VALUE   (LST)  VALUE       VALUE  FROM      YEAR
                                                  NORMAL
..................................................................
TEMPERATURE (F)
 YESTERDAY
  MAXIMUM         34    648 PM  87    1913  56    -22       36
  MINIMUM         12R   506 AM  15    1935  33    -21       30
  AVERAGE         23                        44    -21       33

PRECIPITATION (IN)
  YESTERDAY        0.00          1.00 1910   0.04  -0.04     0.22
  MONTH TO DATE    0.46                      0.60  -0.14     1.77
  SINCE MAR 1      1.18                      1.90  -0.72     3.21
  SINCE JAN 1      2.06                      3.21  -1.15     5.40

SNOWFALL (IN)
  YESTERDAY        0.0           2.9  2011   0.1   -0.1      2.8
                                      1910
  MONTH TO DATE    0.5                       1.8   -1.3     13.2
  SINCE MAR 1      5.8                      10.9   -5.1     27.8
  SINCE JUL 1     33.4                      48.9  -15.5     64.9
  SNOW DEPTH       0

DEGREE DAYS
 HEATING
  YESTERDAY       42                        21     21       32
  MONTH TO DATE  413                       372     41      541
  SINCE MAR 1   1729                      1524    205     2011
  SINCE JUL 1   9006                      8202    804     8602

 COOLING
  YESTERDAY        0                         0      0        0
  MONTH TO DATE    0                         0      0        0
  SINCE MAR 1      0                         0      0        0
  SINCE JAN 1      0                         0      0        0
..................................................................


WIND (MPH)
  HIGHEST WIND SPEED    22   HIGHEST WIND DIRECTION    SE (120)
  HIGHEST GUST SPEED    29   HIGHEST GUST DIRECTION    SE (130)
  AVERAGE WIND SPEED     6.4


SKY COVER
  POSSIBLE SUNSHINE  MM
  AVERAGE SKY COVER 0.4


WEATHER CONDITIONS
 THE FOLLOWING WEATHER WAS RECORDED YESTERDAY.
  NO SIGNIFICANT WEATHER WAS OBSERVED.


RELATIVE HUMIDITY (PERCENT)
 HIGHEST    84           500 AM
 LOWEST     35          1200 PM
 AVERAGE    60

..........................................................


THE FARGO HECTOR INTL AP ND CLIMATE NORMALS FOR TODAY
                         NORMAL    RECORD    YEAR
 MAXIMUM TEMPERATURE (F)   57        89      2002
 MINIMUM TEMPERATURE (F)   33        13      1973
                                             1953


SUNRISE AND SUNSET
APRIL 16 2014.........SUNRISE   638 AM CDT   SUNSET   817 PM CDT
APRIL 17 2014.........SUNRISE   636 AM CDT   SUNSET   818 PM CDT


-  INDICATES NEGATIVE NUMBERS.
R  INDICATES RECORD WAS SET OR TIED.
MM INDICATES DATA IS MISSING.
T  INDICATES TRACE AMOUNT.




$$
