270
CDUS43 KFGF 252151
CLIFAR


CLIMATE REPORT
NATIONAL WEATHER SERVICE EASTERN NORTH DAKOTA/GRAND FORKS
449 PM CDT MON SEP 25 2017


...................................

...THE FARGO HECTOR INTL AP ND CLIMATE SUMMARY FOR SEPTEMBER 25 2017...
VALID TODAY AS OF 0400 PM LOCAL TIME.

CLIMATE NORMAL PERIOD 1981 TO 2010
CLIMATE RECORD PERIOD 1881 TO 2017


WEATHER ITEM   OBSERVED TIME   RECORD YEAR NORMAL DEPARTURE LAST
                VALUE   (LST)  VALUE       VALUE  FROM      YEAR
                                                  NORMAL
..................................................................
TEMPERATURE (F)
 TODAY
  MAXIMUM         53    259 PM  92    1885  66    -13       68
  MINIMUM         49    658 AM  22    1965  43      6       54
  AVERAGE         51                        55     -4       61

PRECIPITATION (IN)
  TODAY            T             1.72 1901   0.08  -0.08      T
  MONTH TO DATE    2.21                      2.19   0.02     2.60
  SINCE SEP 1      2.21                      2.19   0.02     2.60
  SINCE JAN 1     12.71                     18.25  -5.54    18.07

SNOWFALL (IN)
  TODAY           MM             2.0  1912   0.0   MM        0.0
  MONTH TO DATE    0.0                       0.0    0.0      0.0
  SINCE SEP 1      0.0                       0.0    0.0      0.0
  SINCE JUL 1      0.0                       0.0    0.0      0.0
  SNOW DEPTH       0

DEGREE DAYS
 HEATING
  TODAY           14                        11      3        4
  MONTH TO DATE  101                       161    -60       62
  SINCE SEP 1    101                       161    -60       62
  SINCE JUL 1    117                       211    -94       79

 COOLING
  TODAY            0                         1     -1        0
  MONTH TO DATE   69                        43     26       50
  SINCE SEP 1     69                        43     26       50
  SINCE JAN 1    516                       548    -32      653
..................................................................


WIND (MPH)
  HIGHEST WIND SPEED    17   HIGHEST WIND DIRECTION     N (360)
  HIGHEST GUST SPEED    22   HIGHEST GUST DIRECTION    NW (330)
  AVERAGE WIND SPEED    11.9


SKY COVER
  POSSIBLE SUNSHINE  MM
  AVERAGE SKY COVER 1.0


WEATHER CONDITIONS
 THE FOLLOWING WEATHER WAS RECORDED TODAY.
  LIGHT RAIN
  FOG


RELATIVE HUMIDITY (PERCENT)
 HIGHEST    96          1200 AM
 LOWEST     77           300 PM
 AVERAGE    87

..........................................................


THE FARGO HECTOR INTL AP ND CLIMATE NORMALS FOR TOMORROW
                         NORMAL    RECORD    YEAR
 MAXIMUM TEMPERATURE (F)   66        90      1979
                                             1974
 MINIMUM TEMPERATURE (F)   43        19      1965


SUNRISE AND SUNSET
SEPTEMBER 25 2017.....SUNRISE   718 AM CDT   SUNSET   718 PM CDT
SEPTEMBER 26 2017.....SUNRISE   720 AM CDT   SUNSET   716 PM CDT


-  INDICATES NEGATIVE NUMBERS.
R  INDICATES RECORD WAS SET OR TIED.
MM INDICATES DATA IS MISSING.
T  INDICATES TRACE AMOUNT.




$$
