160
CDUS43 KFGF 232151
CLIFAR


CLIMATE REPORT
NATIONAL WEATHER SERVICE EASTERN NORTH DAKOTA/GRAND FORKS
450 PM CDT SUN APR 23 2017


...................................

...THE FARGO HECTOR INTL AP ND CLIMATE SUMMARY FOR APRIL 23 2017...
VALID TODAY AS OF 0400 PM LOCAL TIME.

CLIMATE NORMAL PERIOD 1981 TO 2010
CLIMATE RECORD PERIOD 1881 TO 2017


WEATHER ITEM   OBSERVED TIME   RECORD YEAR NORMAL DEPARTURE LAST
                VALUE   (LST)  VALUE       VALUE  FROM      YEAR
                                                  NORMAL
..................................................................
TEMPERATURE (F)
 TODAY
  MAXIMUM         45    230 PM  91    1990  61    -16       64
  MINIMUM         33    639 AM  14    1918  36     -3       48
  AVERAGE         39                        48     -9       56

PRECIPITATION (IN)
  TODAY            0.06          1.61 1960   0.05   0.01     0.04
  MONTH TO DATE    1.01                      0.94   0.07     0.81
  SINCE MAR 1      1.34                      2.24  -0.90     1.77
  SINCE JAN 1      3.11                      3.55  -0.44     2.76

SNOWFALL (IN)
  TODAY            T             4.3  2001   0.0    0.0      0.0
  MONTH TO DATE    T                         2.5   -2.5      0.6
  SINCE MAR 1      1.6                      11.6  -10.0      3.1
  SINCE JUL 1     30.9                      49.6  -18.7     27.4
  SNOW DEPTH       T

DEGREE DAYS
 HEATING
  TODAY           26                        17      9        9
  MONTH TO DATE  398                       520   -122      513
  SINCE MAR 1   1488                      1672   -184     1333
  SINCE JUL 1   6986                      8350  -1364     6856

 COOLING
  TODAY            0                         0      0        0
  MONTH TO DATE    0                         0      0        0
  SINCE MAR 1      0                         0      0        0
  SINCE JAN 1      0                         0      0        0
..................................................................


WIND (MPH)
  HIGHEST WIND SPEED    24   HIGHEST WIND DIRECTION    NE (50)
  HIGHEST GUST SPEED    29   HIGHEST GUST DIRECTION    NE (50)
  AVERAGE WIND SPEED    16.5


SKY COVER
  POSSIBLE SUNSHINE  MM
  AVERAGE SKY COVER 0.9


WEATHER CONDITIONS
 THE FOLLOWING WEATHER WAS RECORDED TODAY.
  LIGHT SNOW
  FOG


RELATIVE HUMIDITY (PERCENT)
 HIGHEST    96           400 AM
 LOWEST     65           300 PM
 AVERAGE    81

..........................................................


THE FARGO HECTOR INTL AP ND CLIMATE NORMALS FOR TOMORROW
                         NORMAL    RECORD    YEAR
 MAXIMUM TEMPERATURE (F)   61        87      1990
                                             1962
 MINIMUM TEMPERATURE (F)   36        19      1909


SUNRISE AND SUNSET
APRIL 23 2017.........SUNRISE   625 AM CDT   SUNSET   827 PM CDT
APRIL 24 2017.........SUNRISE   623 AM CDT   SUNSET   828 PM CDT


-  INDICATES NEGATIVE NUMBERS.
R  INDICATES RECORD WAS SET OR TIED.
MM INDICATES DATA IS MISSING.
T  INDICATES TRACE AMOUNT.




$$
