000
CDUS43 KFGF 280639
CLIFAR


CLIMATE REPORT
NATIONAL WEATHER SERVICE EASTERN NORTH DAKOTA/GRAND FORKS
137 AM CDT SUN MAY 28 2017


...................................

...THE FARGO HECTOR INTL AP ND CLIMATE SUMMARY FOR MAY 27 2017...

CLIMATE NORMAL PERIOD 1981 TO 2010
CLIMATE RECORD PERIOD 1881 TO 2017


WEATHER ITEM   OBSERVED TIME   RECORD YEAR NORMAL DEPARTURE LAST
                VALUE   (LST)  VALUE       VALUE  FROM      YEAR
                                                  NORMAL
..................................................................
TEMPERATURE (F)
 YESTERDAY
  MAXIMUM         79    359 PM  95    1969  72      7       77
                                      1913
  MINIMUM         48    440 AM  29    1907  49     -1       56
  AVERAGE         64                        61      3       67

PRECIPITATION (IN)
  YESTERDAY        T             1.16 1963   0.10  -0.10     0.31
  MONTH TO DATE    1.01                      2.40  -1.39     1.23
  SINCE MAR 1      2.74                      5.09  -2.35     4.30
  SINCE JAN 1      4.51                      6.40  -1.89     5.29

SNOWFALL (IN)
  YESTERDAY        0.0           T    1965   0.0    0.0      0.0
  MONTH TO DATE    0.0                       0.0    0.0       T
  SINCE MAR 1      3.8                      12.4   -8.6      3.1
  SINCE JUL 1     33.1                      50.4  -17.3     27.4
  SNOW DEPTH       0

DEGREE DAYS
 HEATING
  YESTERDAY        1                         6     -5        0
  MONTH TO DATE  227                       251    -24      174
  SINCE MAR 1   1895                      2029   -134     1620
  SINCE JUL 1   7393                      8707  -1314     7143

 COOLING
  YESTERDAY        0                         1     -1        2
  MONTH TO DATE   11                        23    -12       39
  SINCE MAR 1     11                        26    -15       39
  SINCE JAN 1     11                        26    -15       39
..................................................................


WIND (MPH)
  HIGHEST WIND SPEED    28   HIGHEST WIND DIRECTION    NW (310)
  HIGHEST GUST SPEED    36   HIGHEST GUST DIRECTION    NW (320)
  AVERAGE WIND SPEED    12.7


SKY COVER
  POSSIBLE SUNSHINE  MM
  AVERAGE SKY COVER 0.0


WEATHER CONDITIONS
 THE FOLLOWING WEATHER WAS RECORDED YESTERDAY.
  LIGHT RAIN


RELATIVE HUMIDITY (PERCENT)
 HIGHEST    80           400 AM
 LOWEST     23           100 PM
 AVERAGE    52

..........................................................


THE FARGO HECTOR INTL AP ND CLIMATE NORMALS FOR TODAY
                         NORMAL    RECORD    YEAR
 MAXIMUM TEMPERATURE (F)   73        97      2006
                                             1934
 MINIMUM TEMPERATURE (F)   49        26      1947


SUNRISE AND SUNSET
MAY 28 2017...........SUNRISE   539 AM CDT   SUNSET   911 PM CDT
MAY 29 2017...........SUNRISE   538 AM CDT   SUNSET   912 PM CDT


-  INDICATES NEGATIVE NUMBERS.
R  INDICATES RECORD WAS SET OR TIED.
MM INDICATES DATA IS MISSING.
T  INDICATES TRACE AMOUNT.




$$
