000
CDUS43 KFGF 232251
CLIFAR


CLIMATE REPORT
NATIONAL WEATHER SERVICE EASTERN NORTH DAKOTA/GRAND FORKS
450 PM CST TUE JAN 23 2018


...................................

...THE FARGO HECTOR INTL AP ND CLIMATE SUMMARY FOR JANUARY 23 2018...
VALID TODAY AS OF 0400 PM LOCAL TIME.

CLIMATE NORMAL PERIOD 1981 TO 2010
CLIMATE RECORD PERIOD 1881 TO 2018


WEATHER ITEM   OBSERVED TIME   RECORD YEAR NORMAL DEPARTURE LAST
                VALUE   (LST)  VALUE       VALUE  FROM      YEAR
                                                  NORMAL
..................................................................
TEMPERATURE (F)
 TODAY
  MAXIMUM         24    104 AM  52    1942  19      5       36
  MINIMUM         20   1122 AM -36    1883   0     20       33
                                      1882
  AVERAGE         22                         9     13       35

PRECIPITATION (IN)
  TODAY            T             0.90 2010   0.02  -0.02     0.00
  MONTH TO DATE    0.21                      0.55  -0.34     0.92
  SINCE DEC 1      0.98                      1.38  -0.40     2.19
  SINCE JAN 1      0.21                      0.55  -0.34     0.92

SNOWFALL (IN)
  TODAY            T             5.4  1988   0.4   -0.4      0.0
  MONTH TO DATE    3.6                       8.8   -5.2     12.9
  SINCE DEC 1     11.6                      20.0   -8.4     21.2
  SINCE JUL 1     15.3                      28.6  -13.3     24.9
  SNOW DEPTH       2

DEGREE DAYS
 HEATING
  TODAY           43                        56    -13       30
  MONTH TO DATE 1261                      1284    -23     1242
  SINCE DEC 1   2842                      2862    -20     2752
  SINCE JUL 1   4640                      4824   -184     4057

 COOLING
  TODAY            0                         0      0        0
  MONTH TO DATE    0                         0      0        0
  SINCE DEC 1      0                         0      0        0
  SINCE JAN 1      0                         0      0        0
..................................................................


WIND (MPH)
  HIGHEST WIND SPEED    13   HIGHEST WIND DIRECTION     N (10)
  HIGHEST GUST SPEED    16   HIGHEST GUST DIRECTION     N (20)
  AVERAGE WIND SPEED     5.4


SKY COVER
  POSSIBLE SUNSHINE  MM
  AVERAGE SKY COVER 1.0


WEATHER CONDITIONS
 THE FOLLOWING WEATHER WAS RECORDED TODAY.
  LIGHT SNOW
  FOG
  HAZE


RELATIVE HUMIDITY (PERCENT)
 HIGHEST    92           200 AM
 LOWEST     77           600 AM
 AVERAGE    85

..........................................................


THE FARGO HECTOR INTL AP ND CLIMATE NORMALS FOR TOMORROW
                         NORMAL    RECORD    YEAR
 MAXIMUM TEMPERATURE (F)   19        52      1981
 MINIMUM TEMPERATURE (F)    0       -36      1904
                                             1884


SUNRISE AND SUNSET
JANUARY 23 2018.......SUNRISE   802 AM CST   SUNSET   517 PM CST
JANUARY 24 2018.......SUNRISE   801 AM CST   SUNSET   518 PM CST


-  INDICATES NEGATIVE NUMBERS.
R  INDICATES RECORD WAS SET OR TIED.
MM INDICATES DATA IS MISSING.
T  INDICATES TRACE AMOUNT.




$$
