000
CDUS43 KFGF 260727
CLIFAR


CLIMATE REPORT
NATIONAL WEATHER SERVICE EASTERN NORTH DAKOTA/GRAND FORKS
227 AM CDT WED JUL 26 2017


...................................

...THE FARGO HECTOR INTL AP ND CLIMATE SUMMARY FOR JULY 25 2017...

CLIMATE NORMAL PERIOD 1981 TO 2010
CLIMATE RECORD PERIOD 1881 TO 2017


WEATHER ITEM   OBSERVED TIME   RECORD YEAR NORMAL DEPARTURE LAST
                VALUE   (LST)  VALUE       VALUE  FROM      YEAR
                                                  NORMAL
..................................................................
TEMPERATURE (F)
 YESTERDAY
  MAXIMUM         81    620 PM 105    1931  83     -2       91
  MINIMUM         64   1159 PM  46    1900  60      4       57
  AVERAGE         73                        72      1       74

PRECIPITATION (IN)
  YESTERDAY        0.00          1.01 1957   0.07  -0.07     0.00
  MONTH TO DATE    0.90                      2.35  -1.45     4.62
  SINCE JUN 1      3.40                      6.25  -2.85     7.07
  SINCE JAN 1      8.04                     13.06  -5.02    12.55

SNOWFALL (IN)
  YESTERDAY        0.0           0.0    MM   0.0    0.0      0.0
  MONTH TO DATE    0.0                       0.0    0.0      0.0
  SINCE JUN 1      0.0                       0.0    0.0      0.0
  SINCE JUL 1      0.0                       0.0    0.0      0.0
  SNOW DEPTH       0

DEGREE DAYS
 HEATING
  YESTERDAY        0                         0      0        0
  MONTH TO DATE    7                        12     -5        8
  SINCE JUN 1     42                        85    -43       35
  SINCE JUL 1      7                        12     -5        8

 COOLING
  YESTERDAY        8                         7      1        9
  MONTH TO DATE  181                       165     16      179
  SINCE JUN 1    307                       272     35      326
  SINCE JAN 1    318                       303     15      374
..................................................................


WIND (MPH)
  HIGHEST WIND SPEED    21   HIGHEST WIND DIRECTION     S (160)
  HIGHEST GUST SPEED    28   HIGHEST GUST DIRECTION     S (170)
  AVERAGE WIND SPEED     8.7


SKY COVER
  POSSIBLE SUNSHINE  MM
  AVERAGE SKY COVER 0.0


WEATHER CONDITIONS
 THE FOLLOWING WEATHER WAS RECORDED YESTERDAY.
  NO SIGNIFICANT WEATHER WAS OBSERVED.


RELATIVE HUMIDITY (PERCENT)
 HIGHEST    87           400 AM
 LOWEST     69           600 PM
 AVERAGE    78

..........................................................


THE FARGO HECTOR INTL AP ND CLIMATE NORMALS FOR TODAY
                         NORMAL    RECORD    YEAR
 MAXIMUM TEMPERATURE (F)   83       103      1929
 MINIMUM TEMPERATURE (F)   60        45      1962


SUNRISE AND SUNSET
JULY 26 2017..........SUNRISE   600 AM CDT   SUNSET   907 PM CDT
JULY 27 2017..........SUNRISE   601 AM CDT   SUNSET   905 PM CDT


-  INDICATES NEGATIVE NUMBERS.
R  INDICATES RECORD WAS SET OR TIED.
MM INDICATES DATA IS MISSING.
T  INDICATES TRACE AMOUNT.




$$
