000
CDUS46 KHNX 300023
CLIFAT


CLIMATE REPORT
NATIONAL WEATHER SERVICE SAN JOAQUIN VALLEY, CA
423 PM PST THU JAN 29 2015


...................................

...THE FRESNO CA CLIMATE SUMMARY FOR JANUARY 29 2015...
VALID AS OF 0400 PM LOCAL TIME.

CLIMATE NORMAL PERIOD 1981 TO 2010
CLIMATE RECORD PERIOD 1887 TO 2015


WEATHER ITEM   OBSERVED TIME   RECORD YEAR NORMAL DEPARTURE LAST
                VALUE   (LST)  VALUE       VALUE  FROM      YEAR
                                                  NORMAL
..................................................................
TEMPERATURE (F)
 TODAY
  MAXIMUM         65    331 PM  73    1960  57      8       71
  MINIMUM         47    514 AM  24    1902  39      8       45
  AVERAGE         56                        48      8       58

PRECIPITATION (IN)
  TODAY            0.00          1.03 1981   0.07  -0.07      T
  MONTH TO DATE    0.21                      2.04  -1.83      T
  SINCE OCT 1      3.40                      5.51  -2.11     0.72
  SINCE JAN 1      0.21                      2.04  -1.83      T

SNOWFALL (IN)
  TODAY            0.0
  MONTH TO DATE    0.0
  SINCE DEC 1      0.0
  SINCE JUL 1      0.0
  SNOW DEPTH       0

DEGREE DAYS
 HEATING
  TODAY            9                        17     -8        7
  MONTH TO DATE  464                       538    -74      338
  SINCE DEC 1    865                      1113   -248      878
  SINCE JUL 1   1086                      1501   -415     1099

 COOLING
  TODAY            0                         0      0        0
  MONTH TO DATE    0                         0      0        0
  SINCE DEC 1      0                         0      0        0
  SINCE JAN 1      0                         0      0        0
..................................................................


WIND (MPH)
  HIGHEST WIND SPEED     8   HIGHEST WIND DIRECTION    NW (300)
  HIGHEST GUST SPEED    12   HIGHEST GUST DIRECTION    NW (300)
  AVERAGE WIND SPEED     1.7




RELATIVE HUMIDITY (PERCENT)
 HIGHEST   100
 LOWEST     67
 AVERAGE    84

..........................................................


THE FRESNO CA CLIMATE NORMALS FOR TOMORROW
                         NORMAL    RECORD    YEAR
 MAXIMUM TEMPERATURE (F)   58        74      1984
 MINIMUM TEMPERATURE (F)   39        25      1946


SUNRISE AND SUNSET
JANUARY 29 2015.......SUNRISE   703 AM PST   SUNSET   521 PM PST
JANUARY 30 2015.......SUNRISE   703 AM PST   SUNSET   522 PM PST


-  INDICATES NEGATIVE NUMBERS.
R  INDICATES RECORD WAS SET OR TIED.
MM INDICATES DATA IS MISSING.
T  INDICATES TRACE AMOUNT.




$$
