000
CDUS46 KHNX 170821
CLIFAT


CLIMATE REPORT
NATIONAL WEATHER SERVICE SAN JOAQUIN VALLEY, CA
1221 AM PST WED DEC 17 2014


...................................

...THE FRESNO CA CLIMATE SUMMARY FOR DECEMBER 16 2014...

CLIMATE NORMAL PERIOD 1981 TO 2010
CLIMATE RECORD PERIOD 1887 TO 2014


WEATHER ITEM   OBSERVED TIME   RECORD YEAR NORMAL DEPARTURE
                VALUE   (LST)  VALUE       VALUE  FROM
                                                  NORMAL
...............................................................
TEMPERATURE (F)
 YESTERDAY
  MAXIMUM         61    251 PM  70    1958  54      7
  MINIMUM         47    650 AM  25    1967  38      9
  AVERAGE         54                        46      8

PRECIPITATION (IN)
  YESTERDAY        0.11          0.93 2002   0.06   0.05
  MONTH TO DATE    2.09                      0.77   1.32
  SINCE JUL 1      3.18                      2.66   0.52
  SINCE JAN 1      7.26                     10.50  -3.24

SNOWFALL (IN)
  YESTERDAY       MM
  MONTH TO DATE    0.0
  SINCE DEC 1      0.0
  SINCE JUL 1      0.0
  SNOW DEPTH       0

DEGREE DAYS
 HEATING
  YESTERDAY       11                               -8
  MONTH TO DATE  154                             -129
  SINCE DEC 1    154                             -129
  SINCE JUL 1    375                             -296

 COOLING
  YESTERDAY        0                                0
  MONTH TO DATE    0                                0
  SINCE DEC 1      0                                0
  SINCE JAN 1   2932                              808
...............................................................


WIND (MPH)
  HIGHEST WIND SPEED    13   HIGHEST WIND DIRECTION    SE (140)
  HIGHEST GUST SPEED    15   HIGHEST GUST DIRECTION     E (110)
  AVERAGE WIND SPEED     5.5




RELATIVE HUMIDITY (PERCENT)
 HIGHEST    93
 LOWEST     55
 AVERAGE    74

..........................................................


THE FRESNO CA CLIMATE NORMALS FOR TODAY
                         NORMAL    RECORD    YEAR
 MAXIMUM TEMPERATURE (F)   54        70      1958
 MINIMUM TEMPERATURE (F)   38        25      1967


SUNRISE AND SUNSET
DECEMBER 17 2014......SUNRISE   705 AM PST   SUNSET   445 PM PST
DECEMBER 18 2014......SUNRISE   706 AM PST   SUNSET   445 PM PST


-  INDICATES NEGATIVE NUMBERS.
R  INDICATES RECORD WAS SET OR TIED.
MM INDICATES DATA IS MISSING.
T  INDICATES TRACE AMOUNT.




$$
