000
CDUS46 KHNX 280823
CLIFAT


CLIMATE REPORT
NATIONAL WEATHER SERVICE SAN JOAQUIN VALLEY, CA
122 AM PDT WED JUN 28 2017


...................................

...THE FRESNO CA CLIMATE SUMMARY FOR JUNE 27 2017...

CLIMATE NORMAL PERIOD 1981 TO 2010
CLIMATE RECORD PERIOD 1887 TO 2017


WEATHER ITEM   OBSERVED TIME   RECORD YEAR NORMAL DEPARTURE
                VALUE   (LST)  VALUE       VALUE  FROM
                                                  NORMAL
...............................................................
TEMPERATURE (F)
 YESTERDAY
  MAXIMUM         95        MM 110    1925  95      0
  MINIMUM         63        MM  51    1955  65     -2
                                      1927
  AVERAGE         79                        80     -1

PRECIPITATION (IN)
  YESTERDAY        0.00          0.06 1996   0.01  -0.01
  MONTH TO DATE    0.00                      0.21  -0.21
  SINCE OCT 1     17.20                     11.31   5.89
  SINCE JAN 1     12.64                      7.84   4.80

SNOWFALL (IN)
  YESTERDAY        0.0
  MONTH TO DATE    0.0
  SINCE JUN 1      0.0
  SINCE JUL 1      0.0
  SNOW DEPTH       0

DEGREE DAYS
 HEATING
  YESTERDAY        0                                0
  MONTH TO DATE    4                                4
  SINCE JUN 1      4                                4
  SINCE JUL 1   1940                             -403

 COOLING
  YESTERDAY       14                               -1
  MONTH TO DATE  429                              107
  SINCE JUN 1    429                              107
  SINCE JAN 1    680                              117
...............................................................


WIND (MPH)
  HIGHEST WIND SPEED    15   HIGHEST WIND DIRECTION    NW (310)
  HIGHEST GUST SPEED    MM   HIGHEST GUST DIRECTION    MM
  AVERAGE WIND SPEED     9.9




RELATIVE HUMIDITY (PERCENT)
 HIGHEST    78
 LOWEST     20
 AVERAGE    49

..........................................................


THE FRESNO CA CLIMATE NORMALS FOR TODAY
                         NORMAL    RECORD    YEAR
 MAXIMUM TEMPERATURE (F)   95       108      2010
                                             2009
                                             1973
 MINIMUM TEMPERATURE (F)   65        51      1906


SUNRISE AND SUNSET
JUNE 28 2017..........SUNRISE   542 AM PDT   SUNSET   822 PM PDT
JUNE 29 2017..........SUNRISE   543 AM PDT   SUNSET   822 PM PDT


-  INDICATES NEGATIVE NUMBERS.
R  INDICATES RECORD WAS SET OR TIED.
MM INDICATES DATA IS MISSING.
T  INDICATES TRACE AMOUNT.




$$
