000
CDUS46 KHNX 180822
CLIFAT


CLIMATE REPORT
NATIONAL WEATHER SERVICE SAN JOAQUIN VALLEY, CA
121 AM PDT THU SEP 18 2014


...................................

...THE FRESNO CA CLIMATE SUMMARY FOR SEPTEMBER 17 2014...

CLIMATE NORMAL PERIOD 1981 TO 2010
CLIMATE RECORD PERIOD 1887 TO 2014


WEATHER ITEM   OBSERVED TIME   RECORD YEAR NORMAL DEPARTURE
                VALUE   (LST)  VALUE       VALUE  FROM
                                                  NORMAL
...............................................................
TEMPERATURE (F)
 YESTERDAY
  MAXIMUM        101    413 PM 105    1979  91     10
                                      1913
  MINIMUM         69    543 AM  48    1965  61      8
                                      1908
  AVERAGE         85                        76      9

PRECIPITATION (IN)
  YESTERDAY        0.00          0.27 1989   0.00   0.00
  MONTH TO DATE    T                         0.06  -0.06
  SINCE JUL 1      0.01                      0.08  -0.07
  SINCE JAN 1      4.09                      7.92  -3.83

SNOWFALL (IN)
  YESTERDAY        0.0
  MONTH TO DATE    0.0
  SINCE SEP 1      0.0
  SINCE JUL 1      0.0
  SNOW DEPTH       0

DEGREE DAYS
 HEATING
  YESTERDAY        0                                0
  MONTH TO DATE    0                                0
  SINCE SEP 1      0                                0
  SINCE JUL 1      0                                0

 COOLING
  YESTERDAY       20                                9
  MONTH TO DATE  336                              118
  SINCE SEP 1    336                              118
  SINCE JAN 1   2557                              655
...............................................................


WIND (MPH)
  HIGHEST WIND SPEED    22   HIGHEST WIND DIRECTION     N (340)
  HIGHEST GUST SPEED    25   HIGHEST GUST DIRECTION     N (340)
  AVERAGE WIND SPEED     5.7




RELATIVE HUMIDITY (PERCENT)
 HIGHEST    57
 LOWEST     16
 AVERAGE    37

..........................................................


THE FRESNO CA CLIMATE NORMALS FOR TODAY
                         NORMAL    RECORD    YEAR
 MAXIMUM TEMPERATURE (F)   90       107      1913
 MINIMUM TEMPERATURE (F)   61        48      1978
                                             1895


SUNRISE AND SUNSET
SEPTEMBER 18 2014.....SUNRISE   644 AM PDT   SUNSET   702 PM PDT
SEPTEMBER 19 2014.....SUNRISE   644 AM PDT   SUNSET   700 PM PDT


-  INDICATES NEGATIVE NUMBERS.
R  INDICATES RECORD WAS SET OR TIED.
MM INDICATES DATA IS MISSING.
T  INDICATES TRACE AMOUNT.




$$
