000
CDUS46 KHNX 260023
CLIFAT


CLIMATE REPORT
NATIONAL WEATHER SERVICE SAN JOAQUIN VALLEY, CA
522 PM PDT MON JUL 25 2016


...................................

...THE FRESNO CA CLIMATE SUMMARY FOR JULY 25 2016...
VALID AS OF 0400 PM LOCAL TIME.

CLIMATE NORMAL PERIOD 1981 TO 2010
CLIMATE RECORD PERIOD 1887 TO 2016


WEATHER ITEM   OBSERVED TIME   RECORD YEAR NORMAL DEPARTURE LAST
                VALUE   (LST)  VALUE       VALUE  FROM      YEAR
                                                  NORMAL
..................................................................
TEMPERATURE (F)
 TODAY
  MAXIMUM        105    357 PM 113    2006  99      6       97
  MINIMUM         71    535 AM  56    1889  68      3       66
  AVERAGE         88                        84      4       82

PRECIPITATION (IN)
  TODAY            0.00          0.06 1896   0.00   0.00     0.00
  MONTH TO DATE    0.00                      0.01  -0.01     0.43
  SINCE OCT 1     14.29                     11.32   2.97     6.85
  SINCE JAN 1      9.09                      7.85   1.24     3.66

SNOWFALL (IN)
  TODAY            0.0
  MONTH TO DATE    0.0
  SINCE JUN 1      0.0
  SINCE JUL 1      0.0
  SNOW DEPTH       0

DEGREE DAYS
 HEATING
  TODAY            0                         0      0        0
  MONTH TO DATE    0                         0      0        0
  SINCE JUN 1      0                         3     -3        0
  SINCE JUL 1      0                         0      0        0

 COOLING
  TODAY           23                        19      4       17
  MONTH TO DATE  442                       448     -6      441
  SINCE JUN 1    929                       817    112      954
  SINCE JAN 1   1207                      1058    149     1227
..................................................................


WIND (MPH)
  HIGHEST WIND SPEED    12   HIGHEST WIND DIRECTION    NW (310)
  HIGHEST GUST SPEED    15   HIGHEST GUST DIRECTION    NW (300)
  AVERAGE WIND SPEED     5.4




RELATIVE HUMIDITY (PERCENT)
 HIGHEST    44
 LOWEST     14
 AVERAGE    29

..........................................................


THE FRESNO CA CLIMATE NORMALS FOR TOMORROW
                         NORMAL    RECORD    YEAR
 MAXIMUM TEMPERATURE (F)   99       113      1931
 MINIMUM TEMPERATURE (F)   68        56      1955
                                             1889


SUNRISE AND SUNSET
JULY 25 2016..........SUNRISE   559 AM PDT   SUNSET   811 PM PDT
JULY 26 2016..........SUNRISE   600 AM PDT   SUNSET   810 PM PDT


-  INDICATES NEGATIVE NUMBERS.
R  INDICATES RECORD WAS SET OR TIED.
MM INDICATES DATA IS MISSING.
T  INDICATES TRACE AMOUNT.




$$
