000
CDUS46 KHNX 010820
CLIFAT


CLIMATE REPORT
NATIONAL WEATHER SERVICE SAN JOAQUIN VALLEY, CA
1220 AM PST SUN MAR 1 2015


...................................

...THE FRESNO CA CLIMATE SUMMARY FOR FEBRUARY 28 2015...

CLIMATE NORMAL PERIOD 1981 TO 2010
CLIMATE RECORD PERIOD 1887 TO 2015


WEATHER ITEM   OBSERVED TIME   RECORD YEAR NORMAL DEPARTURE
                VALUE   (LST)  VALUE       VALUE  FROM
                                                  NORMAL
...............................................................
TEMPERATURE (F)
 YESTERDAY
  MAXIMUM         60    144 PM  79    1926  65     -5
  MINIMUM         47    626 AM  28    1962  44      3
  AVERAGE         54                        54      0

PRECIPITATION (IN)
  YESTERDAY        0.02          1.08 1938   0.07  -0.05
  MONTH TO DATE    1.13                      2.03  -0.90
  SINCE OCT 1      4.53                      7.69  -3.16
  SINCE JAN 1      1.34                      4.22  -2.88

SNOWFALL (IN)
  YESTERDAY       MM
  MONTH TO DATE    0.0
  SINCE DEC 1      0.0
  SINCE JUL 1      0.0
  SNOW DEPTH       0

DEGREE DAYS
 HEATING
  YESTERDAY       11                                0
  MONTH TO DATE  217                             -159
  SINCE DEC 1   1105                             -419
  SINCE JUL 1   1326                             -586

 COOLING
  YESTERDAY        0                                0
  MONTH TO DATE    0                                0
  SINCE DEC 1      0                                0
  SINCE JAN 1      0                                0
...............................................................


WIND (MPH)
  HIGHEST WIND SPEED    14   HIGHEST WIND DIRECTION    SW (210)
  HIGHEST GUST SPEED    17   HIGHEST GUST DIRECTION    SW (240)
  AVERAGE WIND SPEED     6.0




RELATIVE HUMIDITY (PERCENT)
 HIGHEST    86
 LOWEST     40
 AVERAGE    63

..........................................................


THE FRESNO CA CLIMATE NORMALS FOR TODAY
                         NORMAL    RECORD    YEAR
 MAXIMUM TEMPERATURE (F)   65        79      1975
                                             1924
 MINIMUM TEMPERATURE (F)   44        28      1888


SUNRISE AND SUNSET
MARCH  1 2015.........SUNRISE   630 AM PST   SUNSET   553 PM PST
MARCH  2 2015.........SUNRISE   628 AM PST   SUNSET   554 PM PST


-  INDICATES NEGATIVE NUMBERS.
R  INDICATES RECORD WAS SET OR TIED.
MM INDICATES DATA IS MISSING.
T  INDICATES TRACE AMOUNT.




$$
