000
CDUS46 KHNX 190823
CLIFAT


CLIMATE REPORT
NATIONAL WEATHER SERVICE SAN JOAQUIN VALLEY, CA
123 AM PDT THU OCT 19 2017


...................................

...THE FRESNO CA CLIMATE SUMMARY FOR OCTOBER 18 2017...

CLIMATE NORMAL PERIOD 1981 TO 2010
CLIMATE RECORD PERIOD 1887 TO 2017


WEATHER ITEM   OBSERVED TIME   RECORD YEAR NORMAL DEPARTURE
                VALUE   (LST)  VALUE       VALUE  FROM
                                                  NORMAL
...............................................................
TEMPERATURE (F)
 YESTERDAY
  MAXIMUM         82    403 PM  95    2012  79      3
                                      1903
  MINIMUM         53    549 AM  36    1949  52      1
  AVERAGE         68                        66      2

PRECIPITATION (IN)
  YESTERDAY        0.00          0.67 1936   0.02  -0.02
  MONTH TO DATE    0.00                      0.27  -0.27
  SINCE OCT 1      0.00                      0.27  -0.27
  SINCE JAN 1     12.80                      8.30   4.50

SNOWFALL (IN)
  YESTERDAY        0.0
  MONTH TO DATE    0.0
  SINCE SEP 1      0.0
  SINCE JUL 1      0.0
  SNOW DEPTH       0

DEGREE DAYS
 HEATING
  YESTERDAY        0                               -2
  MONTH TO DATE   19                                2
  SINCE SEP 1     23                                4
  SINCE JUL 1     23                                4

 COOLING
  YESTERDAY        3                                1
  MONTH TO DATE   32                              -53
  SINCE SEP 1    407                              -16
  SINCE JAN 1   2446                              339
...............................................................


WIND (MPH)
  HIGHEST WIND SPEED     9   HIGHEST WIND DIRECTION     E (90)
  HIGHEST GUST SPEED    11   HIGHEST GUST DIRECTION     E (90)
  AVERAGE WIND SPEED     2.7




RELATIVE HUMIDITY (PERCENT)
 HIGHEST    77
 LOWEST     24
 AVERAGE    51

..........................................................


THE FRESNO CA CLIMATE NORMALS FOR TODAY
                         NORMAL    RECORD    YEAR
 MAXIMUM TEMPERATURE (F)   78        92      1921
                                             1903
 MINIMUM TEMPERATURE (F)   52        30      1949


SUNRISE AND SUNSET
OCTOBER 19 2017.......SUNRISE   710 AM PDT   SUNSET   617 PM PDT
OCTOBER 20 2017.......SUNRISE   711 AM PDT   SUNSET   615 PM PDT


-  INDICATES NEGATIVE NUMBERS.
R  INDICATES RECORD WAS SET OR TIED.
MM INDICATES DATA IS MISSING.
T  INDICATES TRACE AMOUNT.




$$
