000
CDUS42 KRAH 090546
CLIFAY


CLIMATE REPORT
NATIONAL WEATHER SERVICE RALEIGH NC
1244 AM EST FRI DEC 9 2016


...................................

...THE FAYETTEVILLE REGL AIRPORT NC CLIMATE SUMMARY FOR DECEMBER 8 2016...

CLIMATE NORMAL PERIOD 1981 TO 2010
CLIMATE RECORD PERIOD 1910 TO 2016


WEATHER ITEM   OBSERVED TIME   RECORD YEAR NORMAL DEPARTURE LAST
                VALUE   (LST)  VALUE       VALUE  FROM      YEAR
                                                  NORMAL
..................................................................
TEMPERATURE (F)
 YESTERDAY
  MAXIMUM         56    102 PM  82    1998  58     -2       58
  MINIMUM         42   1159 PM  16    1954  37      5       40
  AVERAGE         49                        47      2       49

PRECIPITATION (IN)
  YESTERDAY        0.00          1.22 1920   0.10  -0.10     0.00
  MONTH TO DATE    0.99                      0.87   0.12     0.63
  SINCE DEC 1      0.99                      0.87   0.12     0.63
  SINCE JAN 1     54.60                     42.68  11.92    47.82

DEGREE DAYS
 HEATING
  YESTERDAY       16                        18     -2       16
  MONTH TO DATE  119                       134    -15      114
  SINCE DEC 1    119                       134    -15      114
  SINCE JUL 1    470                       582   -112      433

 COOLING
  YESTERDAY        0                         0      0        0
  MONTH TO DATE    0                         0      0        0
  SINCE DEC 1      0                         0      0        0
  SINCE JAN 1   2527                      1991    536     2231
..................................................................


WIND (MPH)
  HIGHEST WIND SPEED    20   HIGHEST WIND DIRECTION    NW (320)
  HIGHEST GUST SPEED    28   HIGHEST GUST DIRECTION    NW (320)
  AVERAGE WIND SPEED     8.1


SKY COVER
  POSSIBLE SUNSHINE  MM
  AVERAGE SKY COVER 0.6


WEATHER CONDITIONS
 THE FOLLOWING WEATHER WAS RECORDED YESTERDAY.
  FOG


RELATIVE HUMIDITY (PERCENT)
 HIGHEST   100           500 AM
 LOWEST     30           500 PM
 AVERAGE    65

..........................................................


THE FAYETTEVILLE REGL AIRPORT NC CLIMATE NORMALS FOR TODAY
                         NORMAL    RECORD    YEAR
 MAXIMUM TEMPERATURE (F)   58        82      1943
 MINIMUM TEMPERATURE (F)   36        15      1945


SUNRISE AND SUNSET
DECEMBER  9 2016......SUNRISE   712 AM EST   SUNSET   504 PM EST
DECEMBER 10 2016......SUNRISE   713 AM EST   SUNSET   504 PM EST


-  INDICATES NEGATIVE NUMBERS.
R  INDICATES RECORD WAS SET OR TIED.
MM INDICATES DATA IS MISSING.
T  INDICATES TRACE AMOUNT.




$$
