000
CDUS42 KRAH 162043
CLIFAY


CLIMATE REPORT
NATIONAL WEATHER SERVICE RALEIGH NC
441 PM EDT MON OCT 16 2017


...................................

...THE FAYETTEVILLE REGL AIRPORT NC CLIMATE SUMMARY FOR OCTOBER 16 2017...
VALID TODAY AS OF 0441 PM LOCAL TIME.

CLIMATE NORMAL PERIOD 1981 TO 2010
CLIMATE RECORD PERIOD 1910 TO 2017


WEATHER ITEM   OBSERVED TIME   RECORD YEAR NORMAL DEPARTURE LAST
                VALUE   (LST)  VALUE       VALUE  FROM      YEAR
                                                  NORMAL
..................................................................
TEMPERATURE (F)
 TODAY
  MAXIMUM         73   1000 AM  90    1925  75     -2       80
  MINIMUM         59    341 PM  31    1944  52      7       53
  AVERAGE         66                        63      3       67

PRECIPITATION (IN)
  TODAY            T             4.00 1954   0.09  -0.09     0.00
  MONTH TO DATE    1.34                      2.06  -0.72    15.02
  SINCE SEP 1      5.07                      6.46  -1.39    26.14
  SINCE JAN 1     36.87                     37.89  -1.02    52.80

DEGREE DAYS
 HEATING
  TODAY            0                         4     -4        0
  MONTH TO DATE    1                        36    -35       14
  SINCE SEP 1      3                        45    -42       14
  SINCE JUL 1      3                        45    -42       14

 COOLING
  TODAY            1                         2     -1        2
  MONTH TO DATE  133                        49     84       59
  SINCE SEP 1    457                       317    140      465
  SINCE JAN 1   2436                      1957    479     2459
..................................................................


WIND (MPH)
  HIGHEST WIND SPEED    21   HIGHEST WIND DIRECTION     N (360)
  HIGHEST GUST SPEED    27   HIGHEST GUST DIRECTION     N (360)
  AVERAGE WIND SPEED     8.6


SKY COVER
  POSSIBLE SUNSHINE  MM
  AVERAGE SKY COVER 0.5


WEATHER CONDITIONS
 THE FOLLOWING WEATHER WAS RECORDED TODAY.
  LIGHT RAIN
  FOG


RELATIVE HUMIDITY (PERCENT)
 HIGHEST   100           300 AM
 LOWEST     78          1100 AM
 AVERAGE    89

..........................................................


THE FAYETTEVILLE REGL AIRPORT NC CLIMATE NORMALS FOR TOMORROW
                         NORMAL    RECORD    YEAR
 MAXIMUM TEMPERATURE (F)   75        90      1925
 MINIMUM TEMPERATURE (F)   51        34      1939


SUNRISE AND SUNSET
OCTOBER 16 2017.......SUNRISE   722 AM EDT   SUNSET   639 PM EDT
OCTOBER 17 2017.......SUNRISE   723 AM EDT   SUNSET   638 PM EDT


-  INDICATES NEGATIVE NUMBERS.
R  INDICATES RECORD WAS SET OR TIED.
MM INDICATES DATA IS MISSING.
T  INDICATES TRACE AMOUNT.




$$
