000
CDUS42 KRAH 310731
CLIFAY


CLIMATE REPORT
NATIONAL WEATHER SERVICE RALEIGH NC
327 AM EDT FRI JUL 31 2015


...................................

...THE FAYETTEVILLE REGL AIRPORT NC CLIMATE SUMMARY FOR JULY 30 2015...

CLIMATE NORMAL PERIOD 1981 TO 2010
CLIMATE RECORD PERIOD 1910 TO 2015


WEATHER ITEM   OBSERVED TIME   RECORD YEAR NORMAL DEPARTURE LAST
                VALUE   (LST)  VALUE       VALUE  FROM      YEAR
                                                  NORMAL
..................................................................
TEMPERATURE (F)
 YESTERDAY
  MAXIMUM         96    458 PM 105    2011  91      5       87
  MINIMUM         75    506 AM  59    1920  71      4       61
  AVERAGE         86                        81      5       74

PRECIPITATION (IN)
  YESTERDAY        T             4.06 1960   0.18  -0.18     0.00
  MONTH TO DATE    3.38                      5.73  -2.35     1.83
  SINCE JUN 1     12.52                     10.08   2.44     4.52
  SINCE JAN 1     27.79                     25.75   2.04    22.97

DEGREE DAYS
 HEATING
  YESTERDAY        0                         0      0        0
  MONTH TO DATE    0                         0      0        0
  SINCE JUN 1      0                         0      0        0
  SINCE JUL 1      0                         0      0        0

 COOLING
  YESTERDAY       21                        16      5        9
  MONTH TO DATE  534                       491     43      469
  SINCE JUN 1   1023                       887    136      926
  SINCE JAN 1   1353                      1171    182     1292
..................................................................


WIND (MPH)
  HIGHEST WIND SPEED    14   HIGHEST WIND DIRECTION     W (260)
  HIGHEST GUST SPEED    19   HIGHEST GUST DIRECTION     W (260)
  AVERAGE WIND SPEED     3.5


SKY COVER
  POSSIBLE SUNSHINE  MM
  AVERAGE SKY COVER 0.1


WEATHER CONDITIONS
 THE FOLLOWING WEATHER WAS RECORDED YESTERDAY.
  THUNDERSTORM
  LIGHT RAIN


RELATIVE HUMIDITY (PERCENT)
 HIGHEST    82           100 AM
 LOWEST     43           500 PM
 AVERAGE    63

..........................................................


THE FAYETTEVILLE REGL AIRPORT NC CLIMATE NORMALS FOR TODAY
                         NORMAL    RECORD    YEAR
 MAXIMUM TEMPERATURE (F)   91       102      1931
 MINIMUM TEMPERATURE (F)   71        56      1914


SUNRISE AND SUNSET
JULY 31 2015..........SUNRISE   624 AM EDT   SUNSET   819 PM EDT
AUGUST  1 2015........SUNRISE   625 AM EDT   SUNSET   818 PM EDT


-  INDICATES NEGATIVE NUMBERS.
R  INDICATES RECORD WAS SET OR TIED.
MM INDICATES DATA IS MISSING.
T  INDICATES TRACE AMOUNT.




$$
