000
CDUS42 KRAH 232149
CLIFAY


CLIMATE REPORT
NATIONAL WEATHER SERVICE RALEIGH NC
445 PM EST MON JAN 23 2017


...................................

...THE FAYETTEVILLE REGL AIRPORT NC CLIMATE SUMMARY FOR JANUARY 23 2017...
VALID TODAY AS OF 0445 PM LOCAL TIME.

CLIMATE NORMAL PERIOD 1981 TO 2010
CLIMATE RECORD PERIOD 1910 TO 2017


WEATHER ITEM   OBSERVED TIME   RECORD YEAR NORMAL DEPARTURE LAST
                VALUE   (LST)  VALUE       VALUE  FROM      YEAR
                                                  NORMAL
..................................................................
TEMPERATURE (F)
 TODAY
  MAXIMUM         63    156 PM  79    1999  55      8       34
  MINIMUM         52    801 AM   9    1970  34     18       27
  AVERAGE         58                        44     14       31

PRECIPITATION (IN)
  TODAY            0.09          1.50 1954   0.12  -0.03     0.01
  MONTH TO DATE    2.43                      2.25   0.18     1.63
  SINCE DEC 1      5.07                      4.90   0.17     8.14
  SINCE JAN 1      2.43                      2.25   0.18     1.63

DEGREE DAYS
 HEATING
  TODAY            7                        21    -14       34
  MONTH TO DATE  334                       500   -166      564
  SINCE DEC 1    891                      1111   -220      797
  SINCE JUL 1   1242                      1559   -317     1116

 COOLING
  TODAY            0                         0      0        0
  MONTH TO DATE    1                         0      1        0
  SINCE DEC 1      1                         2     -1       47
  SINCE JAN 1      1                         0      1        0
..................................................................


WIND (MPH)
  HIGHEST WIND SPEED    21   HIGHEST WIND DIRECTION    SW (230)
  HIGHEST GUST SPEED    26   HIGHEST GUST DIRECTION    SW (220)
  AVERAGE WIND SPEED     9.9


SKY COVER
  POSSIBLE SUNSHINE  MM
  AVERAGE SKY COVER 0.6


WEATHER CONDITIONS
 THE FOLLOWING WEATHER WAS RECORDED TODAY.
  LIGHT RAIN
  FOG


RELATIVE HUMIDITY (PERCENT)
 HIGHEST    93           300 AM
 LOWEST     60          1200 PM
 AVERAGE    77

..........................................................


THE FAYETTEVILLE REGL AIRPORT NC CLIMATE NORMALS FOR TOMORROW
                         NORMAL    RECORD    YEAR
 MAXIMUM TEMPERATURE (F)   55        76      1974
 MINIMUM TEMPERATURE (F)   34        13      2005


SUNRISE AND SUNSET
JANUARY 23 2017.......SUNRISE   720 AM EST   SUNSET   535 PM EST
JANUARY 24 2017.......SUNRISE   719 AM EST   SUNSET   536 PM EST


-  INDICATES NEGATIVE NUMBERS.
R  INDICATES RECORD WAS SET OR TIED.
MM INDICATES DATA IS MISSING.
T  INDICATES TRACE AMOUNT.




$$
