000
CDUS42 KRAH 230958
CLIFAY


CLIMATE REPORT
NATIONAL WEATHER SERVICE RALEIGH NC
556 AM EDT WED APR 23 2014


...................................

...THE FAYETTEVILLE REGL AIRPORT NC CLIMATE SUMMARY FOR APRIL 22 2014...

CLIMATE NORMAL PERIOD 1981 TO 2010
CLIMATE RECORD PERIOD 1910 TO 2014


WEATHER ITEM   OBSERVED TIME   RECORD YEAR NORMAL DEPARTURE LAST
                VALUE   (LST)  VALUE       VALUE  FROM      YEAR
                                                  NORMAL
..................................................................
TEMPERATURE (F)
 YESTERDAY
  MAXIMUM         85    319 PM  93    1952  77      8       65
  MINIMUM         46    418 AM  33    1953  52     -6       39
  AVERAGE         66                        64      2       52

PRECIPITATION (IN)
  YESTERDAY        T             2.45 1992   0.11  -0.11      T
  MONTH TO DATE    2.58                      2.25   0.33     2.01
  SINCE MAR 1      6.22                      5.80   0.42     3.68
  SINCE JAN 1     12.94                     11.86   1.08     9.32

DEGREE DAYS
 HEATING
  YESTERDAY        0                         3     -3       13
  MONTH TO DATE  101                       116    -15      110
  SINCE MAR 1    598                       460    138      616
  SINCE JUL 1   2923                      2685    238     2712

 COOLING
  YESTERDAY        1                         3     -2        0
  MONTH TO DATE   36                        41     -5       59
  SINCE MAR 1     37                        53    -16       62
  SINCE JAN 1     40                        57    -17       67
..................................................................


WIND (MPH)
  HIGHEST WIND SPEED    21   HIGHEST WIND DIRECTION     W (270)
  HIGHEST GUST SPEED    26   HIGHEST GUST DIRECTION     W (270)
  AVERAGE WIND SPEED     9.2


SKY COVER
  POSSIBLE SUNSHINE  MM
  AVERAGE SKY COVER 0.1


WEATHER CONDITIONS
 THE FOLLOWING WEATHER WAS RECORDED YESTERDAY.
  NO SIGNIFICANT WEATHER WAS OBSERVED.


RELATIVE HUMIDITY (PERCENT)
 HIGHEST    93           500 AM
 LOWEST     29           300 PM
 AVERAGE    61

..........................................................


THE FAYETTEVILLE REGL AIRPORT NC CLIMATE NORMALS FOR TODAY
                         NORMAL    RECORD    YEAR
 MAXIMUM TEMPERATURE (F)   77        93      1957
 MINIMUM TEMPERATURE (F)   52        35      1927


SUNRISE AND SUNSET
APRIL 23 2014.........SUNRISE   634 AM EDT   SUNSET   754 PM EDT
APRIL 24 2014.........SUNRISE   633 AM EDT   SUNSET   755 PM EDT


-  INDICATES NEGATIVE NUMBERS.
R  INDICATES RECORD WAS SET OR TIED.
MM INDICATES DATA IS MISSING.
T  INDICATES TRACE AMOUNT.




$$
