000
CDUS42 KRAH 280523
CLIFAY


CLIMATE REPORT
NATIONAL WEATHER SERVICE RALEIGH NC
122 AM EDT THU JUL 28 2016


...................................

...THE FAYETTEVILLE REGL AIRPORT NC CLIMATE SUMMARY FOR JULY 27 2016...

CLIMATE NORMAL PERIOD 1981 TO 2010
CLIMATE RECORD PERIOD 1910 TO 2016


WEATHER ITEM   OBSERVED TIME   RECORD YEAR NORMAL DEPARTURE LAST
                VALUE   (LST)  VALUE       VALUE  FROM      YEAR
                                                  NORMAL
..................................................................
TEMPERATURE (F)
 YESTERDAY
  MAXIMUM        101    308 PM 106    1940  91     10       94
  MINIMUM         79    549 AM  56    1920  71      8       70
  AVERAGE         90                        81      9       82

PRECIPITATION (IN)
  YESTERDAY        0.00          2.08 1969   0.22  -0.22     0.00
  MONTH TO DATE    4.53                      5.20  -0.67     3.38
  SINCE JUN 1      7.74                      9.55  -1.81    12.52
  SINCE JAN 1     25.31                     25.22   0.09    27.79

DEGREE DAYS
 HEATING
  YESTERDAY        0                         0      0        0
  MONTH TO DATE    0                         0      0        0
  SINCE JUN 1      0                         0      0        0
  SINCE JUL 1      0                         0      0        0

 COOLING
  YESTERDAY       25                        16      9       17
  MONTH TO DATE  525                       443     82      478
  SINCE JUN 1    977                       839    138      967
  SINCE JAN 1   1313                      1123    190     1297
..................................................................


WIND (MPH)
  HIGHEST WIND SPEED    18   HIGHEST WIND DIRECTION    SW (220)
  HIGHEST GUST SPEED    25   HIGHEST GUST DIRECTION    SW (220)
  AVERAGE WIND SPEED     9.9


SKY COVER
  POSSIBLE SUNSHINE  MM
  AVERAGE SKY COVER 0.1


WEATHER CONDITIONS
 THE FOLLOWING WEATHER WAS RECORDED YESTERDAY.
  NO SIGNIFICANT WEATHER WAS OBSERVED.


RELATIVE HUMIDITY (PERCENT)
 HIGHEST    79          1200 AM
 LOWEST     37           200 PM
 AVERAGE    58

..........................................................


THE FAYETTEVILLE REGL AIRPORT NC CLIMATE NORMALS FOR TODAY
                         NORMAL    RECORD    YEAR
 MAXIMUM TEMPERATURE (F)   91       105      1940
 MINIMUM TEMPERATURE (F)   71        55      1920


SUNRISE AND SUNSET
JULY 28 2016..........SUNRISE   622 AM EDT   SUNSET   821 PM EDT
JULY 29 2016..........SUNRISE   623 AM EDT   SUNSET   820 PM EDT


-  INDICATES NEGATIVE NUMBERS.
R  INDICATES RECORD WAS SET OR TIED.
MM INDICATES DATA IS MISSING.
T  INDICATES TRACE AMOUNT.




$$
