000
CDUS42 KRAH 250610
CLIFAY


CLIMATE REPORT
NATIONAL WEATHER SERVICE RALEIGH NC
207 AM EDT TUE APR 25 2017


...................................

...THE FAYETTEVILLE REGL AIRPORT NC CLIMATE SUMMARY FOR APRIL 24 2017...

CLIMATE NORMAL PERIOD 1981 TO 2010
CLIMATE RECORD PERIOD 1910 TO 2017


WEATHER ITEM   OBSERVED TIME   RECORD YEAR NORMAL DEPARTURE LAST
                VALUE   (LST)  VALUE       VALUE  FROM      YEAR
                                                  NORMAL
..................................................................
TEMPERATURE (F)
 YESTERDAY
  MAXIMUM         62   1153 PM  95    1925  77    -15       76
  MINIMUM         57    914 AM  34    1986  52      5       56
  AVERAGE         60                        65     -5       66

PRECIPITATION (IN)
  YESTERDAY        2.74R         0.96 1928   0.09   2.65     0.00
  MONTH TO DATE    3.98                      2.43   1.55     2.16
  SINCE MAR 1      6.66                      5.98   0.68     3.17
  SINCE JAN 1     10.08                     12.04  -1.96    11.01

DEGREE DAYS
 HEATING
  YESTERDAY        5                         3      2        0
  MONTH TO DATE   44                       122    -78      139
  SINCE MAR 1    393                       466    -73      329
  SINCE JUL 1   2015                      2691   -676     2142

 COOLING
  YESTERDAY        0                         3     -3        1
  MONTH TO DATE   99                        47     52       34
  SINCE MAR 1    135                        59     76       96
  SINCE JAN 1    150                        63     87       96
..................................................................


WIND (MPH)
  HIGHEST WIND SPEED    18   HIGHEST WIND DIRECTION     N (20)
  HIGHEST GUST SPEED    22   HIGHEST GUST DIRECTION     N (20)
  AVERAGE WIND SPEED     9.8


SKY COVER
  POSSIBLE SUNSHINE  MM
  AVERAGE SKY COVER 0.9


WEATHER CONDITIONS
 THE FOLLOWING WEATHER WAS RECORDED YESTERDAY.
  THUNDERSTORM
  HEAVY RAIN
  RAIN
  LIGHT RAIN
  FOG


RELATIVE HUMIDITY (PERCENT)
 HIGHEST   100           300 AM
 LOWEST     90           400 PM
 AVERAGE    95

..........................................................


THE FAYETTEVILLE REGL AIRPORT NC CLIMATE NORMALS FOR TODAY
                         NORMAL    RECORD    YEAR
 MAXIMUM TEMPERATURE (F)   77        94      1925
 MINIMUM TEMPERATURE (F)   53        36      1969


SUNRISE AND SUNSET
APRIL 25 2017.........SUNRISE   631 AM EDT   SUNSET   756 PM EDT
APRIL 26 2017.........SUNRISE   630 AM EDT   SUNSET   757 PM EDT


-  INDICATES NEGATIVE NUMBERS.
R  INDICATES RECORD WAS SET OR TIED.
MM INDICATES DATA IS MISSING.
T  INDICATES TRACE AMOUNT.




$$
