000
CDUS42 KRAH 060751
CLIFAY


CLIMATE REPORT
NATIONAL WEATHER SERVICE RALEIGH NC
349 AM EDT FRI MAY 6 2016


...................................

...THE FAYETTEVILLE REGL AIRPORT NC CLIMATE SUMMARY FOR MAY 5 2016...

CLIMATE NORMAL PERIOD 1981 TO 2010
CLIMATE RECORD PERIOD 1910 TO 2016


WEATHER ITEM   OBSERVED TIME   RECORD YEAR NORMAL DEPARTURE LAST
                VALUE   (LST)  VALUE       VALUE  FROM      YEAR
                                                  NORMAL
..................................................................
TEMPERATURE (F)
 YESTERDAY
  MAXIMUM         65   1200 AM  94    1934  80    -15       83
  MINIMUM         51   1159 PM  39    1940  55     -4       54
  AVERAGE         58                        68    -10       69

PRECIPITATION (IN)
  YESTERDAY        0.01          2.08 1959   0.08  -0.07     0.00
  MONTH TO DATE    1.67                      0.32   1.35     0.13
  SINCE MAR 1      6.21                      6.69  -0.48     5.49
  SINCE JAN 1     14.05                     12.75   1.30    13.14

DEGREE DAYS
 HEATING
  YESTERDAY        7                         2      5        0
  MONTH TO DATE    7                        10     -3       10
  SINCE MAR 1    336                       492   -156      446
  SINCE JUL 1   2149                      2717   -568     2942

 COOLING
  YESTERDAY        0                         4     -4        4
  MONTH TO DATE   29                        20      9        6
  SINCE MAR 1    164                        99     65       98
  SINCE JAN 1    164                       103     61       98
..................................................................


WIND (MPH)
  HIGHEST WIND SPEED    21   HIGHEST WIND DIRECTION    NW (330)
  HIGHEST GUST SPEED    35   HIGHEST GUST DIRECTION    NW (320)
  AVERAGE WIND SPEED     9.1


SKY COVER
  POSSIBLE SUNSHINE  MM
  AVERAGE SKY COVER 0.7


WEATHER CONDITIONS
 THE FOLLOWING WEATHER WAS RECORDED YESTERDAY.
  THUNDERSTORM
  LIGHT RAIN


RELATIVE HUMIDITY (PERCENT)
 HIGHEST    86           500 AM
 LOWEST     55           400 PM
 AVERAGE    71

..........................................................


THE FAYETTEVILLE REGL AIRPORT NC CLIMATE NORMALS FOR TODAY
                         NORMAL    RECORD    YEAR
 MAXIMUM TEMPERATURE (F)   80       100      1938
 MINIMUM TEMPERATURE (F)   56        40      1973


SUNRISE AND SUNSET
MAY  6 2016...........SUNRISE   619 AM EDT   SUNSET   805 PM EDT
MAY  7 2016...........SUNRISE   618 AM EDT   SUNSET   806 PM EDT


-  INDICATES NEGATIVE NUMBERS.
R  INDICATES RECORD WAS SET OR TIED.
MM INDICATES DATA IS MISSING.
T  INDICATES TRACE AMOUNT.




$$
