000
CDUS42 KRAH 230801
CLIFAY


CLIMATE REPORT
NATIONAL WEATHER SERVICE RALEIGH NC
359 AM EDT THU MAR 23 2017


...................................

...THE FAYETTEVILLE REGL AIRPORT NC CLIMATE SUMMARY FOR MARCH 22 2017...

CLIMATE NORMAL PERIOD 1981 TO 2010
CLIMATE RECORD PERIOD 1910 TO 2017


WEATHER ITEM   OBSERVED TIME   RECORD YEAR NORMAL DEPARTURE LAST
                VALUE   (LST)  VALUE       VALUE  FROM      YEAR
                                                  NORMAL
..................................................................
TEMPERATURE (F)
 YESTERDAY
  MAXIMUM         68    316 PM  88    1948  68      0       69
  MINIMUM         44   1159 PM  22    1956  44      0       34
  AVERAGE         56                        56      0       52

PRECIPITATION (IN)
  YESTERDAY        0.13          1.95 1942   0.11   0.02     0.00
  MONTH TO DATE    1.77                      2.39  -0.62     0.49
  SINCE MAR 1      1.77                      2.39  -0.62     0.49
  SINCE JAN 1      5.19                      8.45  -3.26     8.33

DEGREE DAYS
 HEATING
  YESTERDAY        9                         9      0       13
  MONTH TO DATE  320                       271     49      166
  SINCE MAR 1    320                       271     49      166
  SINCE JUL 1   1942                      2496   -554     1979

 COOLING
  YESTERDAY        0                         0      0        0
  MONTH TO DATE   13                         0     13       49
  SINCE MAR 1     13                         0     13       49
  SINCE JAN 1     28                         4     24       49
..................................................................


WIND (MPH)
  HIGHEST WIND SPEED    23   HIGHEST WIND DIRECTION     N (360)
  HIGHEST GUST SPEED    29   HIGHEST GUST DIRECTION     N (10)
  AVERAGE WIND SPEED    11.0


SKY COVER
  POSSIBLE SUNSHINE  MM
  AVERAGE SKY COVER 0.4


WEATHER CONDITIONS
 THE FOLLOWING WEATHER WAS RECORDED YESTERDAY.
  THUNDERSTORM
  LIGHT RAIN
  FOG


RELATIVE HUMIDITY (PERCENT)
 HIGHEST    90           100 AM
 LOWEST     24           400 PM
 AVERAGE    57

..........................................................


THE FAYETTEVILLE REGL AIRPORT NC CLIMATE NORMALS FOR TODAY
                         NORMAL    RECORD    YEAR
 MAXIMUM TEMPERATURE (F)   68        86      1948
 MINIMUM TEMPERATURE (F)   44        24      1986


SUNRISE AND SUNSET
MARCH 23 2017.........SUNRISE   715 AM EDT   SUNSET   730 PM EDT
MARCH 24 2017.........SUNRISE   713 AM EDT   SUNSET   731 PM EDT


-  INDICATES NEGATIVE NUMBERS.
R  INDICATES RECORD WAS SET OR TIED.
MM INDICATES DATA IS MISSING.
T  INDICATES TRACE AMOUNT.




$$
