000
CDUS42 KRAH 230643
CLIFAY


CLIMATE REPORT
NATIONAL WEATHER SERVICE RALEIGH NC
242 AM EDT WED AUG 23 2017


...................................

...THE FAYETTEVILLE REGL AIRPORT NC CLIMATE SUMMARY FOR AUGUST 22 2017...

CLIMATE NORMAL PERIOD 1981 TO 2010
CLIMATE RECORD PERIOD 1910 TO 2017


WEATHER ITEM   OBSERVED TIME   RECORD YEAR NORMAL DEPARTURE LAST
                VALUE   (LST)  VALUE       VALUE  FROM      YEAR
                                                  NORMAL
..................................................................
TEMPERATURE (F)
 YESTERDAY
  MAXIMUM         94    351 PM 105    1983  89      5       90
  MINIMUM         72    551 AM  55    1922  69      3       71
  AVERAGE         83                        79      4       81

PRECIPITATION (IN)
  YESTERDAY        0.00          2.10 1928   0.17  -0.17     0.00
  MONTH TO DATE    3.34                      4.05  -0.71     1.14
  SINCE JUN 1     15.79                     14.32   1.47     8.90
  SINCE JAN 1     31.43                     29.99   1.44    26.47

DEGREE DAYS
 HEATING
  YESTERDAY        0                         0      0        0
  MONTH TO DATE    0                         0      0        0
  SINCE JUN 1      0                         0      0        0
  SINCE JUL 1      0                         0      0        0

 COOLING
  YESTERDAY       18                        14      4       16
  MONTH TO DATE  363                       333     30      434
  SINCE JUN 1   1363                      1236    127     1505
  SINCE JAN 1   1866                      1520    346     1841
..................................................................


WIND (MPH)
  HIGHEST WIND SPEED    17   HIGHEST WIND DIRECTION     S (200)
  HIGHEST GUST SPEED    23   HIGHEST GUST DIRECTION    SW (220)
  AVERAGE WIND SPEED     5.3


SKY COVER
  POSSIBLE SUNSHINE  MM
  AVERAGE SKY COVER 0.2


WEATHER CONDITIONS
 THE FOLLOWING WEATHER WAS RECORDED YESTERDAY.
  FOG


RELATIVE HUMIDITY (PERCENT)
 HIGHEST   100           200 AM
 LOWEST     49           200 PM
 AVERAGE    75

..........................................................


THE FAYETTEVILLE REGL AIRPORT NC CLIMATE NORMALS FOR TODAY
                         NORMAL    RECORD    YEAR
 MAXIMUM TEMPERATURE (F)   89       103      1983
 MINIMUM TEMPERATURE (F)   69        53      1969


SUNRISE AND SUNSET
AUGUST 23 2017........SUNRISE   642 AM EDT   SUNSET   754 PM EDT
AUGUST 24 2017........SUNRISE   643 AM EDT   SUNSET   752 PM EDT


-  INDICATES NEGATIVE NUMBERS.
R  INDICATES RECORD WAS SET OR TIED.
MM INDICATES DATA IS MISSING.
T  INDICATES TRACE AMOUNT.




$$
