626
CDUS42 KRAH 220610
CLIFAY


CLIMATE REPORT
NATIONAL WEATHER SERVICE RALEIGH NC
210 AM EDT MON MAY 22 2017


...................................

...THE FAYETTEVILLE REGL AIRPORT NC CLIMATE SUMMARY FOR MAY 21 2017...

CLIMATE NORMAL PERIOD 1981 TO 2010
CLIMATE RECORD PERIOD 1910 TO 2017


WEATHER ITEM   OBSERVED TIME   RECORD YEAR NORMAL DEPARTURE LAST
                VALUE   (LST)  VALUE       VALUE  FROM      YEAR
                                                  NORMAL
..................................................................
TEMPERATURE (F)
 YESTERDAY
  MAXIMUM         85    441 PM  99    1941  84      1       82
  MINIMUM         66    828 AM  44    2002  61      5       65
  AVERAGE         76                        72      4       74

PRECIPITATION (IN)
  YESTERDAY        T             2.20 1931   0.11  -0.11     0.39
  MONTH TO DATE    0.90                      1.92  -1.02     3.65
  SINCE MAR 1      7.84                      8.29  -0.45     8.19
  SINCE JAN 1     11.26                     14.35  -3.09    16.03

DEGREE DAYS
 HEATING
  YESTERDAY        0                         0      0        0
  MONTH TO DATE   12                        23    -11       23
  SINCE MAR 1    405                       505   -100      352
  SINCE JUL 1   2027                      2730   -703     2165

 COOLING
  YESTERDAY       11                         7      4        9
  MONTH TO DATE  161                       112     49      114
  SINCE MAR 1    364                       191    173      249
  SINCE JAN 1    379                       195    184      249
..................................................................


WIND (MPH)
  HIGHEST WIND SPEED    14   HIGHEST WIND DIRECTION    SE (150)
  HIGHEST GUST SPEED    17   HIGHEST GUST DIRECTION     E (110)
  AVERAGE WIND SPEED     8.1


SKY COVER
  POSSIBLE SUNSHINE  MM
  AVERAGE SKY COVER 0.8


WEATHER CONDITIONS
 THE FOLLOWING WEATHER WAS RECORDED YESTERDAY.
  LIGHT RAIN
  FOG


RELATIVE HUMIDITY (PERCENT)
 HIGHEST   100           400 AM
 LOWEST     59           300 PM
 AVERAGE    80

..........................................................


THE FAYETTEVILLE REGL AIRPORT NC CLIMATE NORMALS FOR TODAY
                         NORMAL    RECORD    YEAR
 MAXIMUM TEMPERATURE (F)   84       100      1941
 MINIMUM TEMPERATURE (F)   61        43      1992


SUNRISE AND SUNSET
MAY 22 2017...........SUNRISE   607 AM EDT   SUNSET   818 PM EDT
MAY 23 2017...........SUNRISE   607 AM EDT   SUNSET   818 PM EDT


-  INDICATES NEGATIVE NUMBERS.
R  INDICATES RECORD WAS SET OR TIED.
MM INDICATES DATA IS MISSING.
T  INDICATES TRACE AMOUNT.




$$
