309
CDUS42 KRAH 220526
CLIFAY


CLIMATE REPORT
NATIONAL WEATHER SERVICE RALEIGH NC
1224 AM EST THU FEB 22 2018


...................................

...THE FAYETTEVILLE REGL AIRPORT NC CLIMATE SUMMARY FOR FEBRUARY 21 2018...

CLIMATE NORMAL PERIOD 1981 TO 2010
CLIMATE RECORD PERIOD 1910 TO 2018


WEATHER ITEM   OBSERVED TIME   RECORD YEAR NORMAL DEPARTURE LAST
                VALUE   (LST)  VALUE       VALUE  FROM      YEAR
                                                  NORMAL
..................................................................
TEMPERATURE (F)
 YESTERDAY
  MAXIMUM         81R   351 PM  80    1991  60     21       69
  MINIMUM         61    313 AM  16    1958  36     25       44
  AVERAGE         71                        48     23       57

PRECIPITATION (IN)
  YESTERDAY        0.00          0.98 1914   0.10  -0.10     0.00
  MONTH TO DATE    1.42                      2.08  -0.66     0.99
  SINCE DEC 1      7.47                      8.03  -0.56     6.06
  SINCE JAN 1      4.50                      5.38  -0.88     3.42

DEGREE DAYS
 HEATING
  YESTERDAY        0                        17    -17        8
  MONTH TO DATE  242                       388   -146      222
  SINCE DEC 1   1596                      1666    -70     1236
  SINCE JUL 1   2029                      2114    -85     1587

 COOLING
  YESTERDAY        6                         0      6        0
  MONTH TO DATE   25                         0     25        9
  SINCE DEC 1     25                         4     21       10
  SINCE JAN 1     25                         2     23       10
..................................................................


WIND (MPH)
  HIGHEST WIND SPEED    15   HIGHEST WIND DIRECTION    SW (220)
  HIGHEST GUST SPEED    18   HIGHEST GUST DIRECTION    SW (230)
  AVERAGE WIND SPEED     7.0


SKY COVER
  POSSIBLE SUNSHINE  MM
  AVERAGE SKY COVER 0.6


WEATHER CONDITIONS
 THE FOLLOWING WEATHER WAS RECORDED YESTERDAY.
  FOG
  FOG W/VISIBILITY <= 1/4 MILE


RELATIVE HUMIDITY (PERCENT)
 HIGHEST   100          1200 AM
 LOWEST     51           500 PM
 AVERAGE    76

..........................................................


THE FAYETTEVILLE REGL AIRPORT NC CLIMATE NORMALS FOR TODAY
                         NORMAL    RECORD    YEAR
 MAXIMUM TEMPERATURE (F)   61        77      2003
 MINIMUM TEMPERATURE (F)   36        17      1936


SUNRISE AND SUNSET
FEBRUARY 22 2018......SUNRISE   654 AM EST   SUNSET   605 PM EST
FEBRUARY 23 2018......SUNRISE   652 AM EST   SUNSET   606 PM EST


-  INDICATES NEGATIVE NUMBERS.
R  INDICATES RECORD WAS SET OR TIED.
MM INDICATES DATA IS MISSING.
T  INDICATES TRACE AMOUNT.

$$
