000
CDUS42 KRAH 141542
CLIFAY


CLIMATE REPORT
NATIONAL WEATHER SERVICE RALEIGH NC
1040 AM EST SUN FEB 14 2016


...................................

...THE FAYETTEVILLE REGL AIRPORT NC CLIMATE SUMMARY FOR FEBRUARY 14 2016...
VALID AS OF 1030 AM LOCAL TIME.

CLIMATE NORMAL PERIOD 1981 TO 2010
CLIMATE RECORD PERIOD 1910 TO 2016


WEATHER ITEM   OBSERVED TIME   RECORD YEAR NORMAL DEPARTURE LAST
                VALUE   (LST)  VALUE       VALUE  FROM      YEAR
                                                  NORMAL
..................................................................
TEMPERATURE (F)
 TODAY
  MAXIMUM                       79    1938  59    -34       56
  MINIMUM         19    659 AM  12    1968  35    -16       21
  AVERAGE         22                        47    -25       39

PRECIPITATION (IN)
  TODAY            0.00          2.03 1984   0.11  -0.11     0.00
  MONTH TO DATE    3.09                      1.30   1.79     0.81
  SINCE DEC 1     11.30                      7.25   4.05     9.40
  SINCE JAN 1      4.79                      4.60   0.19     5.18

..................................................................


WIND (MPH)
  RESULTANT WIND SPEED  10   RESULTANT WIND DIRECTION   N (20)
  HIGHEST WIND SPEED    16   HIGHEST WIND DIRECTION     N (20)
  HIGHEST GUST SPEED    22   HIGHEST GUST DIRECTION     N (360)
  AVERAGE WIND SPEED    10.8


SKY COVER
  POSSIBLE SUNSHINE  MM
  AVERAGE SKY COVER 0.0


WEATHER CONDITIONS
 THE FOLLOWING WEATHER WAS RECORDED TODAY.
  NO SIGNIFICANT WEATHER WAS OBSERVED.


RELATIVE HUMIDITY (PERCENT)
 HIGHEST    43           700 AM
 LOWEST     34           900 AM
 AVERAGE    39

..........................................................




SUNRISE AND SUNSET
FEBRUARY 14 2016......SUNRISE   703 AM EST   SUNSET   557 PM EST
FEBRUARY 15 2016......SUNRISE   702 AM EST   SUNSET   558 PM EST


-  INDICATES NEGATIVE NUMBERS.
R  INDICATES RECORD WAS SET OR TIED.
MM INDICATES DATA IS MISSING.
T  INDICATES TRACE AMOUNT.




$$
