000
CDUS42 KFFC 020023
CLIFFC


CLIMATE REPORT
NATIONAL WEATHER SERVICE PEACHTREE CITY GA
822 PM EDT FRI AUG 1 2014


...................................

...THE PEACHTREE CITY CLIMATE SUMMARY FOR AUGUST 1 2014...
VALID AS OF 0800 PM LOCAL TIME.

CLIMATE NORMAL PERIOD 1981 TO 2010
CLIMATE RECORD PERIOD 9999 TO 9999


WEATHER ITEM   OBSERVED RECORD YEAR NORMAL DEPARTURE LAST
                VALUE   VALUE       VALUE  FROM      YEAR
                                           NORMAL
...........................................................
TEMPERATURE (F)
 TODAY
  MAXIMUM         81     MM      MM  90     -9       87
  MINIMUM         68     MM      MM  69     -1       71
  AVERAGE         75

PRECIPITATION (IN)
  TODAY            T     MM      MM   0.11  -0.11     0.37
  MONTH TO DATE    T                  0.11  -0.11     0.37
  SINCE JUN 1      5.01               9.00  -3.99    14.57

SNOWFALL (IN)
  TODAY           MM     MM      MM  MM              MM
  MONTH TO DATE   MM                 MM               0.0
  SINCE JUN 1      0.0               MM               0.0
  SINCE JUL 1      0.0               MM               0.0

DEGREE DAYS
 HEATING
  TODAY            0

 COOLING
  TODAY           10
...........................................................


WIND (MPH)
  RESULTANT WIND SPEED   4   RESULTANT WIND DIRECTION   E (80)
  HIGHEST WIND SPEED    12   HIGHEST WIND DIRECTION    SE (120)
  HIGHEST GUST SPEED    14   HIGHEST GUST DIRECTION    SE (120)


SKY COVER
  POSSIBLE SUNSHINE  MM
  AVERAGE SKY COVER 0.8


WEATHER CONDITIONS
 THE FOLLOWING WEATHER WAS RECORDED TODAY.
  LIGHT RAIN
  FOG


RELATIVE HUMIDITY (PERCENT)
 HIGHEST    93
 LOWEST     67
 AVERAGE    80

..........................................................


THE PEACHTREE CITY CLIMATE NORMALS FOR TOMORROW
                         NORMAL    RECORD    YEAR
 MAXIMUM TEMPERATURE (F)   90        MM        MM
 MINIMUM TEMPERATURE (F)   69        MM        MM


SUNRISE AND SUNSET
AUGUST  1 2014........SUNRISE   651 AM EDT   SUNSET   838 PM EDT
AUGUST  2 2014........SUNRISE   652 AM EDT   SUNSET   837 PM EDT


-  INDICATES NEGATIVE NUMBERS.
R  INDICATES RECORD WAS SET OR TIED.
MM INDICATES DATA IS MISSING.
T  INDICATES TRACE AMOUNT.




$$
