000
CDUS42 KFFC 300918
CLIFFC


CLIMATE REPORT
NATIONAL WEATHER SERVICE PEACHTREE CITY GA
418 AM EST FRI JAN 30 2015


...................................

...THE PEACHTREE CITY CLIMATE SUMMARY FOR JANUARY 29 2015...

CLIMATE NORMAL PERIOD 1981 TO 2010
CLIMATE RECORD PERIOD 9999 TO 9999


WEATHER ITEM   OBSERVED TIME   RECORD YEAR NORMAL DEPARTURE LAST
                VALUE   (LST)  VALUE       VALUE  FROM      YEAR
                                                  NORMAL
..................................................................
TEMPERATURE (F)
 YESTERDAY
  MAXIMUM         61    300 PM  MM      MM  55      6       30
  MINIMUM         27    745 AM  MM      MM  33     -6       10
  AVERAGE         44                        44      0       20

PRECIPITATION (IN)
  YESTERDAY        0.00         MM      MM   0.19  -0.19     0.00
  MONTH TO DATE    2.39                      3.81  -1.42     2.38
  SINCE DEC 1      7.44                      7.95  -0.51     9.79
  SINCE JAN 1      2.39                      3.81  -1.42     2.38

SNOWFALL (IN)
  YESTERDAY        0.0          MM      MM  MM     MM       MM
  MONTH TO DATE    0.0                      MM     MM        1.8
  SINCE DEC 1      0.0                      MM     MM        1.8
  SINCE JUL 1      0.0                      MM     MM        1.8
  SNOW DEPTH      MM

DEGREE DAYS
 HEATING
  YESTERDAY       21                        21      0       45
  MONTH TO DATE  671                       648     23      820
  SINCE DEC 1   1157                      1287   -130     1380
  SINCE JUL 1   1795                      1829    -34     1937

 COOLING
  YESTERDAY        0                         0      0        0
  MONTH TO DATE    0                         0      0        0
  SINCE DEC 1      0                         0      0        8
  SINCE JAN 1      0                         0      0        0
..................................................................


WIND (MPH)
  RESULTANT WIND SPEED   2   RESULTANT WIND DIRECTION   S (180)
  HIGHEST WIND SPEED    13   HIGHEST WIND DIRECTION     S (170)
  HIGHEST GUST SPEED    19   HIGHEST GUST DIRECTION    SW (220)
  AVERAGE WIND SPEED     2.9


SKY COVER
  POSSIBLE SUNSHINE  MM
  AVERAGE SKY COVER 0.3


WEATHER CONDITIONS
 THE FOLLOWING WEATHER WAS RECORDED YESTERDAY.
  FOG
  HAZE


RELATIVE HUMIDITY (PERCENT)
 HIGHEST    92           300 AM
 LOWEST     26           200 PM
 AVERAGE    59

..........................................................


THE PEACHTREE CITY CLIMATE NORMALS FOR TODAY
                         NORMAL    RECORD    YEAR
 MAXIMUM TEMPERATURE (F)   55        MM        MM
 MINIMUM TEMPERATURE (F)   33        MM        MM


SUNRISE AND SUNSET
JANUARY 30 2015.......SUNRISE   736 AM EST   SUNSET   608 PM EST
JANUARY 31 2015.......SUNRISE   735 AM EST   SUNSET   609 PM EST


-  INDICATES NEGATIVE NUMBERS.
R  INDICATES RECORD WAS SET OR TIED.
MM INDICATES DATA IS MISSING.
T  INDICATES TRACE AMOUNT.




$$
