000
CDUS43 KLMK 260629
CLIFFT


CLIMATE REPORT
NATIONAL WEATHER SERVICE LOUISVILLE KY
229 AM EDT THU MAY 26 2016


...................................

...THE FRANKFORT KY CLIMATE SUMMARY FOR MAY 25 2016...

CLIMATE NORMAL PERIOD 1981 TO 2010
CLIMATE RECORD PERIOD 1895 TO 2016


WEATHER ITEM   OBSERVED TIME   RECORD YEAR NORMAL DEPARTURE LAST
                VALUE   (LST)  VALUE       VALUE  FROM      YEAR
                                                  NORMAL
..................................................................
TEMPERATURE (F)
 YESTERDAY
  MAXIMUM         83    303 PM  95    1914  78      5       80
  MINIMUM         61    134 AM  36    1925  55      6       65
  AVERAGE         72                        66      6       73

PRECIPITATION (IN)
  YESTERDAY        0.00          1.39 1943   0.15  -0.15      T
  MONTH TO DATE    4.33                      3.97   0.36     0.65
  SINCE MAR 1     13.48                     12.04   1.44    19.57
  SINCE JAN 1     19.50                     18.59   0.91    23.13

SNOWFALL (IN)
  YESTERDAY       MM            MM      MM  MM     MM       MM
  MONTH TO DATE   MM                        MM     MM       MM
  SINCE MAR 1     MM                        MM     MM       MM
  SINCE JUL 1     MM                        MM     MM       MM
  SNOW DEPTH      MM

DEGREE DAYS
 HEATING
  YESTERDAY        0                         2     -2        0
  MONTH TO DATE  135                       102     33       58
  SINCE MAR 1    801                      1041   -240     1003
  SINCE JUL 1   3873                      4680   -807     5123

 COOLING
  YESTERDAY        7                         4      3        8
  MONTH TO DATE   30                        54    -24       98
  SINCE MAR 1     56                        74    -18      106
  SINCE JAN 1     56                        74    -18      106
..................................................................


WIND (MPH)
  HIGHEST WIND SPEED    18   HIGHEST WIND DIRECTION    SW (220)
  HIGHEST GUST SPEED    24   HIGHEST GUST DIRECTION    SW (220)
  AVERAGE WIND SPEED     7.9


SKY COVER
  POSSIBLE SUNSHINE  MM
  AVERAGE SKY COVER 0.5


WEATHER CONDITIONS
 THE FOLLOWING WEATHER WAS RECORDED YESTERDAY.
  NO SIGNIFICANT WEATHER WAS OBSERVED.


RELATIVE HUMIDITY (PERCENT)
 HIGHEST    78          1100 PM
 LOWEST     47           200 PM
 AVERAGE    63

..........................................................


THE FRANKFORT KY CLIMATE NORMALS FOR TODAY
                         NORMAL    RECORD    YEAR
 MAXIMUM TEMPERATURE (F)   78        97      1914
 MINIMUM TEMPERATURE (F)   55        37      1925


SUNRISE AND SUNSET
MAY 26 2016...........SUNRISE   621 AM EDT   SUNSET   853 PM EDT
MAY 27 2016...........SUNRISE   620 AM EDT   SUNSET   854 PM EDT


-  INDICATES NEGATIVE NUMBERS.
R  INDICATES RECORD WAS SET OR TIED.
MM INDICATES DATA IS MISSING.
T  INDICATES TRACE AMOUNT.




$$
