000
CDUS43 KLMK 310627
CLIFFT


CLIMATE REPORT
NATIONAL WEATHER SERVICE LOUISVILLE KY
127 AM EST SAT JAN 31 2015


...................................

...THE FRANKFORT KY CLIMATE SUMMARY FOR JANUARY 30 2015...

CLIMATE NORMAL PERIOD 1981 TO 2010
CLIMATE RECORD PERIOD 1895 TO 2015


WEATHER ITEM   OBSERVED TIME   RECORD YEAR NORMAL DEPARTURE LAST
                VALUE   (LST)  VALUE       VALUE  FROM      YEAR
                                                  NORMAL
..................................................................
TEMPERATURE (F)
 YESTERDAY
  MAXIMUM         37    349 PM  75    1916  43     -6       37
  MINIMUM         20   1159 PM  -9    1966  24     -4        5
  AVERAGE         29                        34     -5       21

PRECIPITATION (IN)
  YESTERDAY        T             1.78 1939   0.10  -0.10     0.00
  MONTH TO DATE    1.46                      3.15  -1.69     2.28
  SINCE DEC 1      4.61                      7.16  -2.55     7.22
  SINCE JAN 1      1.46                      3.15  -1.69     2.28

SNOWFALL (IN)
  YESTERDAY       MM            MM      MM  MM     MM       MM
  MONTH TO DATE   MM                        MM     MM       MM
  SINCE DEC 1     MM                        MM     MM       MM
  SINCE JUL 1     MM                        MM     MM       MM
  SNOW DEPTH      MM

DEGREE DAYS
 HEATING
  YESTERDAY       36                        31      5       44
  MONTH TO DATE 1021                       978     43     1184
  SINCE DEC 1   1839                      1899    -60     2072
  SINCE JUL 1   2967                      2810    157     3115

 COOLING
  YESTERDAY        0                         0      0        0
  MONTH TO DATE    0                         0      0        0
  SINCE DEC 1      0                         0      0        0
  SINCE JAN 1      0                         0      0        0
..................................................................


WIND (MPH)
  HIGHEST WIND SPEED    18   HIGHEST WIND DIRECTION     N (340)
  HIGHEST GUST SPEED    26   HIGHEST GUST DIRECTION     N (10)
  AVERAGE WIND SPEED     6.6


SKY COVER
  POSSIBLE SUNSHINE  MM
  AVERAGE SKY COVER 0.5


WEATHER CONDITIONS
 THE FOLLOWING WEATHER WAS RECORDED YESTERDAY.
  LIGHT SNOW


RELATIVE HUMIDITY (PERCENT)
 HIGHEST    82          1200 AM
 LOWEST     38           400 PM
 AVERAGE    60

..........................................................


THE FRANKFORT KY CLIMATE NORMALS FOR TODAY
                         NORMAL    RECORD    YEAR
 MAXIMUM TEMPERATURE (F)   43        74      1916
 MINIMUM TEMPERATURE (F)   24        -8      1966


SUNRISE AND SUNSET
JANUARY 31 2015.......SUNRISE   745 AM EST   SUNSET   601 PM EST
FEBRUARY  1 2015......SUNRISE   745 AM EST   SUNSET   602 PM EST


-  INDICATES NEGATIVE NUMBERS.
R  INDICATES RECORD WAS SET OR TIED.
MM INDICATES DATA IS MISSING.
T  INDICATES TRACE AMOUNT.




$$
