000
CDUS43 KFGF 250634
CLIFGF


CLIMATE REPORT
NATIONAL WEATHER SERVICE EASTERN NORTH DAKOTA/GRAND FORKS
133 AM CDT SUN JUN 25 2017


...................................

...THE GRAND FORKS UNIV. (NWS) ND CLIMATE SUMMARY FOR JUNE 24 2017...

CLIMATE NORMAL PERIOD 1981 TO 2010
CLIMATE RECORD PERIOD 1893 TO 2017


WEATHER ITEM   OBSERVED TIME   RECORD YEAR NORMAL DEPARTURE LAST
                VALUE   (LST)  VALUE       VALUE  FROM      YEAR
                                                  NORMAL
..................................................................
TEMPERATURE (F)
 YESTERDAY
  MAXIMUM         57        MM  97    1936  79    -22       84
  MINIMUM         48        MM  39    2004  56     -8       59
  AVERAGE         53                        68    -15       72

PRECIPITATION (IN)
  YESTERDAY        0.06          0.79 1997   0.13  -0.07     0.00
  MONTH TO DATE    2.30                      2.99  -0.69     3.71
  SINCE JUN 1      2.30                      2.99  -0.69     3.71
  SINCE JAN 1      6.87                      9.04  -2.17    10.81

SNOWFALL (IN)
  YESTERDAY        0.0           0.0    MM   0.0    0.0      0.0
  MONTH TO DATE    0.0                       0.0    0.0      0.0
  SINCE JUN 1      0.0                       0.0    0.0      0.0
  SINCE JUL 1     49.7                      43.4    6.3     29.6
  SNOW DEPTH       0

DEGREE DAYS
 HEATING
  YESTERDAY       12                         2     10        0
  MONTH TO DATE   27                        74    -47       35
  SINCE JUN 1     27                        74    -47       35
  SINCE JUL 1   8089                      9199  -1110     7767

 COOLING
  YESTERDAY        0                         4     -4        7
  MONTH TO DATE   91                        64     27       71
  SINCE JUN 1     91                        64     27       71
  SINCE JAN 1     91                        90      1       95
..................................................................


WIND (MPH)
  RESULTANT WIND SPEED  MM   RESULTANT WIND DIRECTION  MM
  HIGHEST WIND SPEED    MM   HIGHEST WIND DIRECTION    MM
  HIGHEST GUST SPEED    MM   HIGHEST GUST DIRECTION    MM
  AVERAGE WIND SPEED    MM


SKY COVER
  POSSIBLE SUNSHINE  MM
  AVERAGE SKY COVER  MM


WEATHER CONDITIONS
 THE FOLLOWING WEATHER WAS RECORDED YESTERDAY.
  NO SIGNIFICANT WEATHER WAS OBSERVED.


RELATIVE HUMIDITY (PERCENT)
 HIGHEST    MM
 LOWEST     MM
 AVERAGE    MM

..........................................................


THE GRAND FORKS UNIV. (NWS) ND CLIMATE NORMALS FOR TODAY
                         NORMAL    RECORD    YEAR
 MAXIMUM TEMPERATURE (F)   79        99      1900
 MINIMUM TEMPERATURE (F)   57        38      1982


SUNRISE AND SUNSET
JUNE 25 2017..........SUNRISE   530 AM CDT   SUNSET   932 PM CDT
JUNE 26 2017..........SUNRISE   531 AM CDT   SUNSET   932 PM CDT


-  INDICATES NEGATIVE NUMBERS.
R  INDICATES RECORD WAS SET OR TIED.
MM INDICATES DATA IS MISSING.
T  INDICATES TRACE AMOUNT.




$$
