000
CSUS97 KFGF 270714
CLIFGF


CLIMATE REPORT
NATIONAL WEATHER SERVICE EASTERN NORTH DAKOTA/GRAND FORKS
211 AM CDT WED AUG 27 2014


...................................

...THE GRAND FORKS UNIV. (NWS) ND CLIMATE SUMMARY FOR AUGUST 26 2014...

CLIMATE NORMAL PERIOD 1981 TO 2010
CLIMATE RECORD PERIOD 1890 TO 2014


WEATHER ITEM   OBSERVED TIME   RECORD YEAR NORMAL DEPARTURE LAST
                VALUE   (LST)  VALUE       VALUE  FROM      YEAR
                                                  NORMAL
..................................................................
TEMPERATURE (F)
 YESTERDAY
  MAXIMUM         69        MM  97    1953  78     -9       88
  MINIMUM         46        MM  34    1916  54     -8       66
  AVERAGE         58                        66     -8       77

PRECIPITATION (IN)
  YESTERDAY        0.00          3.27   MM   0.10  -0.10     0.02
  MONTH TO DATE    3.11                      2.65   0.46     0.32
  SINCE JUN 1     13.30                      9.56   3.74     4.70
  SINCE JAN 1     20.29                     15.61   4.68    12.91

SNOWFALL (IN)
  YESTERDAY        0.0           0.0  2007   0.0    0.0      0.0
  MONTH TO DATE    0.0                       0.0    0.0      0.0
  SINCE JUN 1      0.0                       0.0    0.0      0.0
  SINCE JUL 1      0.0                       0.0    0.0      0.0
  SNOW DEPTH       0

DEGREE DAYS
 HEATING
  YESTERDAY        7                         2      5        0
  MONTH TO DATE   16                        31    -15       35
  SINCE JUN 1    100                       137    -37      134
  SINCE JUL 1     48                        54     -6       59

 COOLING
  YESTERDAY        0                         3     -3       12
  MONTH TO DATE  118                       130    -12      118
  SINCE JUN 1    305                       392    -87      414
  SINCE JAN 1    360                       418    -58      423
..................................................................


WIND (MPH)
  RESULTANT WIND SPEED  MM   RESULTANT WIND DIRECTION  MM
  HIGHEST WIND SPEED    MM   HIGHEST WIND DIRECTION    MM
  HIGHEST GUST SPEED    MM   HIGHEST GUST DIRECTION    MM
  AVERAGE WIND SPEED    MM


SKY COVER
  POSSIBLE SUNSHINE  MM
  AVERAGE SKY COVER  MM


WEATHER CONDITIONS
 THE FOLLOWING WEATHER WAS RECORDED YESTERDAY.
  NO SIGNIFICANT WEATHER WAS OBSERVED.


RELATIVE HUMIDITY (PERCENT)
 HIGHEST    MM
 LOWEST     MM
 AVERAGE    MM

..........................................................


THE GRAND FORKS UNIV. (NWS) ND CLIMATE NORMALS FOR TODAY
                         NORMAL    RECORD    YEAR
 MAXIMUM TEMPERATURE (F)   78        97      1991
 MINIMUM TEMPERATURE (F)   54        34      1982


SUNRISE AND SUNSET
AUGUST 27 2014........SUNRISE   640 AM CDT   SUNSET   819 PM CDT
AUGUST 28 2014........SUNRISE   641 AM CDT   SUNSET   817 PM CDT


-  INDICATES NEGATIVE NUMBERS.
R  INDICATES RECORD WAS SET OR TIED.
MM INDICATES DATA IS MISSING.
T  INDICATES TRACE AMOUNT.




$$
