176
CDUS43 KFGF 092252
CLIFGF


CLIMATE REPORT
NATIONAL WEATHER SERVICE EASTERN NORTH DAKOTA/GRAND FORKS
451 PM CST FRI DEC 9 2016


...................................

...THE GRAND FORKS UNIV. (NWS) ND CLIMATE SUMMARY FOR DECEMBER 9 2016...
VALID TODAY AS OF 0400 PM LOCAL TIME.

CLIMATE NORMAL PERIOD 1981 TO 2010
CLIMATE RECORD PERIOD 1890 TO 2016


WEATHER ITEM   OBSERVED TIME   RECORD YEAR NORMAL DEPARTURE LAST
                VALUE   (LST)  VALUE       VALUE  FROM      YEAR
                                                  NORMAL
..................................................................
TEMPERATURE (F)
 TODAY
  MAXIMUM          8        MM  56    1990  22    -14       40
  MINIMUM         -1        MM -27    1977   7     -8       27
                                      1909
  AVERAGE          4                        14    -10       34

PRECIPITATION (IN)
  TODAY            0.00          0.40 1993   0.02  -0.02     0.01
  MONTH TO DATE    1.00                      0.18   0.82     0.31
  SINCE DEC 1      1.00                      0.18   0.82     0.31
  SINCE JAN 1     30.43                     21.15   9.28    19.72

SNOWFALL (IN)
  TODAY            0.0           4.0  1993   0.3   -0.3      0.0
  MONTH TO DATE   17.5                       2.7   14.8      2.7
  SINCE DEC 1     17.5                       2.7   14.8      2.7
  SINCE JUL 1     18.4                       9.8    8.6      6.1
  SNOW DEPTH      10

DEGREE DAYS
 HEATING
  TODAY           61                        51     10       31
  MONTH TO DATE  378                       439    -61      322
  SINCE DEC 1    378                       439    -61      322
  SINCE JUL 1   1832                      2533   -701     1931

 COOLING
  TODAY            0                         0      0        0
  MONTH TO DATE    0                         0      0        0
  SINCE DEC 1      0                         0      0        0
  SINCE JAN 1    461                       463     -2      580
..................................................................


WIND (MPH)
  HIGHEST WIND SPEED    MM   HIGHEST WIND DIRECTION    MM
  HIGHEST GUST SPEED    MM   HIGHEST GUST DIRECTION    MM
  AVERAGE WIND SPEED    MM


SKY COVER
  POSSIBLE SUNSHINE  MM
  AVERAGE SKY COVER  MM


WEATHER CONDITIONS
 THE FOLLOWING WEATHER WAS RECORDED TODAY.
  NO SIGNIFICANT WEATHER WAS OBSERVED.


RELATIVE HUMIDITY (PERCENT)
 HIGHEST    MM
 LOWEST     MM
 AVERAGE    MM

..........................................................


THE GRAND FORKS UNIV. (NWS) ND CLIMATE NORMALS FOR TOMORROW
                         NORMAL    RECORD    YEAR
 MAXIMUM TEMPERATURE (F)   22        48      1974
 MINIMUM TEMPERATURE (F)    6       -27      1919


SUNRISE AND SUNSET
DECEMBER  9 2016......SUNRISE   806 AM CST   SUNSET   436 PM CST
DECEMBER 10 2016......SUNRISE   807 AM CST   SUNSET   435 PM CST


-  INDICATES NEGATIVE NUMBERS.
R  INDICATES RECORD WAS SET OR TIED.
MM INDICATES DATA IS MISSING.
T  INDICATES TRACE AMOUNT.




$$
