000
CSUS97 KFGF 170637
CLIFGF


CLIMATE REPORT
NATIONAL WEATHER SERVICE EASTERN NORTH DAKOTA/GRAND FORKS
137 AM CDT WED SEP 17 2014


...................................

...THE GRAND FORKS UNIV. (NWS) ND CLIMATE SUMMARY FOR SEPTEMBER 16 2014...

CLIMATE NORMAL PERIOD 1981 TO 2010
CLIMATE RECORD PERIOD 1890 TO 2014


WEATHER ITEM   OBSERVED TIME   RECORD YEAR NORMAL DEPARTURE LAST
                VALUE   (LST)  VALUE       VALUE  FROM      YEAR
                                                  NORMAL
..................................................................
TEMPERATURE (F)
 YESTERDAY
  MAXIMUM         74        MM  92    1979  70      4       69
  MINIMUM         45        MM  26    1973  46     -1       42
  AVERAGE         60                        58      2       56

PRECIPITATION (IN)
  YESTERDAY        0.00          1.16   MM   0.06  -0.06     0.00
  MONTH TO DATE    0.69                      1.17  -0.48     0.47
  SINCE SEP 1      0.69                      1.17  -0.48     0.47
  SINCE JAN 1     21.11                     17.27   3.84    13.91

SNOWFALL (IN)
  YESTERDAY        0.0           0.0    MM   0.0    0.0      0.0
  MONTH TO DATE    0.0                       0.0    0.0      0.0
  SINCE SEP 1      0.0                       0.0    0.0      0.0
  SINCE JUL 1      0.0                       0.0    0.0      0.0
  SNOW DEPTH       0

DEGREE DAYS
 HEATING
  YESTERDAY        5                         8     -3        9
  MONTH TO DATE  120                        89     31       48
  SINCE SEP 1    120                        89     31       48
  SINCE JUL 1    176                       153     23      107

 COOLING
  YESTERDAY        0                         1     -1        0
  MONTH TO DATE    5                        25    -20       33
  SINCE SEP 1      5                        25    -20       33
  SINCE JAN 1    369                       457    -88      515
..................................................................


WIND (MPH)
  RESULTANT WIND SPEED  MM   RESULTANT WIND DIRECTION  MM
  HIGHEST WIND SPEED    MM   HIGHEST WIND DIRECTION    MM
  HIGHEST GUST SPEED    MM   HIGHEST GUST DIRECTION    MM
  AVERAGE WIND SPEED    MM


SKY COVER
  POSSIBLE SUNSHINE  MM
  AVERAGE SKY COVER  MM


WEATHER CONDITIONS
 THE FOLLOWING WEATHER WAS RECORDED YESTERDAY.
  NO SIGNIFICANT WEATHER WAS OBSERVED.


RELATIVE HUMIDITY (PERCENT)
 HIGHEST    MM
 LOWEST     MM
 AVERAGE    MM

..........................................................


THE GRAND FORKS UNIV. (NWS) ND CLIMATE NORMALS FOR TODAY
                         NORMAL    RECORD    YEAR
 MAXIMUM TEMPERATURE (F)   69        92      1998
 MINIMUM TEMPERATURE (F)   46        28      1959
                                             1929
                                             1916


SUNRISE AND SUNSET
SEPTEMBER 17 2014.....SUNRISE   708 AM CDT   SUNSET   736 PM CDT
SEPTEMBER 18 2014.....SUNRISE   710 AM CDT   SUNSET   734 PM CDT


-  INDICATES NEGATIVE NUMBERS.
R  INDICATES RECORD WAS SET OR TIED.
MM INDICATES DATA IS MISSING.
T  INDICATES TRACE AMOUNT.




$$
