000
CDUS45 KFGZ 270833
CLIFLG
CLIMATE REPORT
NATIONAL WEATHER SERVICE FLAGSTAFF, AZ
132 AM MST SAT DEC 27 2014


...................................

...THE FLAGSTAFF AZ AIRPORT CLIMATE SUMMARY FOR DECEMBER 26 2014...

CLIMATE NORMAL PERIOD 1981 TO 2010
CLIMATE RECORD PERIOD 1898 TO 2014


WEATHER ITEM   OBSERVED TIME   RECORD YEAR NORMAL DEPARTURE LAST
                VALUE   (LST)  VALUE       VALUE  FROM      YEAR
                                                  NORMAL
..................................................................
TEMPERATURE (F)
 YESTERDAY
  MAXIMUM         29    205 PM  63    1980  42    -13       45
  MINIMUM          9   1159 PM -16    1924  16     -7       29
  AVERAGE         19                        29    -10

PRECIPITATION (IN)
  YESTERDAY        T             1.83 1971   0.06  -0.06     0.00
  MONTH TO DATE    2.75                      1.53   1.22     1.35
  SINCE SEP 1      7.14                      7.33  -0.19     7.11
  SINCE JAN 1     19.98                     21.52  -1.54    24.79

SNOWFALL (IN)
  YESTERDAY        T            14.1  1979   0.6             0.0
  MONTH TO DATE    4.9                      13.9            17.9
  SINCE JUL 1      4.9                      26.1            29.9
  SNOW DEPTH       T

DEGREE DAYS
 HEATING
  YESTERDAY       46                        36     10       28
  MONTH TO DATE  773                       917   -144      987
  SINCE JUL 1   2190                      2649   -459     2742

 COOLING
  YESTERDAY        0                         0      0        0
  MONTH TO DATE    0                         0      0        0
  SINCE JAN 1    109                       117     -8      148
..................................................................


WIND (MPH)
  HIGHEST WIND SPEED    14   HIGHEST WIND DIRECTION    SW (240)
  HIGHEST GUST SPEED    20   HIGHEST GUST DIRECTION     W (290)
  AVERAGE WIND SPEED     4.8


SKY COVER
  POSSIBLE SUNSHINE  MM
  AVERAGE SKY COVER 0.2


WEATHER CONDITIONS
 THE FOLLOWING WEATHER WAS RECORDED YESTERDAY.
  LIGHT SNOW
  FOG


RELATIVE HUMIDITY (PERCENT)
 HIGHEST    88           200 AM
 LOWEST     42           200 PM
 AVERAGE    65

..........................................................


THE FLAGSTAFF AZ AIRPORT CLIMATE NORMALS FOR TODAY
                         NORMAL    RECORD    YEAR
 MAXIMUM TEMPERATURE (F)   42        67      1980
 MINIMUM TEMPERATURE (F)   16       -14      1926
                                             1924


SUNRISE AND SUNSET
DECEMBER 27 2014......SUNRISE   734 AM MST   SUNSET   522 PM MST
DECEMBER 28 2014......SUNRISE   734 AM MST   SUNSET   523 PM MST


-  INDICATES NEGATIVE NUMBERS.
R  INDICATES RECORD WAS SET OR TIED.
MM INDICATES DATA IS MISSING.
T  INDICATES TRACE AMOUNT.




$$


&&

-------------------------------------------------------------------
SNOW DEPTH DATA FOR FLAGSTAFF AIRPORT IS REPORTED AT 5 AM MST


-------------------------------------------------------------------
SUPPLEMENTARY CLIMATE DATA FOR NWS BELLEMONT, ARIZONA

SNOW DEPTH (IN) AT 5 AM........................................T
WATER EQUIVALENT OF SNOW PACK (IN) AT 11 AM*....................
* ONLY MEASURED IF SNOW DEPTH IS 2.0 INCHES OR GREATER
-------------------------------------------------------------------
