695
CDUS45 KFGZ 100053
CLIFLG
CLIMATE REPORT
NATIONAL WEATHER SERVICE FLAGSTAFF, AZ
552 PM MST FRI DEC 9 2016


...................................

...THE FLAGSTAFF AZ AIRPORT CLIMATE SUMMARY FOR DECEMBER 9 2016...
VALID TODAY AS OF 0500 PM LOCAL TIME.

CLIMATE NORMAL PERIOD 1981 TO 2010
CLIMATE RECORD PERIOD 1898 TO 2016


WEATHER ITEM   OBSERVED TIME   RECORD YEAR NORMAL DEPARTURE LAST
                VALUE   (LST)  VALUE       VALUE  FROM      YEAR
                                                  NORMAL
..................................................................
TEMPERATURE (F)
 TODAY
  MAXIMUM         51    211 PM  62    1977  43      8       61
                                      1910
  MINIMUM         23    652 AM  -9    2013  17      6       22
  AVERAGE         37                        30      7       42

PRECIPITATION (IN)
  TODAY            0.00          1.10 1965   0.06  -0.06     0.00
  MONTH TO DATE    T                         0.51  -0.51     0.00
  SINCE SEP 1      4.19                      6.31  -2.12     7.80
  SINCE JAN 1     21.38                     20.50   0.88    26.22

SNOWFALL (IN)
  TODAY            0.0          14.0  1931   0.6   -0.6      0.0
  MONTH TO DATE    T                         4.6   -4.6      0.0
  SINCE SEP 1      5.5                      16.8  -11.3     14.6
  SNOW DEPTH       0

DEGREE DAYS
 HEATING
  TODAY           28                        35     -7       23
  MONTH TO DATE  295                       308    -13      268
  SINCE JUL 1   1855                      2040   -185     1858

 COOLING
  TODAY            0                         0      0        0
  MONTH TO DATE    0                         0      0        0
  SINCE JAN 1    131                       117     14      115
..................................................................


WIND (MPH)
  HIGHEST WIND SPEED    13   HIGHEST WIND DIRECTION    SW (210)
  HIGHEST GUST SPEED    16   HIGHEST GUST DIRECTION     S (190)
  AVERAGE WIND SPEED     4.0


SKY COVER
  POSSIBLE SUNSHINE  MM
  AVERAGE SKY COVER 0.0


WEATHER CONDITIONS
 THE FOLLOWING WEATHER WAS RECORDED TODAY.
  NO SIGNIFICANT WEATHER WAS OBSERVED.


RELATIVE HUMIDITY (PERCENT)
 HIGHEST   100           100 AM
 LOWEST     50           200 PM
 AVERAGE    75

..........................................................


THE FLAGSTAFF AZ AIRPORT CLIMATE NORMALS FOR TOMORROW
                         NORMAL    RECORD    YEAR
 MAXIMUM TEMPERATURE (F)   43        65      1939
 MINIMUM TEMPERATURE (F)   17       -10      2013


SUNRISE AND SUNSET
DECEMBER  9 2016......SUNRISE   724 AM MST   SUNSET   515 PM MST
DECEMBER 10 2016......SUNRISE   724 AM MST   SUNSET   515 PM MST


-  INDICATES NEGATIVE NUMBERS.
R  INDICATES RECORD WAS SET OR TIED.
MM INDICATES DATA IS MISSING.
T  INDICATES TRACE AMOUNT.




$$
&&

-------------------------------------------------------------------
SNOW DEPTH DATA FOR FLAGSTAFF AIRPORT IS REPORTED AT 5 AM MST


-------------------------------------------------------------------
SUPPLEMENTARY CLIMATE DATA FOR NWS BELLEMONT, ARIZONA

SNOW DEPTH (IN) AT 11 AM........................................T
WATER EQUIVALENT OF SNOW PACK (IN) AT 11 AM*...................N/A
* ONLY MEASURED IF SNOW DEPTH IS 2.0 INCHES OR GREATER
-------------------------------------------------------------------
