738
CDUS45 KFGZ 190104
CLIFLG
CLIMATE REPORT
NATIONAL WEATHER SERVICE FLAGSTAFF, AZ
603 PM MST WED JAN 18 2017


...................................

...THE FLAGSTAFF AZ AIRPORT CLIMATE SUMMARY FOR JANUARY 18 2017...
VALID TODAY AS OF 0500 PM LOCAL TIME.

CLIMATE NORMAL PERIOD 1981 TO 2010
CLIMATE RECORD PERIOD 1898 TO 2017


WEATHER ITEM   OBSERVED TIME   RECORD YEAR NORMAL DEPARTURE LAST
                VALUE   (LST)  VALUE       VALUE  FROM      YEAR
                                                  NORMAL
..................................................................
TEMPERATURE (F)
 TODAY
  MAXIMUM         44    140 PM  64    1971  43      1       43
  MINIMUM         19    620 AM  -8    1995  17      2       15
  AVERAGE         32                        30      2       29

PRECIPITATION (IN)
  TODAY            0.00          1.73 1952   0.06  -0.06     0.00
  MONTH TO DATE    2.15                      1.25   0.90     2.90
  SINCE SEP 1     10.76                      8.92   1.84    11.73
  SINCE JAN 1      2.15                      1.25   0.90     2.90

SNOWFALL (IN)
  TODAY            0.0          13.2  1980   0.8   -0.8      0.0
  MONTH TO DATE    6.6                      13.2   -6.6     33.9
  SINCE SEP 1     27.1                      42.3  -15.2     61.4
  SNOW DEPTH       0

DEGREE DAYS
 HEATING
  TODAY           33                        35     -2       36
  MONTH TO DATE  578                       636    -58      705
  SINCE JUL 1   3141                      3464   -323     3436

 COOLING
  TODAY            0                         0      0        0
  MONTH TO DATE    0                         0      0        0
  SINCE JAN 1      0                         0      0        0
..................................................................


WIND (MPH)
  HIGHEST WIND SPEED    20   HIGHEST WIND DIRECTION    SW (230)
  HIGHEST GUST SPEED    23   HIGHEST GUST DIRECTION    SW (240)
  AVERAGE WIND SPEED     4.2


SKY COVER
  POSSIBLE SUNSHINE  MM
  AVERAGE SKY COVER 0.1


WEATHER CONDITIONS
 THE FOLLOWING WEATHER WAS RECORDED TODAY.
  NO SIGNIFICANT WEATHER WAS OBSERVED.


RELATIVE HUMIDITY (PERCENT)
 HIGHEST    96           100 AM
 LOWEST     49          1200 PM
 AVERAGE    73

..........................................................


THE FLAGSTAFF AZ AIRPORT CLIMATE NORMALS FOR TOMORROW
                         NORMAL    RECORD    YEAR
 MAXIMUM TEMPERATURE (F)   43        62      1986
 MINIMUM TEMPERATURE (F)   18       -13      1943


SUNRISE AND SUNSET
JANUARY 18 2017.......SUNRISE   733 AM MST   SUNSET   541 PM MST
JANUARY 19 2017.......SUNRISE   733 AM MST   SUNSET   542 PM MST


-  INDICATES NEGATIVE NUMBERS.
R  INDICATES RECORD WAS SET OR TIED.
MM INDICATES DATA IS MISSING.
T  INDICATES TRACE AMOUNT.




$$
&&

-------------------------------------------------------------------
SNOW DEPTH DATA FOR FLAGSTAFF AIRPORT IS REPORTED AT 5 AM MST


-------------------------------------------------------------------
SUPPLEMENTARY CLIMATE DATA FOR NWS BELLEMONT, ARIZONA

SNOW DEPTH (IN) AT 11 AM.........................................0
WATER EQUIVALENT OF SNOW PACK (IN) AT 11 AM*..................
* ONLY MEASURED IF SNOW DEPTH IS 2.0 INCHES OR GREATER
-------------------------------------------------------------------
