000
CDUS45 KFGZ 080747
CLIFLG
CLIMATE REPORT
NATIONAL WEATHER SERVICE FLAGSTAFF, AZ
1246 AM MST MON FEB 8 2016


...................................

...THE FLAGSTAFF AZ AIRPORT CLIMATE SUMMARY FOR FEBRUARY 7 2016...

CLIMATE NORMAL PERIOD 1981 TO 2010
CLIMATE RECORD PERIOD 1898 TO 2016


WEATHER ITEM   OBSERVED TIME   RECORD YEAR NORMAL DEPARTURE LAST
                VALUE   (LST)  VALUE       VALUE  FROM      YEAR
                                                  NORMAL
..................................................................
TEMPERATURE (F)
 YESTERDAY
  MAXIMUM         46    405 PM  66    1963  44      2       61
  MINIMUM         10    739 AM -18    1903  18     -8       23
                                      1899
  AVERAGE         28                        31     -3

PRECIPITATION (IN)
  YESTERDAY        0.00          1.24 1901   0.08  -0.08     0.00
  MONTH TO DATE    0.37                      0.50  -0.13     0.00
  SINCE SEP 1     12.61                     10.22   2.39    10.02
  SINCE JAN 1      3.78                      2.55   1.23     2.19

SNOWFALL (IN)
  YESTERDAY        0.0          12.4  1901   0.8             0.0
  MONTH TO DATE    7.8                       5.5             0.0
  SINCE JUL 1     71.7                      57.8            29.7
  SNOW DEPTH      11

DEGREE DAYS
 HEATING
  YESTERDAY       37                        34      3       23
  MONTH TO DATE  309                       238     71      161
  SINCE JUL 1   4168                      4154     14     3510

 COOLING
  YESTERDAY        0                         0      0        0
  MONTH TO DATE    0                         0      0        0
  SINCE JAN 1      0                         0      0        0
..................................................................


WIND (MPH)
  HIGHEST WIND SPEED    22   HIGHEST WIND DIRECTION     E (70)
  HIGHEST GUST SPEED    30   HIGHEST GUST DIRECTION    NE (60)
  AVERAGE WIND SPEED     9.0


SKY COVER
  POSSIBLE SUNSHINE  MM
  AVERAGE SKY COVER 0.0


WEATHER CONDITIONS
 THE FOLLOWING WEATHER WAS RECORDED YESTERDAY.
  NO SIGNIFICANT WEATHER WAS OBSERVED.


RELATIVE HUMIDITY (PERCENT)
 HIGHEST    88           200 AM
 LOWEST     27           100 PM
 AVERAGE    58

..........................................................


THE FLAGSTAFF AZ AIRPORT CLIMATE NORMALS FOR TODAY
                         NORMAL    RECORD    YEAR
 MAXIMUM TEMPERATURE (F)   44        65      1996
 MINIMUM TEMPERATURE (F)   18       -17      1933


SUNRISE AND SUNSET
FEBRUARY  8 2016......SUNRISE   720 AM MST   SUNSET   602 PM MST
FEBRUARY  9 2016......SUNRISE   719 AM MST   SUNSET   603 PM MST


-  INDICATES NEGATIVE NUMBERS.
R  INDICATES RECORD WAS SET OR TIED.
MM INDICATES DATA IS MISSING.
T  INDICATES TRACE AMOUNT.




$$
&&

-------------------------------------------------------------------
SNOW DEPTH DATA FOR FLAGSTAFF AIRPORT IS REPORTED AT 5 AM MST


-------------------------------------------------------------------
SUPPLEMENTARY CLIMATE DATA FOR NWS BELLEMONT, ARIZONA

SNOW DEPTH (IN) AT 11 AM........................................9
WATER EQUIVALENT OF SNOW PACK (IN) AT 11 AM*....................2.3
* ONLY MEASURED IF SNOW DEPTH IS 2.0 INCHES OR GREATER
-------------------------------------------------------------------
