000
CDUS45 KFGZ 300101
CLIFLG
CLIMATE REPORT
NATIONAL WEATHER SERVICE FLAGSTAFF, AZ
600 PM MST SUN MAR 29 2015


...................................

...THE FLAGSTAFF AZ AIRPORT CLIMATE SUMMARY FOR MARCH 29 2015...
VALID TODAY AS OF 0500 PM LOCAL TIME.

CLIMATE NORMAL PERIOD 1981 TO 2010
CLIMATE RECORD PERIOD 1898 TO 2015


WEATHER ITEM   OBSERVED TIME   RECORD YEAR NORMAL DEPARTURE LAST
                VALUE   (LST)  VALUE       VALUE  FROM      YEAR
                                                  NORMAL
..................................................................
TEMPERATURE (F)
 TODAY
  MAXIMUM         69    249 PM  70    1934  53     16       62
  MINIMUM         31    630 AM  10    1944  25      6       20
  AVERAGE         50                        39     11       41

PRECIPITATION (IN)
  TODAY            0.00          0.83 1967   0.06  -0.06     0.00
  MONTH TO DATE    3.73                      2.02   1.71     1.24
  SINCE SEP 1     15.87                     13.90   1.97     8.95
  SINCE JAN 1      8.04                      6.23   1.81     1.84

SNOWFALL (IN)
  TODAY            0.0          12.8  1998   0.5   -0.5      0.0
  MONTH TO DATE   17.3                      19.9   -2.6      1.4
  SINCE SEP 1     56.2                      93.1  -36.9     34.9
  SNOW DEPTH       0

DEGREE DAYS
 HEATING
  TODAY           15                        26    -11       24
  MONTH TO DATE  680                       816   -136      710
  SINCE JUL 1   4730                      5655   -925     5311

 COOLING
  TODAY            0                         0      0        0
  MONTH TO DATE    0                         0      0        0
  SINCE JAN 1      0                         0      0        0
..................................................................


WIND (MPH)
  HIGHEST WIND SPEED    18   HIGHEST WIND DIRECTION    SW (220)
  HIGHEST GUST SPEED    22   HIGHEST GUST DIRECTION    SW (210)
  AVERAGE WIND SPEED     4.7


SKY COVER
  POSSIBLE SUNSHINE  MM
  AVERAGE SKY COVER 0.0


WEATHER CONDITIONS
 THE FOLLOWING WEATHER WAS RECORDED TODAY.
  NO SIGNIFICANT WEATHER WAS OBSERVED.


RELATIVE HUMIDITY (PERCENT)
 HIGHEST    61           700 AM
 LOWEST      9           100 PM
 AVERAGE    35

..........................................................


THE FLAGSTAFF AZ AIRPORT CLIMATE NORMALS FOR TOMORROW
                         NORMAL    RECORD    YEAR
 MAXIMUM TEMPERATURE (F)   54        70      1971
 MINIMUM TEMPERATURE (F)   25         1      1998


SUNRISE AND SUNSET
MARCH 29 2015.........SUNRISE   618 AM MST   SUNSET   646 PM MST
MARCH 30 2015.........SUNRISE   616 AM MST   SUNSET   646 PM MST


-  INDICATES NEGATIVE NUMBERS.
R  INDICATES RECORD WAS SET OR TIED.
MM INDICATES DATA IS MISSING.
T  INDICATES TRACE AMOUNT.




$$


&&

-------------------------------------------------------------------
SNOW DEPTH DATA FOR FLAGSTAFF AIRPORT IS REPORTED AT 5 AM MST


-------------------------------------------------------------------
SUPPLEMENTARY CLIMATE DATA FOR NWS BELLEMONT, ARIZONA

SNOW DEPTH (IN) AT 11 AM........................................ 0
WATER EQUIVALENT OF SNOW PACK (IN) AT 11 AM*...................
* ONLY MEASURED IF SNOW DEPTH IS 2.0 INCHES OR GREATER
-------------------------------------------------------------------
