000
CDUS45 KFGZ 130737
CLIFLG
CLIMATE REPORT
NATIONAL WEATHER SERVICE FLAGSTAFF, AZ
1236 AM MST WED DEC 13 2017


...................................

...THE FLAGSTAFF AZ AIRPORT CLIMATE SUMMARY FOR DECEMBER 12 2017...

CLIMATE NORMAL PERIOD 1981 TO 2010
CLIMATE RECORD PERIOD 1898 TO 2017


WEATHER ITEM   OBSERVED TIME   RECORD YEAR NORMAL DEPARTURE LAST
                VALUE   (LST)  VALUE       VALUE  FROM      YEAR
                                                  NORMAL
..................................................................
TEMPERATURE (F)
 YESTERDAY
  MAXIMUM         55    204 PM  64    1921  43     12       48
  MINIMUM         17   1159 PM -16    1961  17      0       26
                                      1931
  AVERAGE         36                        30      6

PRECIPITATION (IN)
  YESTERDAY        0.00          0.88 1937   0.06  -0.06     0.00
  MONTH TO DATE    0.00                      0.68  -0.68      T
  SINCE SEP 1      0.43                      6.48  -6.05     4.19
  SINCE JAN 1     18.01                     20.67  -2.66    21.38

SNOWFALL (IN)
  YESTERDAY        0.0          14.0  1932   0.6             0.0
  MONTH TO DATE    0.0                       6.2              T
  SINCE JUL 1      0.0                      18.4             5.5
  SNOW DEPTH       0

DEGREE DAYS
 HEATING
  YESTERDAY       29                        35     -6       28
  MONTH TO DATE  356                       413    -57      373
  SINCE JUL 1   1742                      2145   -403     1933

 COOLING
  YESTERDAY        0                         0      0        0
  MONTH TO DATE    0                         0      0        0
  SINCE JAN 1    184                       117     67      131
..................................................................


WIND (MPH)
  HIGHEST WIND SPEED    14   HIGHEST WIND DIRECTION    NE (60)
  HIGHEST GUST SPEED    19   HIGHEST GUST DIRECTION     E (70)
  AVERAGE WIND SPEED     4.3


SKY COVER
  POSSIBLE SUNSHINE  MM
  AVERAGE SKY COVER 0.0


WEATHER CONDITIONS
 THE FOLLOWING WEATHER WAS RECORDED YESTERDAY.
  NO SIGNIFICANT WEATHER WAS OBSERVED.


RELATIVE HUMIDITY (PERCENT)
 HIGHEST    43          1100 PM
 LOWEST     11           300 PM
 AVERAGE    27

..........................................................


THE FLAGSTAFF AZ AIRPORT CLIMATE NORMALS FOR TODAY
                         NORMAL    RECORD    YEAR
 MAXIMUM TEMPERATURE (F)   42        67      2010
 MINIMUM TEMPERATURE (F)   17       -19      1931


SUNRISE AND SUNSET
DECEMBER 13 2017......SUNRISE   726 AM MST   SUNSET   516 PM MST
DECEMBER 14 2017......SUNRISE   727 AM MST   SUNSET   516 PM MST


-  INDICATES NEGATIVE NUMBERS.
R  INDICATES RECORD WAS SET OR TIED.
MM INDICATES DATA IS MISSING.
T  INDICATES TRACE AMOUNT.




$$
&&

-------------------------------------------------------------------
SNOW DEPTH DATA FOR FLAGSTAFF AIRPORT IS REPORTED AT 5 AM MST


-------------------------------------------------------------------
SUPPLEMENTARY CLIMATE DATA FOR NWS BELLEMONT, ARIZONA

SNOW DEPTH (IN) AT 11 AM...................................0.0
WATER EQUIVALENT OF SNOW PACK (IN) AT 11 AM*...............
* ONLY MEASURED IF SNOW DEPTH IS 2.0 INCHES OR GREATER
-------------------------------------------------------------------
