000
CDUS45 KFGZ 260750
CLIFLG
CLIMATE REPORT
NATIONAL WEATHER SERVICE FLAGSTAFF, AZ
1248 AM MST MON JAN 26 2015


...................................

...THE FLAGSTAFF AZ AIRPORT CLIMATE SUMMARY FOR JANUARY 25 2015...

CLIMATE NORMAL PERIOD 1981 TO 2010
CLIMATE RECORD PERIOD 1898 TO 2015


WEATHER ITEM   OBSERVED TIME   RECORD YEAR NORMAL DEPARTURE LAST
                VALUE   (LST)  VALUE       VALUE  FROM      YEAR
                                                  NORMAL
..................................................................
TEMPERATURE (F)
 YESTERDAY
  MAXIMUM         54    335 PM  61    1975  43     11       56
  MINIMUM         27   1154 PM -17    1937  18      9       25
  AVERAGE         41                        30     11

PRECIPITATION (IN)
  YESTERDAY        0.00          1.70 1901   0.06  -0.06     0.00
  MONTH TO DATE    1.05                      1.67  -0.62     0.00
  SINCE SEP 1      8.88                      9.34  -0.46     7.11
  SINCE JAN 1      1.05                      1.67  -0.62     0.00

SNOWFALL (IN)
  YESTERDAY        0.0          16.0  1923   0.8             0.0
  MONTH TO DATE   10.1                      18.3             0.0
  SINCE JUL 1     29.1                      47.4            29.9
  SNOW DEPTH       0

DEGREE DAYS
 HEATING
  YESTERDAY       24                        35    -11       24
  MONTH TO DATE  802                       881    -79      746
  SINCE JUL 1   3197                      3709   -512     3659

 COOLING
  YESTERDAY        0                         0      0        0
  MONTH TO DATE    0                         0      0        0
  SINCE JAN 1      0                         0      0        0
..................................................................


WIND (MPH)
  HIGHEST WIND SPEED    24   HIGHEST WIND DIRECTION     E (70)
  HIGHEST GUST SPEED    31   HIGHEST GUST DIRECTION    NE (60)
  AVERAGE WIND SPEED    11.0


SKY COVER
  POSSIBLE SUNSHINE  MM
  AVERAGE SKY COVER 0.0


WEATHER CONDITIONS
 THE FOLLOWING WEATHER WAS RECORDED YESTERDAY.
  NO SIGNIFICANT WEATHER WAS OBSERVED.


RELATIVE HUMIDITY (PERCENT)
 HIGHEST    69          1100 PM
 LOWEST     26           300 PM
 AVERAGE    48

..........................................................


THE FLAGSTAFF AZ AIRPORT CLIMATE NORMALS FOR TODAY
                         NORMAL    RECORD    YEAR
 MAXIMUM TEMPERATURE (F)   43        60      1987
 MINIMUM TEMPERATURE (F)   18       -15      1937


SUNRISE AND SUNSET
JANUARY 26 2015.......SUNRISE   730 AM MST   SUNSET   549 PM MST
JANUARY 27 2015.......SUNRISE   729 AM MST   SUNSET   550 PM MST


-  INDICATES NEGATIVE NUMBERS.
R  INDICATES RECORD WAS SET OR TIED.
MM INDICATES DATA IS MISSING.
T  INDICATES TRACE AMOUNT.




$$


&&

-------------------------------------------------------------------
SNOW DEPTH DATA FOR FLAGSTAFF AIRPORT IS REPORTED AT 5 AM MST


-------------------------------------------------------------------
SUPPLEMENTARY CLIMATE DATA FOR NWS BELLEMONT, ARIZONA

SNOW DEPTH (IN) AT 11 AM........................................0
WATER EQUIVALENT OF SNOW PACK (IN) AT 11 AM*....................
* ONLY MEASURED IF SNOW DEPTH IS 2.0 INCHES OR GREATER
-------------------------------------------------------------------
