170
CDUS45 KFGZ 260847
CLIFLG
CLIMATE REPORT
NATIONAL WEATHER SERVICE FLAGSTAFF, AZ
137 AM MST THU MAY 26 2016


...................................

...THE FLAGSTAFF AZ AIRPORT CLIMATE SUMMARY FOR MAY 25 2016...

CLIMATE NORMAL PERIOD 1981 TO 2010
CLIMATE RECORD PERIOD 1898 TO 2016


WEATHER ITEM   OBSERVED TIME   RECORD YEAR NORMAL DEPARTURE LAST
                VALUE   (LST)  VALUE       VALUE  FROM      YEAR
                                                  NORMAL
..................................................................
TEMPERATURE (F)
 YESTERDAY
  MAXIMUM         63    242 PM  84    1951  71     -8       60
  MINIMUM         33    600 AM  18    1980  37     -4       42
  AVERAGE         48                        54     -6

PRECIPITATION (IN)
  YESTERDAY        0.00          0.23 1994   0.02  -0.02     0.10
  MONTH TO DATE    1.57                      0.51   1.06     1.80
  SINCE SEP 1     15.85                     15.66   0.19    18.76
  SINCE JAN 1      7.02                      7.99  -0.97    10.93

SNOWFALL (IN)
  YESTERDAY        0.0           T    1996   0.0             0.0
                                      1987
  MONTH TO DATE    1.9                       0.7             5.9
  SINCE JUL 1     78.3                     101.7            62.9
  SNOW DEPTH       0

DEGREE DAYS
 HEATING
  YESTERDAY       17                        11      6       14
  MONTH TO DATE  420                       354     66      477
  SINCE JUL 1   6502                      6710   -208     5877

 COOLING
  YESTERDAY        0                         0      0        0
  MONTH TO DATE    0                         0      0        0
  SINCE JAN 1      0                         0      0        0
..................................................................


WIND (MPH)
  HIGHEST WIND SPEED    29   HIGHEST WIND DIRECTION    SW (230)
  HIGHEST GUST SPEED    39   HIGHEST GUST DIRECTION    SW (220)
  AVERAGE WIND SPEED     9.5


SKY COVER
  POSSIBLE SUNSHINE  MM
  AVERAGE SKY COVER 0.0


WEATHER CONDITIONS
 THE FOLLOWING WEATHER WAS RECORDED YESTERDAY.
  NO SIGNIFICANT WEATHER WAS OBSERVED.


RELATIVE HUMIDITY (PERCENT)
 HIGHEST    61           600 AM
 LOWEST     12           500 PM
 AVERAGE    37

..........................................................


THE FLAGSTAFF AZ AIRPORT CLIMATE NORMALS FOR TODAY
                         NORMAL    RECORD    YEAR
 MAXIMUM TEMPERATURE (F)   71        87      1951
 MINIMUM TEMPERATURE (F)   37        19      1916


SUNRISE AND SUNSET
MAY 26 2016...........SUNRISE   516 AM MST   SUNSET   732 PM MST
MAY 27 2016...........SUNRISE   515 AM MST   SUNSET   733 PM MST


-  INDICATES NEGATIVE NUMBERS.
R  INDICATES RECORD WAS SET OR TIED.
MM INDICATES DATA IS MISSING.
T  INDICATES TRACE AMOUNT.




$$
&&

-------------------------------------------------------------------
SNOW DEPTH DATA FOR FLAGSTAFF AIRPORT IS REPORTED AT 5 AM MST


-------------------------------------------------------------------
SUPPLEMENTARY CLIMATE DATA FOR NWS BELLEMONT, ARIZONA

SNOW DEPTH (IN) AT 11 AM........................................0
WATER EQUIVALENT OF SNOW PACK (IN) AT 11 AM*....................
* ONLY MEASURED IF SNOW DEPTH IS 2.0 INCHES OR GREATER
-------------------------------------------------------------------
