000
CDUS42 KMFL 242121
CLIFLL


CLIMATE REPORT
NATIONAL WEATHER SERVICE MIAMI, FL
420 PM EST MON NOV 24 2014


...................................

...THE FORT LAUDERDALE CLIMATE SUMMARY FOR NOVEMBER 24 2014...
VALID TODAY AS OF 0400 PM LOCAL TIME.

CLIMATE NORMAL PERIOD 1981 TO 2010
CLIMATE RECORD PERIOD 1839 TO 2014


WEATHER ITEM   OBSERVED TIME   RECORD YEAR NORMAL DEPARTURE LAST
                VALUE   (LST)  VALUE       VALUE  FROM      YEAR
                                                  NORMAL
..................................................................
TEMPERATURE (F)
 TODAY
  MAXIMUM         87    206 PM  88    1947  81      6       80
  MINIMUM         79    700 AM  41    1925  68     11       68
  AVERAGE         83                        74      9       74

PRECIPITATION (IN)
  TODAY            0.02          3.12 1922   0.06  -0.04     0.30
  MONTH TO DATE    2.86                      2.64   0.22     9.20
  SINCE NOV 1      2.86                      2.64   0.22     9.20
  SINCE JAN 1     59.30                     59.12   0.18    73.53

SNOWFALL (IN)
  TODAY            0.0
  MONTH TO DATE    0.0
  SINCE SEP 1      0.0
  SINCE JUL 1      0.0
  SNOW DEPTH       0

DEGREE DAYS
 HEATING
  TODAY            0                         0      0
  MONTH TO DATE    6                         0      6
  SINCE SEP 1      6                         0      6
  SINCE JUL 1      6                         0      6

 COOLING
  TODAY           18                         9      9
  MONTH TO DATE  221                       265    -44
  SINCE SEP 1   1258                      1293    -35
  SINCE JAN 1   4568                      4459    109
..................................................................


WIND (MPH)
  HIGHEST WIND SPEED    15   HIGHEST WIND DIRECTION    SE (150)
  HIGHEST GUST SPEED    MM   HIGHEST GUST DIRECTION    MM
  AVERAGE WIND SPEED     9.7


SKY COVER
  AVERAGE SKY COVER 0.6


WEATHER CONDITIONS
 THE FOLLOWING WEATHER WAS RECORDED TODAY.
  RAIN


RELATIVE HUMIDITY (PERCENT)
 HIGHEST    85
 LOWEST     58
 AVERAGE    72

..........................................................


THE FORT LAUDERDALE CLIMATE NORMALS FOR TOMORROW
                         NORMAL    RECORD    YEAR
 MAXIMUM TEMPERATURE (F)   81        90      1947
 MINIMUM TEMPERATURE (F)   68        36      1970


SUNRISE AND SUNSET
NOVEMBER 24 2014......SUNRISE   646 AM EST   SUNSET   529 PM EST
NOVEMBER 25 2014......SUNRISE   646 AM EST   SUNSET   529 PM EST


-  INDICATES NEGATIVE NUMBERS.
R  INDICATES RECORD WAS SET OR TIED.
MM INDICATES DATA IS MISSING.
T  INDICATES TRACE AMOUNT.




$$
