938
CDUS42 KMFL 202036
CLIFLL


CLIMATE REPORT
NATIONAL WEATHER SERVICE MIAMI, FL
433 PM EDT WED SEP 20 2017


...................................

...THE FORT LAUDERDALE CLIMATE SUMMARY FOR SEPTEMBER 20 2017...
VALID TODAY AS OF 0400 PM LOCAL TIME.

CLIMATE NORMAL PERIOD 1981 TO 2010
CLIMATE RECORD PERIOD 1912 TO 2017


WEATHER ITEM   OBSERVED TIME   RECORD YEAR NORMAL DEPARTURE LAST
                VALUE   (LST)  VALUE       VALUE  FROM      YEAR
                                                  NORMAL
..................................................................
TEMPERATURE (F)
 TODAY
  MAXIMUM         MM        MM  94    1951  89     MM       89
  MINIMUM         MM        MM  68    1949  77     MM       76
                                      1925
  AVERAGE         MM                        83     MM       83

PRECIPITATION (IN)
  TODAY            0.00          3.00 2005   0.32  -0.32     0.45
  MONTH TO DATE    7.68                      5.81   1.87     2.88
  SINCE JUN 1     39.80                     29.39  10.41    21.51
  SINCE JAN 1     51.40                     46.88   4.52    40.46

SNOWFALL (IN)
  TODAY            0.0
  MONTH TO DATE    0.0
  SINCE SEP 1      0.0
  SINCE JUL 1      0.0
  SNOW DEPTH       0

DEGREE DAYS
 HEATING
  TODAY           MM                         0     MM        0
  MONTH TO DATE    0                         0      0        0
  SINCE SEP 1      0                         0      0        0
  SINCE JUL 1      0                         0      0        0

 COOLING
  TODAY           MM                        18     MM       18
  MONTH TO DATE  346                       366    -20      368
  SINCE SEP 1    346                       366    -20      368
  SINCE JAN 1   3673                      3532    141     3569
..................................................................


WIND (MPH)
  HIGHEST WIND SPEED    14   HIGHEST WIND DIRECTION    SE (140)
  HIGHEST GUST SPEED    MM   HIGHEST GUST DIRECTION    MM
  AVERAGE WIND SPEED     5.0


SKY COVER
  AVERAGE SKY COVER 0.3


WEATHER CONDITIONS
 THE FOLLOWING WEATHER WAS RECORDED TODAY.
  NO SIGNIFICANT WEATHER WAS OBSERVED.


RELATIVE HUMIDITY (PERCENT)
 HIGHEST   100
 LOWEST     52
 AVERAGE    76

..........................................................


THE FORT LAUDERDALE CLIMATE NORMALS FOR TOMORROW
                         NORMAL    RECORD    YEAR
 MAXIMUM TEMPERATURE (F)   89        94      1987
 MINIMUM TEMPERATURE (F)   77        68      1925


SUNRISE AND SUNSET
SEPTEMBER 20 2017.....SUNRISE   708 AM EDT   SUNSET   719 PM EDT
SEPTEMBER 21 2017.....SUNRISE   709 AM EDT   SUNSET   718 PM EDT


-  INDICATES NEGATIVE NUMBERS.
R  INDICATES RECORD WAS SET OR TIED.
MM INDICATES DATA IS MISSING.
T  INDICATES TRACE AMOUNT.




$$
