000
CDUS42 KMFL 290822
CLIFLL


CLIMATE REPORT
NATIONAL WEATHER SERVICE MIAMI, FL
422 AM EDT SAT AUG 29 2015


...................................

...THE FORT LAUDERDALE CLIMATE SUMMARY FOR AUGUST 28 2015...

CLIMATE NORMAL PERIOD 1981 TO 2010
CLIMATE RECORD PERIOD 1839 TO 2015


WEATHER ITEM   OBSERVED TIME   RECORD YEAR NORMAL DEPARTURE LAST
                VALUE   (LST)  VALUE       VALUE  FROM      YEAR
                                                  NORMAL
..................................................................
TEMPERATURE (F)
 YESTERDAY
  MAXIMUM         91    100 PM  97    1964  90      1       92
  MINIMUM         79   1047 PM  68    1927  78      1       82
  AVERAGE         85                        84      1       87

PRECIPITATION (IN)
  YESTERDAY        0.00          2.20 1926   0.27  -0.27     0.02
  MONTH TO DATE    4.91                      6.62  -1.71     5.32
  SINCE JUN 1      9.03                     22.76 -13.73    23.14
  SINCE JAN 1     23.08                     40.25 -17.17    43.74

SNOWFALL (IN)
  YESTERDAY        0.0
  MONTH TO DATE    0.0
  SINCE JUN 1      0.0
  SINCE JUL 1      0.0
  SNOW DEPTH       0

DEGREE DAYS
 HEATING
  YESTERDAY        0                         0      0        0
  MONTH TO DATE    0                         0      0        0
  SINCE JUN 1      0                         0      0        0
  SINCE JUL 1      0                         0      0        0

 COOLING
  YESTERDAY       20                        19      1       22
  MONTH TO DATE  558                       551      7      579
  SINCE JUN 1   1742                      1692     50     1710
  SINCE JAN 1   3278                      3110    168     3245
..................................................................


WIND (MPH)
  HIGHEST WIND SPEED    20   HIGHEST WIND DIRECTION     E (90)
  HIGHEST GUST SPEED    24   HIGHEST GUST DIRECTION    NE (50)
  AVERAGE WIND SPEED     9.0


SKY COVER
  AVERAGE SKY COVER 0.7


WEATHER CONDITIONS
 THE FOLLOWING WEATHER WAS RECORDED YESTERDAY.
  NO SIGNIFICANT WEATHER WAS OBSERVED.


RELATIVE HUMIDITY (PERCENT)
 HIGHEST    85
 LOWEST     59
 AVERAGE    72

..........................................................


THE FORT LAUDERDALE CLIMATE NORMALS FOR TODAY
                         NORMAL    RECORD    YEAR
 MAXIMUM TEMPERATURE (F)   90        96      1944
 MINIMUM TEMPERATURE (F)   78        69      1930
                                             1920


SUNRISE AND SUNSET
AUGUST 29 2015........SUNRISE   659 AM EDT   SUNSET   743 PM EDT
AUGUST 30 2015........SUNRISE   700 AM EDT   SUNSET   742 PM EDT


-  INDICATES NEGATIVE NUMBERS.
R  INDICATES RECORD WAS SET OR TIED.
MM INDICATES DATA IS MISSING.
T  INDICATES TRACE AMOUNT.




$$
