000
CDUS42 KMFL 020840
CLIFLL


CLIMATE REPORT
NATIONAL WEATHER SERVICE MIAMI, FL
440 AM EDT THU OCT 2 2014


...................................

...THE FORT LAUDERDALE CLIMATE SUMMARY FOR OCTOBER 1 2014...

CLIMATE NORMAL PERIOD 1981 TO 2010
CLIMATE RECORD PERIOD 1839 TO 2014


WEATHER ITEM   OBSERVED TIME   RECORD YEAR NORMAL DEPARTURE LAST
                VALUE   (LST)  VALUE       VALUE  FROM      YEAR
                                                  NORMAL
..................................................................
TEMPERATURE (F)
 YESTERDAY
  MAXIMUM         93    259 PM  94    1980  88      5       87
  MINIMUM         80    700 AM  55    1920  77      3       79
  AVERAGE         87                        82      5       83

PRECIPITATION (IN)
  YESTERDAY        0.18          5.50 1954   0.28  -0.10     0.00
  MONTH TO DATE    0.18                      0.28  -0.10     0.00
  SINCE JUN 1     33.55                     32.45   1.10    35.98
  SINCE JAN 1     54.15                     49.94   4.21    60.76

SNOWFALL (IN)
  YESTERDAY        0.0
  MONTH TO DATE    0.0
  SINCE SEP 1      0.0
  SINCE JUL 1      0.0
  SNOW DEPTH       0

DEGREE DAYS
 HEATING
  YESTERDAY        0                         0      0        0
  MONTH TO DATE    0                         0      0        0
  SINCE SEP 1      0                         0      0        0
  SINCE JUL 1      0                         0      0        0

 COOLING
  YESTERDAY       22                        18      4       18
  MONTH TO DATE   22                        18      4       18
  SINCE SEP 1    577                       564     13      531
  SINCE JAN 1   3887                      3730    157     3578
..................................................................


WIND (MPH)
  HIGHEST WIND SPEED    17   HIGHEST WIND DIRECTION     S (200)
  HIGHEST GUST SPEED    24   HIGHEST GUST DIRECTION    SW (210)
  AVERAGE WIND SPEED     5.8


SKY COVER
  AVERAGE SKY COVER 0.5


WEATHER CONDITIONS
 THE FOLLOWING WEATHER WAS RECORDED YESTERDAY.
  THUNDERSTORM
  HEAVY RAIN
  LIGHT RAIN


RELATIVE HUMIDITY (PERCENT)
 HIGHEST    91
 LOWEST     52
 AVERAGE    72

..........................................................


THE FORT LAUDERDALE CLIMATE NORMALS FOR TODAY
                         NORMAL    RECORD    YEAR
 MAXIMUM TEMPERATURE (F)   88        95      1980
 MINIMUM TEMPERATURE (F)   77        58      1920


SUNRISE AND SUNSET
OCTOBER  2 2014.......SUNRISE   713 AM EDT   SUNSET   706 PM EDT
OCTOBER  3 2014.......SUNRISE   714 AM EDT   SUNSET   705 PM EDT


-  INDICATES NEGATIVE NUMBERS.
R  INDICATES RECORD WAS SET OR TIED.
MM INDICATES DATA IS MISSING.
T  INDICATES TRACE AMOUNT.




$$
