000
CDUS42 KMFL 290843
CLIFLL


CLIMATE REPORT
NATIONAL WEATHER SERVICE MIAMI, FL
443 AM EDT SAT APR 29 2017


...................................

...THE FORT LAUDERDALE CLIMATE SUMMARY FOR APRIL 28 2017...

CLIMATE NORMAL PERIOD 1981 TO 2010
CLIMATE RECORD PERIOD 1912 TO 2017


WEATHER ITEM   OBSERVED TIME   RECORD YEAR NORMAL DEPARTURE LAST
                VALUE   (LST)  VALUE       VALUE  FROM      YEAR
                                                  NORMAL
..................................................................
TEMPERATURE (F)
 YESTERDAY
  MAXIMUM         86    210 PM  93    1939  84      2       85
  MINIMUM         78    618 AM  51    1946  71      7       75
  AVERAGE         82                        78      4       80

PRECIPITATION (IN)
  YESTERDAY        0.00          1.58 1918   0.06  -0.06     0.00
  MONTH TO DATE    4.00                      2.76   1.24     0.73
  SINCE NOV 1     13.41                     18.41  -5.00    25.52
  SINCE JAN 1      8.78                     12.71  -3.93    14.30

SNOWFALL (IN)
  YESTERDAY        0.0
  MONTH TO DATE    0.0
  SINCE MAR 1      0.0
  SINCE JUL 1      0.0
  SNOW DEPTH       0

DEGREE DAYS
 HEATING
  YESTERDAY        0                         0      0        0
  MONTH TO DATE    0                         0      0        0
  SINCE MAR 1      6                         9     -3        2
  SINCE JUL 1     35                       111    -76       87

 COOLING
  YESTERDAY       17                        13      4       15
  MONTH TO DATE  343                       311     32      335
  SINCE MAR 1    596                       565     31      658
  SINCE JAN 1   1052                       921    131      917
..................................................................


WIND (MPH)
  HIGHEST WIND SPEED    22   HIGHEST WIND DIRECTION     E (110)
  HIGHEST GUST SPEED    28   HIGHEST GUST DIRECTION     E (110)
  AVERAGE WIND SPEED    15.4


SKY COVER
  AVERAGE SKY COVER 0.5


WEATHER CONDITIONS
 THE FOLLOWING WEATHER WAS RECORDED YESTERDAY.
  NO SIGNIFICANT WEATHER WAS OBSERVED.


RELATIVE HUMIDITY (PERCENT)
 HIGHEST    91
 LOWEST     61
 AVERAGE    76

..........................................................


THE FORT LAUDERDALE CLIMATE NORMALS FOR TODAY
                         NORMAL    RECORD    YEAR
 MAXIMUM TEMPERATURE (F)   84        94      1971
                                             1955
                                             1939
 MINIMUM TEMPERATURE (F)   72        42      1928


SUNRISE AND SUNSET
APRIL 29 2017.........SUNRISE   645 AM EDT   SUNSET   751 PM EDT
APRIL 30 2017.........SUNRISE   644 AM EDT   SUNSET   752 PM EDT


-  INDICATES NEGATIVE NUMBERS.
R  INDICATES RECORD WAS SET OR TIED.
MM INDICATES DATA IS MISSING.
T  INDICATES TRACE AMOUNT.




$$
