000
CDUS42 KMFL 252126
CLIFLL


CLIMATE REPORT
NATIONAL WEATHER SERVICE MIAMI, FL
425 PM EST THU DEC 25 2014


...................................

...THE FORT LAUDERDALE CLIMATE SUMMARY FOR DECEMBER 25 2014...
VALID TODAY AS OF 0400 PM LOCAL TIME.

CLIMATE NORMAL PERIOD 1981 TO 2010
CLIMATE RECORD PERIOD 1839 TO 2014


WEATHER ITEM   OBSERVED TIME   RECORD YEAR NORMAL DEPARTURE LAST
                VALUE   (LST)  VALUE       VALUE  FROM      YEAR
                                                  NORMAL
..................................................................
TEMPERATURE (F)
 TODAY
  MAXIMUM         77    201 AM  89    1931  77      0       76
  MINIMUM         67    752 AM  29    1989  62      5       71
  AVERAGE         72                        70      2       74

PRECIPITATION (IN)
  TODAY            0.28          1.11 1992   0.06   0.22      T
  MONTH TO DATE    2.04                      2.13  -0.09     1.13
  SINCE NOV 1      4.96                      5.37  -0.41    12.05
  SINCE JAN 1     61.40                     61.85  -0.45    76.38

SNOWFALL (IN)
  TODAY           MM
  MONTH TO DATE    0.0
  SINCE DEC 1      0.0
  SINCE JUL 1      0.0
  SNOW DEPTH       0

DEGREE DAYS
 HEATING
  TODAY            0                         1     -1
  MONTH TO DATE   16                        20     -4
  SINCE DEC 1     16                        20     -4
  SINCE JUL 1     26                        22      4

 COOLING
  TODAY            7                         6      1
  MONTH TO DATE  159                       182    -23
  SINCE DEC 1    159                       182    -23
  SINCE JAN 1   4760                      4695     65
..................................................................


WIND (MPH)
  HIGHEST WIND SPEED    15   HIGHEST WIND DIRECTION     N (10)
  HIGHEST GUST SPEED    21   HIGHEST GUST DIRECTION    SW (230)
  AVERAGE WIND SPEED    10.3


SKY COVER
  AVERAGE SKY COVER 0.8


WEATHER CONDITIONS
 THE FOLLOWING WEATHER WAS RECORDED TODAY.
  RAIN
  LIGHT RAIN
  FOG


RELATIVE HUMIDITY (PERCENT)
 HIGHEST    94
 LOWEST     66
 AVERAGE    80

..........................................................


THE FORT LAUDERDALE CLIMATE NORMALS FOR TOMORROW
                         NORMAL    RECORD    YEAR
 MAXIMUM TEMPERATURE (F)   77        87      1921
 MINIMUM TEMPERATURE (F)   62        31      1983


SUNRISE AND SUNSET
DECEMBER 25 2014......SUNRISE   705 AM EST   SUNSET   536 PM EST
DECEMBER 26 2014......SUNRISE   706 AM EST   SUNSET   537 PM EST


-  INDICATES NEGATIVE NUMBERS.
R  INDICATES RECORD WAS SET OR TIED.
MM INDICATES DATA IS MISSING.
T  INDICATES TRACE AMOUNT.




$$
