000
CDUS42 KMFL 220939
CLIFLL


CLIMATE REPORT
NATIONAL WEATHER SERVICE MIAMI, FL
439 AM EST SAT NOV 22 2014


...................................

...THE FORT LAUDERDALE CLIMATE SUMMARY FOR NOVEMBER 21 2014...

CLIMATE NORMAL PERIOD 1981 TO 2010
CLIMATE RECORD PERIOD 1839 TO 2014


WEATHER ITEM   OBSERVED TIME   RECORD YEAR NORMAL DEPARTURE LAST
                VALUE   (LST)  VALUE       VALUE  FROM      YEAR
                                                  NORMAL
..................................................................
TEMPERATURE (F)
 YESTERDAY
  MAXIMUM         75   1159 PM  88    1972  81     -6       82
  MINIMUM         71    616 AM  38    1914  69      2       70
  AVERAGE         73                        75     -2       76

PRECIPITATION (IN)
  YESTERDAY        0.32          5.02 2013   0.07   0.25     5.02
  MONTH TO DATE    2.79                      2.44   0.35     8.21
  SINCE NOV 1      2.79                      2.44   0.35     8.21
  SINCE JAN 1     59.23                     58.92   0.31    72.54

SNOWFALL (IN)
  YESTERDAY        0.0
  MONTH TO DATE    0.0
  SINCE SEP 1      0.0
  SINCE JUL 1      0.0
  SNOW DEPTH       0

DEGREE DAYS
 HEATING
  YESTERDAY        0                         0      0        0
  MONTH TO DATE    6                         0      6        0
  SINCE SEP 1      6                         0      6        0
  SINCE JUL 1      6                         0      6        0

 COOLING
  YESTERDAY        8                        10     -2       11
  MONTH TO DATE  175                       236    -61      263
  SINCE SEP 1   1212                      1264    -52     1243
  SINCE JAN 1   4522                      4430     92     4290
..................................................................


WIND (MPH)
  HIGHEST WIND SPEED    23   HIGHEST WIND DIRECTION     E (80)
  HIGHEST GUST SPEED    30   HIGHEST GUST DIRECTION     E (70)
  AVERAGE WIND SPEED    15.0


SKY COVER
  AVERAGE SKY COVER 1.0


WEATHER CONDITIONS
 THE FOLLOWING WEATHER WAS RECORDED YESTERDAY.
  LIGHT RAIN
  FOG


RELATIVE HUMIDITY (PERCENT)
 HIGHEST    93
 LOWEST     69
 AVERAGE    81

..........................................................


THE FORT LAUDERDALE CLIMATE NORMALS FOR TODAY
                         NORMAL    RECORD    YEAR
 MAXIMUM TEMPERATURE (F)   81        87      1947
 MINIMUM TEMPERATURE (F)   68        43      1952
                                             1914


SUNRISE AND SUNSET
NOVEMBER 22 2014......SUNRISE   644 AM EST   SUNSET   529 PM EST
NOVEMBER 23 2014......SUNRISE   645 AM EST   SUNSET   529 PM EST


-  INDICATES NEGATIVE NUMBERS.
R  INDICATES RECORD WAS SET OR TIED.
MM INDICATES DATA IS MISSING.
T  INDICATES TRACE AMOUNT.




$$
