000
CDUS42 KMFL 270922
CLIFLL


CLIMATE REPORT
NATIONAL WEATHER SERVICE MIAMI, FL
422 AM EST MON FEB 27 2017


...................................

...THE FORT LAUDERDALE CLIMATE SUMMARY FOR FEBRUARY 26 2017...

CLIMATE NORMAL PERIOD 1981 TO 2010
CLIMATE RECORD PERIOD 1912 TO 2017


WEATHER ITEM   OBSERVED TIME   RECORD YEAR NORMAL DEPARTURE LAST
                VALUE   (LST)  VALUE       VALUE  FROM      YEAR
                                                  NORMAL
..................................................................
TEMPERATURE (F)
 YESTERDAY
  MAXIMUM         83    222 PM  89    1926  78      5       72
  MINIMUM         65    706 AM  37    1967  65      0       54
  AVERAGE         74                        72      2       63

PRECIPITATION (IN)
  YESTERDAY        0.00          1.32 1976   0.10  -0.10     0.00
  MONTH TO DATE    1.53                      2.78  -1.25     3.32
  SINCE NOV 1      7.87                     12.11  -4.24    21.95
  SINCE JAN 1      3.24                      6.41  -3.17    10.73

SNOWFALL (IN)
  YESTERDAY        0.0
  MONTH TO DATE    0.0
  SINCE DEC 1      0.0
  SINCE JUL 1      0.0
  SNOW DEPTH       0

DEGREE DAYS
 HEATING
  YESTERDAY        0                         1     -1        2
  MONTH TO DATE    0                        26    -26       36
  SINCE DEC 1     29                       104    -75       81
  SINCE JUL 1     29                       106    -77       81

 COOLING
  YESTERDAY        9                         7      2        0
  MONTH TO DATE  216                       173     43      128
  SINCE DEC 1    772                       559    213      649
  SINCE JAN 1    429                       343     86      252
..................................................................


WIND (MPH)
  HIGHEST WIND SPEED    18   HIGHEST WIND DIRECTION    NE (60)
  HIGHEST GUST SPEED    24   HIGHEST GUST DIRECTION    NE (40)
  AVERAGE WIND SPEED    10.7


SKY COVER
  AVERAGE SKY COVER 0.3


WEATHER CONDITIONS
 THE FOLLOWING WEATHER WAS RECORDED YESTERDAY.
  NO SIGNIFICANT WEATHER WAS OBSERVED.


RELATIVE HUMIDITY (PERCENT)
 HIGHEST    87
 LOWEST     58
 AVERAGE    73

..........................................................


THE FORT LAUDERDALE CLIMATE NORMALS FOR TODAY
                         NORMAL    RECORD    YEAR
 MAXIMUM TEMPERATURE (F)   78        88      1959
 MINIMUM TEMPERATURE (F)   65        38      1967


SUNRISE AND SUNSET
FEBRUARY 27 2017......SUNRISE   646 AM EST   SUNSET   621 PM EST
FEBRUARY 28 2017......SUNRISE   645 AM EST   SUNSET   622 PM EST


-  INDICATES NEGATIVE NUMBERS.
R  INDICATES RECORD WAS SET OR TIED.
MM INDICATES DATA IS MISSING.
T  INDICATES TRACE AMOUNT.




$$
