000
CDUS42 KMFL 270934
CLIFLL


CLIMATE REPORT
NATIONAL WEATHER SERVICE MIAMI, FL
433 AM EST THU NOV 27 2014


...................................

...THE FORT LAUDERDALE CLIMATE SUMMARY FOR NOVEMBER 26 2014...

CLIMATE NORMAL PERIOD 1981 TO 2010
CLIMATE RECORD PERIOD 1839 TO 2014


WEATHER ITEM   OBSERVED TIME   RECORD YEAR NORMAL DEPARTURE LAST
                VALUE   (LST)  VALUE       VALUE  FROM      YEAR
                                                  NORMAL
..................................................................
TEMPERATURE (F)
 YESTERDAY
  MAXIMUM         82    857 AM  87    1992  80      2       80
                                      1979
                                      1947
  MINIMUM         57   1159 PM  35    1950  68    -11       71
  AVERAGE         70                        74     -4       76

PRECIPITATION (IN)
  YESTERDAY        0.06          2.50 1920   0.10  -0.04     0.07
  MONTH TO DATE    2.92                      2.83   0.09     9.31
  SINCE NOV 1      2.92                      2.83   0.09     9.31
  SINCE JAN 1     59.36                     59.31   0.05    73.64

SNOWFALL (IN)
  YESTERDAY        0.0
  MONTH TO DATE    0.0
  SINCE SEP 1      0.0
  SINCE JUL 1      0.0
  SNOW DEPTH       0

DEGREE DAYS
 HEATING
  YESTERDAY        0                         0      0        0
  MONTH TO DATE    6                         0      6        0
  SINCE SEP 1      6                         0      6        0
  SINCE JUL 1      6                         0      6        0

 COOLING
  YESTERDAY        5                         9     -4       11
  MONTH TO DATE  243                       283    -40      313
  SINCE SEP 1   1280                      1311    -31     1293
  SINCE JAN 1   4590                      4477    113     4340
..................................................................


WIND (MPH)
  HIGHEST WIND SPEED    22   HIGHEST WIND DIRECTION     W (250)
  HIGHEST GUST SPEED    29   HIGHEST GUST DIRECTION     W (250)
  AVERAGE WIND SPEED    10.9


SKY COVER
  AVERAGE SKY COVER 0.7


WEATHER CONDITIONS
 THE FOLLOWING WEATHER WAS RECORDED YESTERDAY.
  LIGHT RAIN
  FOG


RELATIVE HUMIDITY (PERCENT)
 HIGHEST    97
 LOWEST     39
 AVERAGE    68

..........................................................


THE FORT LAUDERDALE CLIMATE NORMALS FOR TODAY
                         NORMAL    RECORD    YEAR
 MAXIMUM TEMPERATURE (F)   80        88      1976
                                             1948
 MINIMUM TEMPERATURE (F)   68        35      1949


SUNRISE AND SUNSET
NOVEMBER 27 2014......SUNRISE   648 AM EST   SUNSET   529 PM EST
NOVEMBER 28 2014......SUNRISE   648 AM EST   SUNSET   529 PM EST


-  INDICATES NEGATIVE NUMBERS.
R  INDICATES RECORD WAS SET OR TIED.
MM INDICATES DATA IS MISSING.
T  INDICATES TRACE AMOUNT.




$$
