000
CDUS42 KILM 240843
CLIFLO


CLIMATE REPORT
NATIONAL WEATHER SERVICE WILMINGTON NC
442 AM EDT TUE MAY 24 2016


...................................

...THE FLORENCE SC CLIMATE SUMMARY FOR MAY 23 2016...

CLIMATE NORMAL PERIOD 1981 TO 2010
CLIMATE RECORD PERIOD 1948 TO 2016


WEATHER ITEM   OBSERVED TIME   RECORD YEAR NORMAL DEPARTURE LAST
                VALUE   (LST)  VALUE       VALUE  FROM      YEAR
                                                  NORMAL
..................................................................
TEMPERATURE (F)
 YESTERDAY
  MAXIMUM         74    416 PM 100    1953  84    -10       84
  MINIMUM         55    544 AM  46    2002  62     -7       52
  AVERAGE         65                        73     -8       68

PRECIPITATION (IN)
  YESTERDAY        0.00          0.61 1974   0.12  -0.12     0.00
  MONTH TO DATE    6.27                      2.25   4.02     1.09
  SINCE MAR 1     13.24                      8.20   5.04     7.89
  SINCE JAN 1     20.70                     14.35   6.35    14.82

DEGREE DAYS
 HEATING
  YESTERDAY        0                         0      0        0
  MONTH TO DATE   10                        22    -12        1
  SINCE MAR 1    288                       456   -168      306
  SINCE JUL 1   1948                      2522   -574     2544

 COOLING
  YESTERDAY        0                         8     -8        3
  MONTH TO DATE  132                       136     -4      178
  SINCE MAR 1    263                       226     37      292
  SINCE JAN 1    264                       232     32      295
..................................................................


WIND (MPH)
  HIGHEST WIND SPEED    16   HIGHEST WIND DIRECTION     N (350)
  HIGHEST GUST SPEED    23   HIGHEST GUST DIRECTION     N (10)
  AVERAGE WIND SPEED     7.0


SKY COVER
  POSSIBLE SUNSHINE  MM
  AVERAGE SKY COVER 0.3


WEATHER CONDITIONS
 THE FOLLOWING WEATHER WAS RECORDED YESTERDAY.
  NO SIGNIFICANT WEATHER WAS OBSERVED.


RELATIVE HUMIDITY (PERCENT)
 HIGHEST    86          1200 AM
 LOWEST     47          1200 PM
 AVERAGE    67

..........................................................


THE FLORENCE SC CLIMATE NORMALS FOR TODAY
                         NORMAL    RECORD    YEAR
 MAXIMUM TEMPERATURE (F)   84        97      1994
 MINIMUM TEMPERATURE (F)   62        47      1963


SUNRISE AND SUNSET
MAY 24 2016...........SUNRISE   611 AM EDT   SUNSET   821 PM EDT
MAY 25 2016...........SUNRISE   611 AM EDT   SUNSET   821 PM EDT


-  INDICATES NEGATIVE NUMBERS.
R  INDICATES RECORD WAS SET OR TIED.
MM INDICATES DATA IS MISSING.
T  INDICATES TRACE AMOUNT.




$$
