000
CDUS42 KILM 270942
CLIFLO


CLIMATE REPORT
NATIONAL WEATHER SERVICE WILMINGTON NC
442 AM EST TUE JAN 27 2015


...................................

...THE FLORENCE SC CLIMATE SUMMARY FOR JANUARY 26 2015...

CLIMATE NORMAL PERIOD 1981 TO 2010
CLIMATE RECORD PERIOD 1948 TO 2015


WEATHER ITEM   OBSERVED TIME   RECORD YEAR NORMAL DEPARTURE LAST
                VALUE   (LST)  VALUE       VALUE  FROM      YEAR
                                                  NORMAL
..................................................................
TEMPERATURE (F)
 YESTERDAY
  MAXIMUM         57    226 PM  81    1950  56      1       56
  MINIMUM         40    727 AM  20    1985  35      5       28
  AVERAGE         49                        46      3       42

PRECIPITATION (IN)
  YESTERDAY        T             1.09 1966   0.10  -0.10     0.00
  MONTH TO DATE    2.43                      2.72  -0.29     2.01
  SINCE DEC 1      5.63                      5.73  -0.10     6.34
  SINCE JAN 1      2.43                      2.72  -0.29     2.01

SNOWFALL (IN)
  YESTERDAY       MM
  MONTH TO DATE   MM
  SINCE DEC 1     MM
  SINCE JUL 1     MM
  SNOW DEPTH      MM

DEGREE DAYS
 HEATING
  YESTERDAY       16                        20     -4       23
  MONTH TO DATE  502                       527    -25      598
  SINCE DEC 1    971                      1084   -113     1040
  SINCE JUL 1   1471                      1506    -35     1510

 COOLING
  YESTERDAY        0                         0      0        0
  MONTH TO DATE    3                         0      3        0
  SINCE DEC 1      3                         4     -1       18
  SINCE JAN 1      3                         0      3        0
..................................................................


WIND (MPH)
  HIGHEST WIND SPEED    20   HIGHEST WIND DIRECTION    NW (310)
  HIGHEST GUST SPEED    23   HIGHEST GUST DIRECTION    NW (330)
  AVERAGE WIND SPEED     8.1


SKY COVER
  POSSIBLE SUNSHINE  MM
  AVERAGE SKY COVER 0.6


WEATHER CONDITIONS
 THE FOLLOWING WEATHER WAS RECORDED YESTERDAY.
  LIGHT RAIN


RELATIVE HUMIDITY (PERCENT)
 HIGHEST    93           800 AM
 LOWEST     51           100 PM
 AVERAGE    72

..........................................................


THE FLORENCE SC CLIMATE NORMALS FOR TODAY
                         NORMAL    RECORD    YEAR
 MAXIMUM TEMPERATURE (F)   56        81      1974
 MINIMUM TEMPERATURE (F)   35        15      1985


SUNRISE AND SUNSET
JANUARY 27 2015.......SUNRISE   720 AM EST   SUNSET   544 PM EST
JANUARY 28 2015.......SUNRISE   719 AM EST   SUNSET   545 PM EST


-  INDICATES NEGATIVE NUMBERS.
R  INDICATES RECORD WAS SET OR TIED.
MM INDICATES DATA IS MISSING.
T  INDICATES TRACE AMOUNT.




$$
