000
CDUS42 KILM 260941
CLIFLO


CLIMATE REPORT
NATIONAL WEATHER SERVICE WILMINGTON NC
441 AM EST WED NOV 26 2014


...................................

...THE FLORENCE SC CLIMATE SUMMARY FOR NOVEMBER 25 2014...

CLIMATE NORMAL PERIOD 1981 TO 2010
CLIMATE RECORD PERIOD 1948 TO 2014


WEATHER ITEM   OBSERVED TIME   RECORD YEAR NORMAL DEPARTURE LAST
                VALUE   (LST)  VALUE       VALUE  FROM      YEAR
                                                  NORMAL
..................................................................
TEMPERATURE (F)
 YESTERDAY
  MAXIMUM         64    239 PM  83    1973  64      0       47
  MINIMUM         58   1159 PM  17    1950  41     17       21
  AVERAGE         61                        53      8       34

PRECIPITATION (IN)
  YESTERDAY        0.72          1.28 1972   0.09   0.63     0.00
  MONTH TO DATE    2.53                      2.21   0.32     0.89
  SINCE SEP 1     12.27                      8.96   3.31     2.61
  SINCE JAN 1     40.26                     39.44   0.82    49.07

SNOWFALL (IN)
  YESTERDAY       MM
  MONTH TO DATE   MM
  SINCE SEP 1     MM
  SINCE JUL 1     MM
  SNOW DEPTH      MM

DEGREE DAYS
 HEATING
  YESTERDAY        4                        13     -9       31
  MONTH TO DATE  338                       237    101      288
  SINCE SEP 1    407                       354     53      370
  SINCE JUL 1    407                       354     53      370

 COOLING
  YESTERDAY        0                         0      0        0
  MONTH TO DATE    6                        16    -10       16
  SINCE SEP 1    450                       388     62      419
  SINCE JAN 1   2282                      2058    224     2046
..................................................................


WIND (MPH)
  HIGHEST WIND SPEED    15   HIGHEST WIND DIRECTION     N (10)
  HIGHEST GUST SPEED    18   HIGHEST GUST DIRECTION     N (10)
  AVERAGE WIND SPEED     6.6


SKY COVER
  POSSIBLE SUNSHINE  MM
  AVERAGE SKY COVER 0.8


WEATHER CONDITIONS
 THE FOLLOWING WEATHER WAS RECORDED YESTERDAY.
  RAIN
  LIGHT RAIN
  FOG


RELATIVE HUMIDITY (PERCENT)
 HIGHEST   100          1000 PM
 LOWEST     90           700 PM
 AVERAGE    95

..........................................................


THE FLORENCE SC CLIMATE NORMALS FOR TODAY
                         NORMAL    RECORD    YEAR
 MAXIMUM TEMPERATURE (F)   64        82      1973
 MINIMUM TEMPERATURE (F)   41        16      1950


SUNRISE AND SUNSET
NOVEMBER 26 2014......SUNRISE   702 AM EST   SUNSET   510 PM EST
NOVEMBER 27 2014......SUNRISE   703 AM EST   SUNSET   510 PM EST


-  INDICATES NEGATIVE NUMBERS.
R  INDICATES RECORD WAS SET OR TIED.
MM INDICATES DATA IS MISSING.
T  INDICATES TRACE AMOUNT.




$$
