000
CDUS42 KILM 212140
CLIFLO


CLIMATE REPORT
NATIONAL WEATHER SERVICE WILMINGTON NC
440 PM EST TUE FEB 21 2017


...................................

...THE FLORENCE SC CLIMATE SUMMARY FOR FEBRUARY 21 2017...
VALID TODAY AS OF 0400 PM LOCAL TIME.

CLIMATE NORMAL PERIOD 1981 TO 2010
CLIMATE RECORD PERIOD 1948 TO 2017


WEATHER ITEM   OBSERVED TIME   RECORD YEAR NORMAL DEPARTURE LAST
                VALUE   (LST)  VALUE       VALUE  FROM      YEAR
                                                  NORMAL
..................................................................
TEMPERATURE (F)
 TODAY
  MAXIMUM         70    324 PM  81    1997  61      9       70
  MINIMUM         47    722 AM  21    1959  39      8       51
  AVERAGE         59                        50      9       61

PRECIPITATION (IN)
  TODAY            0.00          1.04 1954   0.11  -0.11      T
  MONTH TO DATE    1.60                      2.17  -0.57     4.09
  SINCE DEC 1      9.43                      8.41   1.02    13.31
  SINCE JAN 1      4.86                      5.40  -0.54     6.22

SNOWFALL (IN)
  TODAY           MM
  MONTH TO DATE   MM
  SINCE DEC 1     MM
  SINCE JUL 1     MM
  SNOW DEPTH      MM

DEGREE DAYS
 HEATING
  TODAY            6                        15     -9        4
  MONTH TO DATE  217                       363   -146      408
  SINCE DEC 1   1101                      1543   -442     1304
  SINCE JUL 1   1414                      1965   -551     1568

 COOLING
  TODAY            0                         0      0        0
  MONTH TO DATE    6                         0      6        1
  SINCE DEC 1     10                         6      4       58
  SINCE JAN 1      6                         2      4        1
..................................................................


WIND (MPH)
  HIGHEST WIND SPEED    15   HIGHEST WIND DIRECTION     E (110)
  HIGHEST GUST SPEED    20   HIGHEST GUST DIRECTION     E (110)
  AVERAGE WIND SPEED     7.5


SKY COVER
  POSSIBLE SUNSHINE  MM
  AVERAGE SKY COVER 0.2


WEATHER CONDITIONS
 THE FOLLOWING WEATHER WAS RECORDED TODAY.
  NO SIGNIFICANT WEATHER WAS OBSERVED.


RELATIVE HUMIDITY (PERCENT)
 HIGHEST    93           500 AM
 LOWEST     37           200 PM
 AVERAGE    65

..........................................................


THE FLORENCE SC CLIMATE NORMALS FOR TOMORROW
                         NORMAL    RECORD    YEAR
 MAXIMUM TEMPERATURE (F)   61        80      1990
 MINIMUM TEMPERATURE (F)   39        21      1963


SUNRISE AND SUNSET
FEBRUARY 21 2017......SUNRISE   657 AM EST   SUNSET   608 PM EST
FEBRUARY 22 2017......SUNRISE   656 AM EST   SUNSET   609 PM EST


-  INDICATES NEGATIVE NUMBERS.
R  INDICATES RECORD WAS SET OR TIED.
MM INDICATES DATA IS MISSING.
T  INDICATES TRACE AMOUNT.




$$
