000
CDUS42 KILM 042054
CLIFLO


CLIMATE REPORT
NATIONAL WEATHER SERVICE WILMINGTON NC
454 PM EDT SAT JUL 4 2015


...................................

...THE FLORENCE SC CLIMATE SUMMARY FOR JULY 4 2015...
VALID TODAY AS OF 0400 PM LOCAL TIME.

CLIMATE NORMAL PERIOD 1981 TO 2010
CLIMATE RECORD PERIOD 1948 TO 2015


WEATHER ITEM   OBSERVED TIME   RECORD YEAR NORMAL DEPARTURE LAST
                VALUE   (LST)  VALUE       VALUE  FROM      YEAR
                                                  NORMAL
..................................................................
TEMPERATURE (F)
 TODAY
  MAXIMUM         88    251 PM 102    1993  91     -3       93
  MINIMUM         71    546 AM  60    2010  71      0       73
  AVERAGE         80                        81     -1       83

PRECIPITATION (IN)
  TODAY            0.08          1.44 2013   0.15  -0.07     0.00
  MONTH TO DATE    1.18                      0.59   0.59     0.02
  SINCE JUN 1      4.68                      5.21  -0.53     1.00
  SINCE JAN 1     19.70                     20.57  -0.87    18.36

DEGREE DAYS
 HEATING
  TODAY            0                         0      0        0
  MONTH TO DATE    0                         0      0        0
  SINCE JUN 1      0                         1     -1        0
  SINCE JUL 1      0                         0      0        0

 COOLING
  TODAY           15                        16     -1       18
  MONTH TO DATE   60                        64     -4       73
  SINCE JUN 1    601                       461    140      555
  SINCE JAN 1    986                       768    218      937
..................................................................


WIND (MPH)
  HIGHEST WIND SPEED    20   HIGHEST WIND DIRECTION     W (260)
  HIGHEST GUST SPEED    31   HIGHEST GUST DIRECTION    SW (230)
  AVERAGE WIND SPEED    11.8


SKY COVER
  POSSIBLE SUNSHINE  MM
  AVERAGE SKY COVER 0.0


WEATHER CONDITIONS
 THE FOLLOWING WEATHER WAS RECORDED TODAY.
  LIGHT RAIN
  FOG
  HAZE


RELATIVE HUMIDITY (PERCENT)
 HIGHEST    87           700 AM
 LOWEST     55           100 PM
 AVERAGE    71

..........................................................


THE FLORENCE SC CLIMATE NORMALS FOR TOMORROW
                         NORMAL    RECORD    YEAR
 MAXIMUM TEMPERATURE (F)   91       103      1990
 MINIMUM TEMPERATURE (F)   71        62      2007
                                             1952


SUNRISE AND SUNSET
JULY  4 2015..........SUNRISE   612 AM EDT   SUNSET   834 PM EDT
JULY  5 2015..........SUNRISE   612 AM EDT   SUNSET   834 PM EDT


-  INDICATES NEGATIVE NUMBERS.
R  INDICATES RECORD WAS SET OR TIED.
MM INDICATES DATA IS MISSING.
T  INDICATES TRACE AMOUNT.




$$
