000
CDUS42 KILM 022100
CLIFLO


CLIMATE REPORT
NATIONAL WEATHER SERVICE WILMINGTON NC
450 PM EDT MON MAY 2 2016


...................................

...THE FLORENCE SC CLIMATE SUMMARY FOR MAY 2 2016...
VALID TODAY AS OF 0400 PM LOCAL TIME.

CLIMATE NORMAL PERIOD 1981 TO 2010
CLIMATE RECORD PERIOD 1948 TO 2016


WEATHER ITEM   OBSERVED TIME   RECORD YEAR NORMAL DEPARTURE LAST
                VALUE   (LST)  VALUE       VALUE  FROM      YEAR
                                                  NORMAL
..................................................................
TEMPERATURE (F)
 TODAY
  MAXIMUM         87    221 PM  93    2010  80      7       79
  MINIMUM         66   1244 AM  38    1963  55     11       48
  AVERAGE         77                        67     10       64

PRECIPITATION (IN)
  TODAY            0.00          1.33 2004   0.08  -0.08     0.00
  MONTH TO DATE    0.61                      0.17   0.44      T
  SINCE MAR 1      7.58                      6.12   1.46     6.80
  SINCE JAN 1     15.04                     12.27   2.77    13.73

DEGREE DAYS
 HEATING
  TODAY            0                         2     -2        1
  MONTH TO DATE    0                         4     -4        1
  SINCE MAR 1    278                       438   -160      306
  SINCE JUL 1   1938                      2504   -566     2544

 COOLING
  TODAY           12                         4      8        0
  MONTH TO DATE   17                         8      9        0
  SINCE MAR 1    148                        98     50      114
  SINCE JAN 1    149                       104     45      117
..................................................................


WIND (MPH)
  HIGHEST WIND SPEED    15   HIGHEST WIND DIRECTION     S (180)
  HIGHEST GUST SPEED    20   HIGHEST GUST DIRECTION    SW (220)
  AVERAGE WIND SPEED     7.8


SKY COVER
  POSSIBLE SUNSHINE  MM
  AVERAGE SKY COVER 0.5


WEATHER CONDITIONS
 THE FOLLOWING WEATHER WAS RECORDED TODAY.
  FOG


RELATIVE HUMIDITY (PERCENT)
 HIGHEST    97           500 AM
 LOWEST     51           300 PM
 AVERAGE    74

..........................................................


THE FLORENCE SC CLIMATE NORMALS FOR TOMORROW
                         NORMAL    RECORD    YEAR
 MAXIMUM TEMPERATURE (F)   80        94      1959
 MINIMUM TEMPERATURE (F)   55        42      1963


SUNRISE AND SUNSET
MAY  2 2016...........SUNRISE   628 AM EDT   SUNSET   804 PM EDT
MAY  3 2016...........SUNRISE   627 AM EDT   SUNSET   805 PM EDT


-  INDICATES NEGATIVE NUMBERS.
R  INDICATES RECORD WAS SET OR TIED.
MM INDICATES DATA IS MISSING.
T  INDICATES TRACE AMOUNT.




$$
