000
CDUS42 KILM 050843
CLIFLO


CLIMATE REPORT
NATIONAL WEATHER SERVICE WILMINGTON NC
443 AM EDT SAT SEP 5 2015


...................................

...THE FLORENCE SC CLIMATE SUMMARY FOR SEPTEMBER 4 2015...

CLIMATE NORMAL PERIOD 1981 TO 2010
CLIMATE RECORD PERIOD 1948 TO 2015


WEATHER ITEM   OBSERVED TIME   RECORD YEAR NORMAL DEPARTURE LAST
                VALUE   (LST)  VALUE       VALUE  FROM      YEAR
                                                  NORMAL
..................................................................
TEMPERATURE (F)
 YESTERDAY
  MAXIMUM         94    257 PM  99    1954  87      7       94
  MINIMUM         71   1159 PM  55    1997  68      3       73
  AVERAGE         83                        78      5       84

PRECIPITATION (IN)
  YESTERDAY        0.07          4.68 1957   0.13  -0.06     0.00
  MONTH TO DATE    0.07                      0.55  -0.48     0.24
  SINCE SEP 1      0.07                      0.55  -0.48     0.24
  SINCE JAN 1     27.91                     31.03  -3.12    28.23

DEGREE DAYS
 HEATING
  YESTERDAY        0                         0      0        0
  MONTH TO DATE    0                         0      0        0
  SINCE SEP 1      0                         0      0        0
  SINCE JUL 1      0                         0      0        0

 COOLING
  YESTERDAY       18                        12      6       19
  MONTH TO DATE   70                        51     19       79
  SINCE SEP 1     70                        51     19       79
  SINCE JAN 1   2087                      1721    366     1911
..................................................................


WIND (MPH)
  HIGHEST WIND SPEED    28   HIGHEST WIND DIRECTION     E (110)
  HIGHEST GUST SPEED    36   HIGHEST GUST DIRECTION     E (110)
  AVERAGE WIND SPEED     3.5


SKY COVER
  POSSIBLE SUNSHINE  MM
  AVERAGE SKY COVER 0.2


WEATHER CONDITIONS
 THE FOLLOWING WEATHER WAS RECORDED YESTERDAY.
  THUNDERSTORM
  LIGHT RAIN
  FOG
  HAZE


RELATIVE HUMIDITY (PERCENT)
 HIGHEST    93           100 AM
 LOWEST     41           200 PM
 AVERAGE    67

..........................................................


THE FLORENCE SC CLIMATE NORMALS FOR TODAY
                         NORMAL    RECORD    YEAR
 MAXIMUM TEMPERATURE (F)   87       100      1954
 MINIMUM TEMPERATURE (F)   68        49      1997


SUNRISE AND SUNSET
SEPTEMBER  5 2015.....SUNRISE   655 AM EDT   SUNSET   740 PM EDT
SEPTEMBER  6 2015.....SUNRISE   656 AM EDT   SUNSET   738 PM EDT


-  INDICATES NEGATIVE NUMBERS.
R  INDICATES RECORD WAS SET OR TIED.
MM INDICATES DATA IS MISSING.
T  INDICATES TRACE AMOUNT.




$$
