000
CDUS42 KILM 010841
CLIFLO


CLIMATE REPORT
NATIONAL WEATHER SERVICE WILMINGTON NC
441 AM EDT WED OCT 1 2014


...................................

...THE FLORENCE SC CLIMATE SUMMARY FOR SEPTEMBER 30 2014...

CLIMATE NORMAL PERIOD 1981 TO 2010
CLIMATE RECORD PERIOD 1948 TO 2014


WEATHER ITEM   OBSERVED TIME   RECORD YEAR NORMAL DEPARTURE LAST
                VALUE   (LST)  VALUE       VALUE  FROM      YEAR
                                                  NORMAL
..................................................................
TEMPERATURE (F)
 YESTERDAY
  MAXIMUM         82    434 PM  92    1964  80      2       80
  MINIMUM         60    604 AM  41    1967  59      1       52
  AVERAGE         71                        70      1       66

PRECIPITATION (IN)
  YESTERDAY        0.00          4.95 1964   0.12  -0.12     0.00
  MONTH TO DATE    8.42                      3.67   4.75     0.89
  SINCE SEP 1      8.42                      3.67   4.75     0.89
  SINCE JAN 1     36.41                     34.15   2.26    47.35

DEGREE DAYS
 HEATING
  YESTERDAY        0                         1     -1        0
  MONTH TO DATE    6                         7     -1        0
  SINCE SEP 1      6                         9     -3        0
  SINCE JUL 1      6                         9     -3        0

 COOLING
  YESTERDAY        6                         6      0        1
  MONTH TO DATE  327                       286     41      298
  SINCE SEP 1    327                       286     41      298
  SINCE JAN 1   2159                      1956    203     1925
..................................................................


WIND (MPH)
  HIGHEST WIND SPEED    10   HIGHEST WIND DIRECTION     N (20)
  HIGHEST GUST SPEED    13   HIGHEST GUST DIRECTION     N (20)
  AVERAGE WIND SPEED     3.7


SKY COVER
  POSSIBLE SUNSHINE  MM
  AVERAGE SKY COVER 0.1


WEATHER CONDITIONS
 THE FOLLOWING WEATHER WAS RECORDED YESTERDAY.
  FOG


RELATIVE HUMIDITY (PERCENT)
 HIGHEST    97           300 AM
 LOWEST     51           400 PM
 AVERAGE    74

..........................................................


THE FLORENCE SC CLIMATE NORMALS FOR TODAY
                         NORMAL    RECORD    YEAR
 MAXIMUM TEMPERATURE (F)   80        94      1986
 MINIMUM TEMPERATURE (F)   59        41      1967


SUNRISE AND SUNSET
OCTOBER  1 2014.......SUNRISE   713 AM EDT   SUNSET   703 PM EDT
OCTOBER  2 2014.......SUNRISE   714 AM EDT   SUNSET   702 PM EDT


-  INDICATES NEGATIVE NUMBERS.
R  INDICATES RECORD WAS SET OR TIED.
MM INDICATES DATA IS MISSING.
T  INDICATES TRACE AMOUNT.




$$
