000
CDUS42 KILM 292101
CLIFLO


CLIMATE REPORT
NATIONAL WEATHER SERVICE WILMINGTON NC
459 PM EDT FRI JUL 29 2016


...................................

...THE FLORENCE SC CLIMATE SUMMARY FOR JULY 29 2016...
VALID TODAY AS OF 0400 PM LOCAL TIME.

CLIMATE NORMAL PERIOD 1981 TO 2010
CLIMATE RECORD PERIOD 1948 TO 2016


WEATHER ITEM   OBSERVED TIME   RECORD YEAR NORMAL DEPARTURE LAST
                VALUE   (LST)  VALUE       VALUE  FROM      YEAR
                                                  NORMAL
..................................................................
TEMPERATURE (F)
 TODAY
  MAXIMUM         95    259 PM 103    1993  91      4       96
  MINIMUM         78    556 AM  66    1984  72      6       74
  AVERAGE         87                        81      6       85

PRECIPITATION (IN)
  TODAY            0.00          3.55 1959   0.18  -0.18     0.00
  MONTH TO DATE    5.87                      4.89   0.98     3.40
  SINCE JUN 1      9.83                      9.51   0.32     6.90
  SINCE JAN 1     30.92                     24.87   6.05    21.92

DEGREE DAYS
 HEATING
  TODAY            0                         0      0        0
  MONTH TO DATE    0                         0      0        0
  SINCE JUN 1      0                         1     -1        0
  SINCE JUL 1      0                         0      0        0

 COOLING
  TODAY           22                        16      6       20
  MONTH TO DATE  587                       464    123      550
  SINCE JUN 1   1074                       861    213     1091
  SINCE JAN 1   1421                      1168    253     1476
..................................................................


WIND (MPH)
  HIGHEST WIND SPEED    14   HIGHEST WIND DIRECTION     W (260)
  HIGHEST GUST SPEED    20   HIGHEST GUST DIRECTION     W (250)
  AVERAGE WIND SPEED     8.2


SKY COVER
  POSSIBLE SUNSHINE  MM
  AVERAGE SKY COVER 0.2


WEATHER CONDITIONS
 THE FOLLOWING WEATHER WAS RECORDED TODAY.
  NO SIGNIFICANT WEATHER WAS OBSERVED.


RELATIVE HUMIDITY (PERCENT)
 HIGHEST    74           100 AM
 LOWEST     46           300 PM
 AVERAGE    60

..........................................................


THE FLORENCE SC CLIMATE NORMALS FOR TOMORROW
                         NORMAL    RECORD    YEAR
 MAXIMUM TEMPERATURE (F)   91       103      1952
 MINIMUM TEMPERATURE (F)   72        63      1997


SUNRISE AND SUNSET
JULY 29 2016..........SUNRISE   628 AM EDT   SUNSET   822 PM EDT
JULY 30 2016..........SUNRISE   629 AM EDT   SUNSET   821 PM EDT


-  INDICATES NEGATIVE NUMBERS.
R  INDICATES RECORD WAS SET OR TIED.
MM INDICATES DATA IS MISSING.
T  INDICATES TRACE AMOUNT.




$$
