000
CDUS42 KTBW 220932
CLIFMY


CLIMATE REPORT
NATIONAL WEATHER SERVICE TAMPA BAY FL
429 AM EST THU FEB 22 2018


...................................

...THE FORT MYERS CLIMATE SUMMARY FOR FEBRUARY 21 2018...

CLIMATE NORMAL PERIOD 1981 TO 2010
CLIMATE RECORD PERIOD 1902 TO 2018


WEATHER ITEM   OBSERVED TIME   RECORD YEAR NORMAL DEPARTURE LAST
                VALUE   (LST)  VALUE       VALUE  FROM      YEAR
                                                  NORMAL
..................................................................
TEMPERATURE (F)
 YESTERDAY
  MAXIMUM         88    250 PM  91    1944  78     10       81
  MINIMUM         70    728 AM  30    1958  57     13       66
  AVERAGE         79                        67     12       74

PRECIPITATION (IN)
  YESTERDAY        0.00          0.52 1904   0.07  -0.07     0.00
  MONTH TO DATE    0.74                      1.56  -0.82     0.10
  SINCE DEC 1      3.35                      5.21  -1.86     1.87
  SINCE JAN 1      1.90                      3.50  -1.60     1.63

DEGREE DAYS
 HEATING
  YESTERDAY        0                         2     -2        0
  MONTH TO DATE    0                        48    -48        1
  SINCE DEC 1    181                       231    -50       60
  SINCE JUL 1    186                       249    -63       65

 COOLING
  YESTERDAY       14                         4     10        9
  MONTH TO DATE  199                        74    125      127
  SINCE DEC 1    448                       278    170      556
  SINCE JAN 1    279                       157    122      280
..................................................................


WIND (MPH)
  RESULTANT WIND SPEED   9   RESULTANT WIND DIRECTION   E (100)
  HIGHEST WIND SPEED    18   HIGHEST WIND DIRECTION     E (110)
  HIGHEST GUST SPEED    25   HIGHEST GUST DIRECTION    SE (140)
  AVERAGE WIND SPEED    10.0


SKY COVER
  POSSIBLE SUNSHINE  MM
  AVERAGE SKY COVER 0.2


WEATHER CONDITIONS
 THE FOLLOWING WEATHER WAS RECORDED YESTERDAY.
  NO SIGNIFICANT WEATHER WAS OBSERVED.


RELATIVE HUMIDITY (PERCENT)
 HIGHEST   100           600 AM
 LOWEST     43           200 PM

..........................................................


THE FORT MYERS CLIMATE NORMALS FOR TODAY
                         NORMAL    RECORD    YEAR
 MAXIMUM TEMPERATURE (F)   78        91      1975
 MINIMUM TEMPERATURE (F)   57        36      1977


SUNRISE AND SUNSET
FEBRUARY 22 2018......SUNRISE   658 AM EST   SUNSET   625 PM EST
FEBRUARY 23 2018......SUNRISE   657 AM EST   SUNSET   625 PM EST


-  INDICATES NEGATIVE NUMBERS.
R  INDICATES RECORD WAS SET OR TIED.
MM INDICATES DATA IS MISSING.
T  INDICATES TRACE AMOUNT.




$$


&&
------------------------------------------------------------------
******************** SUPPLEMENTAL DATA ***************************

...GULF WATER TEMPERATURE AT FORT MYERS BEACH 76 DEGREES
