000
CDUS42 KTBW 272223
CLIFMY


CLIMATE REPORT
NATIONAL WEATHER SERVICE TAMPA BAY FL
521 PM EST FRI FEB 27 2015


...................................

...THE FORT MYERS CLIMATE SUMMARY FOR FEBRUARY 27 2015...
VALID TODAY AS OF 0500 PM LOCAL TIME.

CLIMATE NORMAL PERIOD 1981 TO 2010
CLIMATE RECORD PERIOD 1902 TO 2015


WEATHER ITEM   OBSERVED TIME   RECORD YEAR NORMAL DEPARTURE LAST
                VALUE   (LST)  VALUE       VALUE  FROM      YEAR
                                                  NORMAL
..................................................................
TEMPERATURE (F)
 TODAY
  MAXIMUM         65   1128 AM  89    2012  79    -14       74
  MINIMUM         58    737 AM  38    1965  57      1       57
  AVERAGE         62                        68     -6       66

PRECIPITATION (IN)
  TODAY            0.00          2.11 1983   0.08  -0.08     0.16
  MONTH TO DATE    0.87                      2.06  -1.19     1.17
  SINCE DEC 1      1.49                      5.71  -4.22     3.83
  SINCE JAN 1      1.44                      4.00  -2.56     3.33

DEGREE DAYS
 HEATING
  TODAY            3                         1      2        0
  MONTH TO DATE   87                        59     28       16
  SINCE DEC 1    190                       242    -52      158
  SINCE JUL 1    231                       260    -29      167

 COOLING
  TODAY            0                         4     -4        1
  MONTH TO DATE   41                        98    -57      178
  SINCE DEC 1    279                       302    -23      476
  SINCE JAN 1    141                       181    -40      261
..................................................................


WIND (MPH)
  RESULTANT WIND SPEED  10   RESULTANT WIND DIRECTION  NE (30)
  HIGHEST WIND SPEED    16   HIGHEST WIND DIRECTION    NE (50)
  HIGHEST GUST SPEED    21   HIGHEST GUST DIRECTION    NE (40)
  AVERAGE WIND SPEED    10.1


SKY COVER
  POSSIBLE SUNSHINE  MM
  AVERAGE SKY COVER 1.0


WEATHER CONDITIONS
 THE FOLLOWING WEATHER WAS RECORDED TODAY.
  NO SIGNIFICANT WEATHER WAS OBSERVED.


RELATIVE HUMIDITY (PERCENT)
 HIGHEST    87           800 AM
 LOWEST     72           200 PM

..........................................................


THE FORT MYERS CLIMATE NORMALS FOR TOMORROW
                         NORMAL    RECORD    YEAR
 MAXIMUM TEMPERATURE (F)   79        88      2012
 MINIMUM TEMPERATURE (F)   57        35      1935


SUNRISE AND SUNSET
FEBRUARY 27 2015......SUNRISE   653 AM EST   SUNSET   627 PM EST
FEBRUARY 28 2015......SUNRISE   652 AM EST   SUNSET   628 PM EST


-  INDICATES NEGATIVE NUMBERS.
R  INDICATES RECORD WAS SET OR TIED.
MM INDICATES DATA IS MISSING.
T  INDICATES TRACE AMOUNT.




$$


&&
------------------------------------------------------------------
******************** SUPPLEMENTAL DATA ***************************

...GULF WATER TEMPERATURE AT FORT MYERS BEACH 66
