000
CDUS42 KTBW 300928
CLIFMY


CLIMATE REPORT
NATIONAL WEATHER SERVICE TAMPA BAY FL
427 AM EST FRI JAN 30 2015


...................................

...THE FORT MYERS CLIMATE SUMMARY FOR JANUARY 29 2015...

CLIMATE NORMAL PERIOD 1981 TO 2010
CLIMATE RECORD PERIOD 1902 TO 2015


WEATHER ITEM   OBSERVED TIME   RECORD YEAR NORMAL DEPARTURE LAST
                VALUE   (LST)  VALUE       VALUE  FROM      YEAR
                                                  NORMAL
..................................................................
TEMPERATURE (F)
 YESTERDAY
  MAXIMUM         74    342 PM  87    1991  75     -1       65
                                      1975
                                      1949
  MINIMUM         46    727 AM  32    1940  54     -8       51
  AVERAGE         60                        65     -5       58

PRECIPITATION (IN)
  YESTERDAY        0.00          0.70 1930   0.07  -0.07      T
  MONTH TO DATE    0.57                      1.81  -1.24     0.34
  SINCE DEC 1      0.62                      3.52  -2.90     0.84
  SINCE JAN 1      0.57                      1.81  -1.24     0.34

DEGREE DAYS
 HEATING
  YESTERDAY        5                         3      2        7
  MONTH TO DATE   48                       106    -58      129
  SINCE DEC 1     96                       181    -85      133
  SINCE JUL 1    137                       199    -62      142

 COOLING
  YESTERDAY        0                         3     -3        0
  MONTH TO DATE  100                        86     14       82
  SINCE DEC 1    238                       207     31      297
  SINCE JAN 1    100                        86     14       82
..................................................................


WIND (MPH)
  RESULTANT WIND SPEED   6   RESULTANT WIND DIRECTION  NE (60)
  HIGHEST WIND SPEED    16   HIGHEST WIND DIRECTION    SE (120)
  HIGHEST GUST SPEED    21   HIGHEST GUST DIRECTION    SE (120)
  AVERAGE WIND SPEED     7.2


SKY COVER
  POSSIBLE SUNSHINE  MM
  AVERAGE SKY COVER 0.1


WEATHER CONDITIONS
 THE FOLLOWING WEATHER WAS RECORDED YESTERDAY.
  NO SIGNIFICANT WEATHER WAS OBSERVED.


RELATIVE HUMIDITY (PERCENT)
 HIGHEST    86           500 AM
 LOWEST     35           400 PM

..........................................................


THE FORT MYERS CLIMATE NORMALS FOR TODAY
                         NORMAL    RECORD    YEAR
 MAXIMUM TEMPERATURE (F)   76        86      2002
                                             1990
                                             1975
 MINIMUM TEMPERATURE (F)   54        35      1978
                                             1966


SUNRISE AND SUNSET
JANUARY 30 2015.......SUNRISE   713 AM EST   SUNSET   608 PM EST
JANUARY 31 2015.......SUNRISE   713 AM EST   SUNSET   609 PM EST


-  INDICATES NEGATIVE NUMBERS.
R  INDICATES RECORD WAS SET OR TIED.
MM INDICATES DATA IS MISSING.
T  INDICATES TRACE AMOUNT.




$$


&&
------------------------------------------------------------------
******************** SUPPLEMENTAL DATA ***************************

...GULF WATER TEMPERATURE AT FORT MYERS BEACH 64
