000
CDUS42 KTBW 220931
CLIFMY


CLIMATE REPORT
NATIONAL WEATHER SERVICE TAMPA BAY FL
429 AM EST WED NOV 22 2017


...................................

...THE FORT MYERS CLIMATE SUMMARY FOR NOVEMBER 21 2017...

CLIMATE NORMAL PERIOD 1981 TO 2010
CLIMATE RECORD PERIOD 1902 TO 2017


WEATHER ITEM   OBSERVED TIME   RECORD YEAR NORMAL DEPARTURE LAST
                VALUE   (LST)  VALUE       VALUE  FROM      YEAR
                                                  NORMAL
..................................................................
TEMPERATURE (F)
 YESTERDAY
  MAXIMUM         83    223 PM  91    1986  80      3       76
  MINIMUM         65    548 AM  37    1937  61      4       47
                                      1914
  AVERAGE         74                        71      3       62

PRECIPITATION (IN)
  YESTERDAY        0.00          0.82 2013   0.04  -0.04     0.00
  MONTH TO DATE    0.09                      1.54  -1.45      T
  SINCE SEP 1     13.04                     12.73   0.31    10.14
  SINCE JAN 1     59.79                     53.80   5.99    63.62

DEGREE DAYS
 HEATING
  YESTERDAY        0                         1     -1        3
  MONTH TO DATE    0                         6     -6        4
  SINCE SEP 1      5                         8     -3        4
  SINCE JUL 1      5                         8     -3        4

 COOLING
  YESTERDAY        9                         6      3        0
  MONTH TO DATE  204                       164     40      126
  SINCE SEP 1   1138                      1088     50     1094
  SINCE JAN 1   4100                      3812    288     3939
..................................................................


WIND (MPH)
  RESULTANT WIND SPEED   3   RESULTANT WIND DIRECTION   E (90)
  HIGHEST WIND SPEED    13   HIGHEST WIND DIRECTION     E (110)
  HIGHEST GUST SPEED    16   HIGHEST GUST DIRECTION     S (190)
  AVERAGE WIND SPEED     6.4


SKY COVER
  POSSIBLE SUNSHINE  MM
  AVERAGE SKY COVER 0.2


WEATHER CONDITIONS
 THE FOLLOWING WEATHER WAS RECORDED YESTERDAY.
  FOG


RELATIVE HUMIDITY (PERCENT)
 HIGHEST    93           400 AM
 LOWEST     54           400 PM

..........................................................


THE FORT MYERS CLIMATE NORMALS FOR TODAY
                         NORMAL    RECORD    YEAR
 MAXIMUM TEMPERATURE (F)   80        92      1986
 MINIMUM TEMPERATURE (F)   61        37      1937
                                             1914


SUNRISE AND SUNSET
NOVEMBER 22 2017......SUNRISE   652 AM EST   SUNSET   535 PM EST
NOVEMBER 23 2017......SUNRISE   653 AM EST   SUNSET   535 PM EST


-  INDICATES NEGATIVE NUMBERS.
R  INDICATES RECORD WAS SET OR TIED.
MM INDICATES DATA IS MISSING.
T  INDICATES TRACE AMOUNT.




$$


&&
------------------------------------------------------------------
******************** SUPPLEMENTAL DATA ***************************

...GULF WATER TEMPERATURE AT FORT MYERS BEACH 73 DEGREES
