000
CDUS42 KTBW 032127
CLIFMY


CLIMATE REPORT
NATIONAL WEATHER SERVICE TAMPA BAY FL
523 PM EDT FRI JUL 3 2015


...................................

...THE FORT MYERS CLIMATE SUMMARY FOR JULY 3 2015...
VALID TODAY AS OF 0500 PM LOCAL TIME.

CLIMATE NORMAL PERIOD 1981 TO 2010
CLIMATE RECORD PERIOD 1902 TO 2015


WEATHER ITEM   OBSERVED TIME   RECORD YEAR NORMAL DEPARTURE LAST
                VALUE   (LST)  VALUE       VALUE  FROM      YEAR
                                                  NORMAL
..................................................................
TEMPERATURE (F)
 TODAY
  MAXIMUM         95    205 PM  99    1998  92      3       91
  MINIMUM         73    558 AM  69    1973  74     -1       79
                                      1958
                                      1956
  AVERAGE         84                        83      1       85

PRECIPITATION (IN)
  TODAY            0.00          3.02 1973   0.30  -0.30     0.17
  MONTH TO DATE    0.51                      0.95  -0.44     0.17
  SINCE JUN 1      9.11                     11.04  -1.93     2.65
  SINCE JAN 1     17.96                     22.84  -4.88    13.99

DEGREE DAYS
 HEATING
  TODAY            0                         0      0        0
  MONTH TO DATE    0                         0      0        0
  SINCE JUN 1      0                         0      0        0
  SINCE JUL 1      0                         0      0        0

 COOLING
  TODAY           19                        18      1       20
  MONTH TO DATE   57                        54      3       61
  SINCE JUN 1    595                       579     16      591
  SINCE JAN 1   1949                      1645    304     1782
..................................................................


WIND (MPH)
  RESULTANT WIND SPEED   3   RESULTANT WIND DIRECTION   E (110)
  HIGHEST WIND SPEED    12   HIGHEST WIND DIRECTION    SW (240)
  HIGHEST GUST SPEED    14   HIGHEST GUST DIRECTION     S (200)
  AVERAGE WIND SPEED     3.2


SKY COVER
  POSSIBLE SUNSHINE  MM
  AVERAGE SKY COVER 0.1


WEATHER CONDITIONS
 THE FOLLOWING WEATHER WAS RECORDED TODAY.
  THUNDERSTORM


RELATIVE HUMIDITY (PERCENT)
 HIGHEST    94           700 AM
 LOWEST     46           200 PM

..........................................................


THE FORT MYERS CLIMATE NORMALS FOR TOMORROW
                         NORMAL    RECORD    YEAR
 MAXIMUM TEMPERATURE (F)   92       100      1942
 MINIMUM TEMPERATURE (F)   74        68      1956


SUNRISE AND SUNSET
JULY  3 2015..........SUNRISE   639 AM EDT   SUNSET   825 PM EDT
JULY  4 2015..........SUNRISE   639 AM EDT   SUNSET   825 PM EDT


-  INDICATES NEGATIVE NUMBERS.
R  INDICATES RECORD WAS SET OR TIED.
MM INDICATES DATA IS MISSING.
T  INDICATES TRACE AMOUNT.




$$


&&
------------------------------------------------------------------
******************** SUPPLEMENTAL DATA ***************************

...GULF WATER TEMPERATURE AT FORT MYERS BEACH 89
