000
CDUS42 KTBW 022114
CLIFMY


CLIMATE REPORT
NATIONAL WEATHER SERVICE TAMPA BAY FL
512 PM EDT MON MAY 2 2016


...................................

...THE FORT MYERS CLIMATE SUMMARY FOR MAY 2 2016...
VALID TODAY AS OF 0500 PM LOCAL TIME.

CLIMATE NORMAL PERIOD 1981 TO 2010
CLIMATE RECORD PERIOD 1902 TO 2016


WEATHER ITEM   OBSERVED TIME   RECORD YEAR NORMAL DEPARTURE LAST
                VALUE   (LST)  VALUE       VALUE  FROM      YEAR
                                                  NORMAL
..................................................................
TEMPERATURE (F)
 TODAY
  MAXIMUM         89    224 PM  94    1994  87      2       84
                                      1991
                                      1990
  MINIMUM         71    533 AM  55    1999  66      5       64
  AVERAGE         80                        76      4       74

PRECIPITATION (IN)
  TODAY            0.00          0.57 1937   0.06  -0.06     0.00
  MONTH TO DATE    0.00                      0.11  -0.11     0.00
  SINCE MAR 1      2.50                      5.17  -2.67     3.49
  SINCE JAN 1     17.61                      9.26   8.35     6.68

DEGREE DAYS
 HEATING
  TODAY            0                         0      0        0
  MONTH TO DATE    0                         0      0        0
  SINCE MAR 1      9                        27    -18        0
  SINCE JUL 1    204                       287    -83      231

 COOLING
  TODAY           15                        11      4        9
  MONTH TO DATE   30                        22      8       17
  SINCE MAR 1    578                       467    111      744
  SINCE JAN 1    689                       652     37      892
..................................................................


WIND (MPH)
  RESULTANT WIND SPEED   5   RESULTANT WIND DIRECTION  SE (150)
  HIGHEST WIND SPEED    16   HIGHEST WIND DIRECTION    SE (150)
  HIGHEST GUST SPEED    22   HIGHEST GUST DIRECTION    SE (130)
  AVERAGE WIND SPEED     7.3


SKY COVER
  POSSIBLE SUNSHINE  MM
  AVERAGE SKY COVER 0.2


WEATHER CONDITIONS
 THE FOLLOWING WEATHER WAS RECORDED TODAY.
  FOG


RELATIVE HUMIDITY (PERCENT)
 HIGHEST    93           200 AM
 LOWEST     55          1100 AM

..........................................................


THE FORT MYERS CLIMATE NORMALS FOR TOMORROW
                         NORMAL    RECORD    YEAR
 MAXIMUM TEMPERATURE (F)   88        95      1953
 MINIMUM TEMPERATURE (F)   66        57      1999
                                             1955
                                             1925


SUNRISE AND SUNSET
MAY  2 2016...........SUNRISE   648 AM EDT   SUNSET   801 PM EDT
MAY  3 2016...........SUNRISE   648 AM EDT   SUNSET   801 PM EDT


-  INDICATES NEGATIVE NUMBERS.
R  INDICATES RECORD WAS SET OR TIED.
MM INDICATES DATA IS MISSING.
T  INDICATES TRACE AMOUNT.




$$


&&
------------------------------------------------------------------
******************** SUPPLEMENTAL DATA ***************************

...GULF WATER TEMPERATURE AT FORT MYERS BEACH 83 DEGREES
