000
CDUS43 KDTX 162139
CLIFNT


CLIMATE REPORT
NATIONAL WEATHER SERVICE DETROIT/PONTIAC MI
437 PM EST SAT DEC 16 2017


...................................

...THE FLINT MI CLIMATE SUMMARY FOR DECEMBER 16 2017...
VALID TODAY AS OF 0400 PM LOCAL TIME.

CLIMATE NORMAL PERIOD 1981 TO 2010
CLIMATE RECORD PERIOD 1921 TO 2017


WEATHER ITEM   OBSERVED TIME   RECORD YEAR NORMAL DEPARTURE LAST
                VALUE   (LST)  VALUE       VALUE  FROM      YEAR
                                                  NORMAL
..................................................................
TEMPERATURE (F)
 TODAY
  MAXIMUM         25    359 PM  62    1984  34     -9       18
  MINIMUM         22    411 AM  -6    1951  21      1       10
  AVERAGE         24                        27     -3       14

PRECIPITATION (IN)
  TODAY            0.14          0.53 2007   0.06   0.08     0.17
  MONTH TO DATE    0.85                      1.05  -0.20     1.13
  SINCE DEC 1      0.85                      1.05  -0.20     1.13
  SINCE JAN 1     35.18                     30.50   4.68    30.28

SNOWFALL (IN)
  TODAY            2.1           6.6  2007   0.4    1.7      1.9
  MONTH TO DATE   14.5                       5.6    8.9     18.1
  SINCE DEC 1     14.5                       5.6    8.9     18.1
  SINCE JUL 1     14.9                       8.5    6.4     18.1
  SNOW DEPTH       9

DEGREE DAYS
 HEATING
  TODAY           41                        38      3       51
  MONTH TO DATE  591                       565     26      604
  SINCE DEC 1    591                       565     26      604
  SINCE JUL 1   1889                      2046   -157     1645

 COOLING
  TODAY            0                         0      0        0
  MONTH TO DATE    0                         0      0        0
  SINCE DEC 1      0                         0      0        0
  SINCE JAN 1    567                       531     36     1022
..................................................................


WIND (MPH)
  HIGHEST WIND SPEED    13   HIGHEST WIND DIRECTION     E (80)
  HIGHEST GUST SPEED    13   HIGHEST GUST DIRECTION     E (80)
  AVERAGE WIND SPEED     5.7


SKY COVER
  POSSIBLE SUNSHINE  MM
  AVERAGE SKY COVER 0.9


WEATHER CONDITIONS
 THE FOLLOWING WEATHER WAS RECORDED TODAY.
  LIGHT SNOW
  FOG


RELATIVE HUMIDITY (PERCENT)
 HIGHEST   100           300 AM
 LOWEST     74           300 PM
 AVERAGE    87

..........................................................


THE FLINT MI CLIMATE NORMALS FOR TOMORROW
                         NORMAL    RECORD    YEAR
 MAXIMUM TEMPERATURE (F)   33        53      1984
 MINIMUM TEMPERATURE (F)   20        -7      1951


SUNRISE AND SUNSET
DECEMBER 16 2017......SUNRISE   800 AM EST   SUNSET   501 PM EST
DECEMBER 17 2017......SUNRISE   801 AM EST   SUNSET   502 PM EST


-  INDICATES NEGATIVE NUMBERS.
R  INDICATES RECORD WAS SET OR TIED.
MM INDICATES DATA IS MISSING.
T  INDICATES TRACE AMOUNT.




$$
