000
CDUS43 KDTX 240542
CLIFNT


CLIMATE REPORT
NATIONAL WEATHER SERVICE DETROIT/PONTIAC MI
1242 AM EST MON NOV 24 2014


...................................

...THE FLINT MI CLIMATE SUMMARY FOR NOVEMBER 23 2014...

CLIMATE NORMAL PERIOD 1981 TO 2010
CLIMATE RECORD PERIOD 1921 TO 2014


WEATHER ITEM   OBSERVED TIME   RECORD YEAR NORMAL DEPARTURE LAST
                VALUE   (LST)  VALUE       VALUE  FROM      YEAR
                                                  NORMAL
..................................................................
TEMPERATURE (F)
 YESTERDAY
  MAXIMUM         53    415 PM  68    1931  43     10       28
  MINIMUM         47    106 AM  10    1956  29     18       17
                                      1950
  AVERAGE         50                        36     14       23

PRECIPITATION (IN)
  YESTERDAY        0.48          0.61 1983   0.09   0.39      T
  MONTH TO DATE    1.17                      2.10  -0.93     1.65
  SINCE SEP 1      6.27                      8.32  -2.05     5.17
  SINCE JAN 1     33.26                     28.88   4.38    30.76

SNOWFALL (IN)
  YESTERDAY        0.0           2.4  2005   0.1   -0.1      0.2
  MONTH TO DATE    7.9                       1.3    6.6      0.6
  SINCE SEP 1      8.6                       1.7    6.9      0.6
  SINCE JUL 1      8.6                       1.7    6.9      0.6
  SNOW DEPTH       0

DEGREE DAYS
 HEATING
  YESTERDAY       15                        29    -14       42
  MONTH TO DATE  675                       569    106      560
  SINCE SEP 1   1233                      1221     12     1104
  SINCE JUL 1   1257                      1265     -8     1126

 COOLING
  YESTERDAY        0                         0      0        0
  MONTH TO DATE    0                         0      0        0
  SINCE SEP 1     65                        54     11       88
  SINCE JAN 1    597                       531     66      758
..................................................................


WIND (MPH)
  HIGHEST WIND SPEED    20   HIGHEST WIND DIRECTION    SE (130)
  HIGHEST GUST SPEED    26   HIGHEST GUST DIRECTION    SE (130)
  AVERAGE WIND SPEED    10.8


SKY COVER
  POSSIBLE SUNSHINE  MM
  AVERAGE SKY COVER 1.0


WEATHER CONDITIONS
 THE FOLLOWING WEATHER WAS RECORDED YESTERDAY.
  RAIN
  LIGHT RAIN
  FOG
  HAZE


RELATIVE HUMIDITY (PERCENT)
 HIGHEST    89          1000 PM
 LOWEST     71           400 PM
 AVERAGE    80

..........................................................


THE FLINT MI CLIMATE NORMALS FOR TODAY
                         NORMAL    RECORD    YEAR
 MAXIMUM TEMPERATURE (F)   43        64      1931
 MINIMUM TEMPERATURE (F)   28         5      1950


SUNRISE AND SUNSET
NOVEMBER 24 2014......SUNRISE   738 AM EST   SUNSET   505 PM EST
NOVEMBER 25 2014......SUNRISE   739 AM EST   SUNSET   504 PM EST


-  INDICATES NEGATIVE NUMBERS.
R  INDICATES RECORD WAS SET OR TIED.
MM INDICATES DATA IS MISSING.
T  INDICATES TRACE AMOUNT.




$$
