000
CDUS43 KFSD 210700
CLIFSD


CLIMATE REPORT
NATIONAL WEATHER SERVICE SIOUX FALLS SD
159 AM CDT FRI JUL 21 2017


...................................

...THE SIOUX FALLS SD CLIMATE SUMMARY FOR JULY 20 2017...

CLIMATE NORMAL PERIOD 1981 TO 2010
CLIMATE RECORD PERIOD 1893 TO 2017


WEATHER ITEM   OBSERVED TIME   RECORD YEAR NORMAL DEPARTURE LAST
                VALUE   (LST)  VALUE       VALUE  FROM      YEAR
                                                  NORMAL
..................................................................
TEMPERATURE (F)
 YESTERDAY
  MAXIMUM         88    117 PM 102    1926  84      4       92
                                      1901
  MINIMUM         70    546 AM  44    1900  62      8       75
  AVERAGE         79                        73      6       84

PRECIPITATION (IN)
  YESTERDAY        T             2.22 1907   0.10  -0.10     0.03
  MONTH TO DATE    0.63                      2.01  -1.38     1.34
  SINCE JUN 1      3.92                      5.93  -2.01     3.06
  SINCE JAN 1     11.67                     15.26  -3.59    14.56

SNOWFALL (IN)
  YESTERDAY        0.0           0.0    MM   0.0    0.0      0.0
  MONTH TO DATE    0.0                       0.0    0.0      0.0
  SINCE JUN 1      0.0                       0.0    0.0      0.0
  SINCE JUL 1      0.0                       0.0    0.0      0.0
  SNOW DEPTH       0

DEGREE DAYS
 HEATING
  YESTERDAY        0                         0      0        0
  MONTH TO DATE    0                         0      0        5
  SINCE JUN 1     26                        51    -25       14
  SINCE JUL 1      0                         0      0        5

 COOLING
  YESTERDAY       14                         9      5       19
  MONTH TO DATE  227                       167     60      159
  SINCE JUN 1    426                       302    124      394
  SINCE JAN 1    452                       338    114      427
..................................................................


WIND (MPH)
  HIGHEST WIND SPEED    18   HIGHEST WIND DIRECTION     E (110)
  HIGHEST GUST SPEED    22   HIGHEST GUST DIRECTION     E (110)
  AVERAGE WIND SPEED     9.2


SKY COVER
  POSSIBLE SUNSHINE  MM
  AVERAGE SKY COVER 0.5


WEATHER CONDITIONS
 THE FOLLOWING WEATHER WAS RECORDED YESTERDAY.
  LIGHT RAIN


RELATIVE HUMIDITY (PERCENT)
 HIGHEST   100           100 AM
 LOWEST     55           500 PM
 AVERAGE    78

..........................................................


THE SIOUX FALLS SD CLIMATE NORMALS FOR TODAY
                         NORMAL    RECORD    YEAR
 MAXIMUM TEMPERATURE (F)   84       105      1934
 MINIMUM TEMPERATURE (F)   62        45      1947


SUNRISE AND SUNSET
JULY 21 2017..........SUNRISE   605 AM CDT   SUNSET   901 PM CDT
JULY 22 2017..........SUNRISE   606 AM CDT   SUNSET   900 PM CDT


-  INDICATES NEGATIVE NUMBERS.
R  INDICATES RECORD WAS SET OR TIED.
MM INDICATES DATA IS MISSING.
T  INDICATES TRACE AMOUNT.




$$
