000
CDUS43 KFSD 310647
CLIFSD


CLIMATE REPORT
NATIONAL WEATHER SERVICE SIOUX FALLS SD
147 AM CDT FRI OCT 31 2014


...................................

...THE SIOUX FALLS SD CLIMATE SUMMARY FOR OCTOBER 30 2014...

CLIMATE NORMAL PERIOD 1981 TO 2010
CLIMATE RECORD PERIOD 1893 TO 2014


WEATHER ITEM   OBSERVED TIME   RECORD YEAR NORMAL DEPARTURE LAST
                VALUE   (LST)  VALUE       VALUE  FROM      YEAR
                                                  NORMAL
..................................................................
TEMPERATURE (F)
 YESTERDAY
  MAXIMUM         55   1148 AM  88    1950  53      2       43
  MINIMUM         27   1159 PM   7    1925  31     -4       37
  AVERAGE         41                        42     -1       40

PRECIPITATION (IN)
  YESTERDAY        T             2.22 1979   0.05  -0.05      T
  MONTH TO DATE    0.67                      2.12  -1.45     3.01
  SINCE SEP 1      2.95                      4.89  -1.94     3.78
  SINCE JAN 1     27.38                     24.28   3.10    24.20

SNOWFALL (IN)
  YESTERDAY        0.0           2.3  1995   0.1   -0.1      0.0
  MONTH TO DATE    0.0                       1.2   -1.2      0.4
  SINCE SEP 1      0.0                       1.2   -1.2      0.4
  SINCE JUL 1      T                         1.2   -1.2      0.4
  SNOW DEPTH       0

DEGREE DAYS
 HEATING
  YESTERDAY       24                        23      1       25
  MONTH TO DATE  415                       512    -97      511
  SINCE SEP 1    545                       685   -140      577
  SINCE JUL 1    563                       716   -153      611

 COOLING
  YESTERDAY        0                         0      0        0
  MONTH TO DATE    0                         0      0        3
  SINCE SEP 1     59                        60     -1      133
  SINCE JAN 1    610                       685    -75      787
..................................................................


WIND (MPH)
  HIGHEST WIND SPEED    28   HIGHEST WIND DIRECTION     N (10)
  HIGHEST GUST SPEED    36   HIGHEST GUST DIRECTION     N (20)
  AVERAGE WIND SPEED    14.8


SKY COVER
  POSSIBLE SUNSHINE  MM
  AVERAGE SKY COVER 0.7


WEATHER CONDITIONS
 THE FOLLOWING WEATHER WAS RECORDED YESTERDAY.
  NO SIGNIFICANT WEATHER WAS OBSERVED.


RELATIVE HUMIDITY (PERCENT)
 HIGHEST    83           400 PM
 LOWEST     58          1200 AM
 AVERAGE    71

..........................................................


THE SIOUX FALLS SD CLIMATE NORMALS FOR TODAY
                         NORMAL    RECORD    YEAR
 MAXIMUM TEMPERATURE (F)   52        77      1950
 MINIMUM TEMPERATURE (F)   30        13      1993
                                             1949


SUNRISE AND SUNSET
OCTOBER 31 2014.......SUNRISE   801 AM CDT   SUNSET   619 PM CDT
NOVEMBER  1 2014......SUNRISE   803 AM CDT   SUNSET   618 PM CDT


-  INDICATES NEGATIVE NUMBERS.
R  INDICATES RECORD WAS SET OR TIED.
MM INDICATES DATA IS MISSING.
T  INDICATES TRACE AMOUNT.




$$
