000
CDUS43 KFSD 290648
CLIFSD


CLIMATE REPORT
NATIONAL WEATHER SERVICE SIOUX FALLS SD
147 AM CDT FRI MAY 29 2015


...................................

...THE SIOUX FALLS SD CLIMATE SUMMARY FOR MAY 28 2015...

CLIMATE NORMAL PERIOD 1981 TO 2010
CLIMATE RECORD PERIOD 1893 TO 2015


WEATHER ITEM   OBSERVED TIME   RECORD YEAR NORMAL DEPARTURE LAST
                VALUE   (LST)  VALUE       VALUE  FROM      YEAR
                                                  NORMAL
..................................................................
TEMPERATURE (F)
 YESTERDAY
  MAXIMUM         82    302 PM  98    1934  73      9       85
  MINIMUM         64    437 AM  30    1965  50     14       58
  AVERAGE         73                        62     11       72

PRECIPITATION (IN)
  YESTERDAY        T             2.83 1970   0.12  -0.12     0.00
  MONTH TO DATE    3.24                      3.04   0.20     1.22
  SINCE MAR 1      4.57                      7.81  -3.24     3.10
  SINCE JAN 1      5.79                      8.97  -3.18     4.09

SNOWFALL (IN)
  YESTERDAY        0.0           T    1947   0.0    0.0      0.0
  MONTH TO DATE    T                         0.4   -0.4      0.0
  SINCE MAR 1      1.7                      13.4  -11.7     11.1
  SINCE JUL 1     31.9                      44.9  -13.0     45.3
  SNOW DEPTH       0

DEGREE DAYS
 HEATING
  YESTERDAY        0                         5     -5        0
  MONTH TO DATE  207                       235    -28      270
  SINCE MAR 1   1458                      1792   -334     1941
  SINCE JUL 1   7207                      7642   -435     8288

 COOLING
  YESTERDAY        8                         2      6        7
  MONTH TO DATE   18                        26     -8       25
  SINCE MAR 1     22                        31     -9       25
  SINCE JAN 1     22                        31     -9       25
..................................................................


WIND (MPH)
  HIGHEST WIND SPEED    28   HIGHEST WIND DIRECTION     S (170)
  HIGHEST GUST SPEED    34   HIGHEST GUST DIRECTION    SE (150)
  AVERAGE WIND SPEED    14.2


SKY COVER
  POSSIBLE SUNSHINE  MM
  AVERAGE SKY COVER 0.7


WEATHER CONDITIONS
 THE FOLLOWING WEATHER WAS RECORDED YESTERDAY.
  LIGHT RAIN


RELATIVE HUMIDITY (PERCENT)
 HIGHEST    87          1100 PM
 LOWEST     45           100 PM
 AVERAGE    66

..........................................................


THE SIOUX FALLS SD CLIMATE NORMALS FOR TODAY
                         NORMAL    RECORD    YEAR
 MAXIMUM TEMPERATURE (F)   74        99      1934
 MINIMUM TEMPERATURE (F)   51        28      1947


SUNRISE AND SUNSET
MAY 29 2015...........SUNRISE   550 AM CDT   SUNSET   859 PM CDT
MAY 30 2015...........SUNRISE   550 AM CDT   SUNSET   900 PM CDT


-  INDICATES NEGATIVE NUMBERS.
R  INDICATES RECORD WAS SET OR TIED.
MM INDICATES DATA IS MISSING.
T  INDICATES TRACE AMOUNT.




$$
