000
CDUS43 KFSD 012228
CLIFSD


CLIMATE REPORT
NATIONAL WEATHER SERVICE SIOUX FALLS SD
528 PM CDT FRI JUL 1 2016


...................................

...THE SIOUX FALLS SD CLIMATE SUMMARY FOR JULY 1 2016...
VALID TODAY AS OF 0500 PM LOCAL TIME.

CLIMATE NORMAL PERIOD 1981 TO 2010
CLIMATE RECORD PERIOD 1893 TO 2016


WEATHER ITEM   OBSERVED TIME   RECORD YEAR NORMAL DEPARTURE LAST
                VALUE   (LST)  VALUE       VALUE  FROM      YEAR
                                                  NORMAL
..................................................................
TEMPERATURE (F)
 TODAY
  MAXIMUM         75    248 PM  97    1948  83     -8       75
  MINIMUM         47    507 AM  44    1904  61    -14       61
  AVERAGE         61                        72    -11       68

PRECIPITATION (IN)
  TODAY            0.00          3.35 1992   0.11  -0.11     0.19
  MONTH TO DATE    0.00                      0.11  -0.11     0.19
  SINCE JUN 1      1.72                      4.03  -2.31     4.48
  SINCE JAN 1     13.22                     13.36  -0.14    11.03

SNOWFALL (IN)
  TODAY            0.0           0.0    MM   0.0    0.0      0.0
  MONTH TO DATE    0.0                       0.0    0.0      0.0
  SINCE JUN 1      0.0                       0.0    0.0      0.0
  SINCE JUL 1      0.0                       0.0    0.0      0.0
  SNOW DEPTH       0

DEGREE DAYS
 HEATING
  TODAY            4                         0      4        0
  MONTH TO DATE    4                         0      4        0
  SINCE JUN 1     13                        51    -38        9
  SINCE JUL 1      4                         0      4        0

 COOLING
  TODAY            0                         7     -7        3
  MONTH TO DATE    0                         7     -7        3
  SINCE JUN 1    235                       142     93      142
  SINCE JAN 1    268                       178     90      164
..................................................................


WIND (MPH)
  HIGHEST WIND SPEED     9   HIGHEST WIND DIRECTION     S (170)
  HIGHEST GUST SPEED    14   HIGHEST GUST DIRECTION    NE (30)
  AVERAGE WIND SPEED     4.7


SKY COVER
  POSSIBLE SUNSHINE  MM
  AVERAGE SKY COVER 0.5


WEATHER CONDITIONS
 THE FOLLOWING WEATHER WAS RECORDED TODAY.
  NO SIGNIFICANT WEATHER WAS OBSERVED.


RELATIVE HUMIDITY (PERCENT)
 HIGHEST    93           500 AM
 LOWEST     38           300 PM
 AVERAGE    66

..........................................................


THE SIOUX FALLS SD CLIMATE NORMALS FOR TOMORROW
                         NORMAL    RECORD    YEAR
 MAXIMUM TEMPERATURE (F)   84       101      1911
 MINIMUM TEMPERATURE (F)   61        44      1904


SUNRISE AND SUNSET
JULY  1 2016..........SUNRISE   550 AM CDT   SUNSET   912 PM CDT
JULY  2 2016..........SUNRISE   550 AM CDT   SUNSET   912 PM CDT


-  INDICATES NEGATIVE NUMBERS.
R  INDICATES RECORD WAS SET OR TIED.
MM INDICATES DATA IS MISSING.
T  INDICATES TRACE AMOUNT.




$$
