000
CDUS44 KTSA 300807
CLIFSM

CLIMATE REPORT
NATIONAL WEATHER SERVICE TULSA OK
147 AM CDT TUE JUN 30 2015


...................................

...THE FORT SMITH ARKANSAS CLIMATE SUMMARY FOR JUNE 29 2015...

CLIMATE NORMAL PERIOD 1981 TO 2010
CLIMATE RECORD PERIOD 1882 TO 2015


WEATHER ITEM   OBSERVED TIME   RECORD YEAR NORMAL DEPARTURE LAST
                VALUE   (LST)  VALUE       VALUE  FROM      YEAR
                                                  NORMAL
..................................................................
TEMPERATURE (F)
 YESTERDAY
  MAXIMUM         92    354 PM 105    2012  91      1       93
  MINIMUM         71    522 AM  56    1985  70      1       76
  AVERAGE         82                        81      1       85

PRECIPITATION (IN)
  YESTERDAY        0.00          2.15 1997   0.12  -0.12      T
  MONTH TO DATE    3.13                      4.15  -1.02     4.45
  SINCE JUN 1      3.13                      4.15  -1.02     4.45
  SINCE JAN 1     36.38                     23.34  13.04    19.19

DEGREE DAYS
 COOLING
  YESTERDAY       17                        16      1       20
  MONTH TO DATE  466                       370     96      419
  SINCE JUN 1    466                       370     96      419
  SINCE JAN 1    706                       614     92      697
..................................................................


WIND (MPH)
  HIGHEST WIND SPEED    18   HIGHEST WIND DIRECTION     W (290)
  HIGHEST GUST SPEED    24   HIGHEST GUST DIRECTION     W (260)
  AVERAGE WIND SPEED     6.7


SKY COVER
  POSSIBLE SUNSHINE  MM
  AVERAGE SKY COVER 0.2


WEATHER CONDITIONS
 THE FOLLOWING WEATHER WAS RECORDED YESTERDAY.
  NO SIGNIFICANT WEATHER WAS OBSERVED.


RELATIVE HUMIDITY (PERCENT)
 HIGHEST    79           400 AM
 LOWEST     41          1200 PM
 AVERAGE    60

..........................................................


THE FORT SMITH ARKANSAS CLIMATE NORMALS FOR TODAY
                         NORMAL    RECORD    YEAR
 MAXIMUM TEMPERATURE (F)   91       104      2012
 MINIMUM TEMPERATURE (F)   71        56      1950


SUNRISE AND SUNSET
JUNE 30 2015..........SUNRISE   606 AM CDT   SUNSET   836 PM CDT
JULY  1 2015..........SUNRISE   606 AM CDT   SUNSET   836 PM CDT


-  INDICATES NEGATIVE NUMBERS.
R  INDICATES RECORD WAS SET OR TIED.
MM INDICATES DATA IS MISSING.
T  INDICATES TRACE AMOUNT.




$$

&&
...........................................................

THE ARKANSAS RIVER AT VAN BUREN

                   OBSERVED      24 HOUR     24 HOUR
                    VALUE        CHANGE      FORECAST

 STAGE (FEET)
  THIS MORNING       20.3         -1.5

MEAN FLOW (CFS)
  TODAY                                        101000
...........................................................
ALL DATA MEASURED AT THE FORT SMITH REGIONAL AIRPORT
