000
CDUS44 KTSA 192118
CLIFSM

CLIMATE REPORT
NATIONAL WEATHER SERVICE TULSA OK
418 PM CDT SAT APR 19 2014


...................................

...THE FORT SMITH ARKANSAS CLIMATE SUMMARY FOR APRIL 19 2014...
VALID TODAY AS OF 0400 PM LOCAL TIME.

CLIMATE NORMAL PERIOD 1981 TO 2010
CLIMATE RECORD PERIOD 1882 TO 2014


WEATHER ITEM   OBSERVED TIME   RECORD YEAR NORMAL DEPARTURE LAST
                VALUE   (LST)  VALUE       VALUE  FROM      YEAR
                                                  NORMAL
..................................................................
TEMPERATURE (F)
 TODAY
  MAXIMUM         80    248 PM  95    1987  75      5       59
  MINIMUM         50    554 AM  33    1953  51     -1       38
  AVERAGE         65                        63      2       49

PRECIPITATION (IN)
  TODAY            0.00          2.00 1986   0.14  -0.14     0.00
  MONTH TO DATE    2.01                      2.57  -0.56     2.62
  SINCE MAR 1      5.86                      6.42  -0.56     6.04
  SINCE JAN 1      7.63                     11.99  -4.36    14.47

SNOWFALL (IN)
  TODAY            0.0                                       0.0
  MONTH TO DATE    0.0                                       0.0
  SINCE MAR 1      0.5                                       0.0
  SINCE JUL 1     10.7                                       8.0

DEGREE DAYS
 HEATING
  TODAY            0                         4     -4       16
  MONTH TO DATE  124                       120      4      122
  SINCE MAR 1    583                       506     77      591
  SINCE JUL 1   3528                      3179    349     2914

 COOLING
  TODAY            0                         2     -2        0
  MONTH TO DATE   28                        28      0       56
  SINCE MAR 1     28                        39    -11       58
  SINCE JAN 1     28                        40    -12       59
..................................................................


WIND (MPH)
  HIGHEST WIND SPEED    12   HIGHEST WIND DIRECTION    SW (210)
  HIGHEST GUST SPEED    17   HIGHEST GUST DIRECTION     S (160)
  AVERAGE WIND SPEED     4.6


SKY COVER
  POSSIBLE SUNSHINE  MM
  AVERAGE SKY COVER 0.0


WEATHER CONDITIONS
 THE FOLLOWING WEATHER WAS RECORDED TODAY.
  NO SIGNIFICANT WEATHER WAS OBSERVED.


RELATIVE HUMIDITY (PERCENT)
 HIGHEST    86           600 AM
 LOWEST     31           100 PM
 AVERAGE    59

..........................................................


THE FORT SMITH ARKANSAS CLIMATE NORMALS FOR TOMORROW
                         NORMAL    RECORD    YEAR
 MAXIMUM TEMPERATURE (F)   75        94      1987
 MINIMUM TEMPERATURE (F)   51        35      1978
                                             1953


SUNRISE AND SUNSET
APRIL 19 2014.........SUNRISE   640 AM CDT   SUNSET   754 PM CDT
APRIL 20 2014.........SUNRISE   639 AM CDT   SUNSET   754 PM CDT


-  INDICATES NEGATIVE NUMBERS.
R  INDICATES RECORD WAS SET OR TIED.
MM INDICATES DATA IS MISSING.
T  INDICATES TRACE AMOUNT.




$$

&&
...........................................................

THE ARKANSAS RIVER AT VAN BUREN

                   OBSERVED      24 HOUR     24 HOUR
                    VALUE        CHANGE      FORECAST

 STAGE (FEET)
  THIS AFTERNOON     19.2         +0.2

MEAN FLOW (CFS)
  TODAY                                        12600
...........................................................
ALL DATA MEASURED AT THE FORT SMITH REGIONAL AIRPORT
