000
CDUS44 KTSA 190903
CLIFSM

CLIMATE REPORT
NATIONAL WEATHER SERVICE TULSA OK
1246 AM CST MON FEB 19 2018


...................................

...THE FORT SMITH ARKANSAS CLIMATE SUMMARY FOR FEBRUARY 18 2018...

CLIMATE NORMAL PERIOD 1981 TO 2010
CLIMATE RECORD PERIOD 1882 TO 2018


WEATHER ITEM   OBSERVED TIME   RECORD YEAR NORMAL DEPARTURE LAST
                VALUE   (LST)  VALUE       VALUE  FROM      YEAR
                                                  NORMAL
..................................................................
TEMPERATURE (F)
 YESTERDAY
  MAXIMUM         55    332 PM  79    1986  56     -1       70
  MINIMUM         36    739 AM   1    1910  34      2       44
  AVERAGE         46                        45      1       57

PRECIPITATION (IN)
  YESTERDAY        0.00          1.81 1951   0.11  -0.11     0.24
  MONTH TO DATE    0.75                      1.73  -0.98     2.18
  SINCE DEC 1      5.26                      7.83  -2.57     5.29
  SINCE JAN 1      2.98                      4.54  -1.56     4.52

SNOWFALL (IN)
  YESTERDAY        0.0                                       0.0
  MONTH TO DATE    T                                         0.0
  SINCE DEC 1      T                                         2.0
  SINCE JUL 1      T                                         2.0

DEGREE DAYS
 HEATING
  YESTERDAY       19                        20     -1        8
  MONTH TO DATE  396                       400     -4      239
  SINCE DEC 1   1900                      1926    -26     1553
  SINCE JUL 1   2336                      2491   -155     1839
..................................................................


WIND (MPH)
  HIGHEST WIND SPEED    16   HIGHEST WIND DIRECTION     E (110)
  HIGHEST GUST SPEED    21   HIGHEST GUST DIRECTION     E (100)
  AVERAGE WIND SPEED     9.4


SKY COVER
  POSSIBLE SUNSHINE  MM
  AVERAGE SKY COVER 0.8


WEATHER CONDITIONS
 THE FOLLOWING WEATHER WAS RECORDED YESTERDAY.
  FOG
  FOG W/VISIBILITY <= 1/4 MILE


RELATIVE HUMIDITY (PERCENT)
 HIGHEST   100          1200 AM
 LOWEST     63          1200 PM
 AVERAGE    82

..........................................................


THE FORT SMITH ARKANSAS CLIMATE NORMALS FOR TODAY
                         NORMAL    RECORD    YEAR
 MAXIMUM TEMPERATURE (F)   57        80      1986
 MINIMUM TEMPERATURE (F)   34         4      1978


SUNRISE AND SUNSET
FEBRUARY 19 2018......SUNRISE   659 AM CST   SUNSET   604 PM CST
FEBRUARY 20 2018......SUNRISE   658 AM CST   SUNSET   605 PM CST


-  INDICATES NEGATIVE NUMBERS.
R  INDICATES RECORD WAS SET OR TIED.
MM INDICATES DATA IS MISSING.
T  INDICATES TRACE AMOUNT.




$$

&&
...........................................................
...........................................................
ALL DATA MEASURED AT THE FORT SMITH REGIONAL AIRPORT
