000
CDUS44 KTSA 011032
CLIFSM

CLIMATE REPORT
NATIONAL WEATHER SERVICE TULSA OK
1247 AM CST SUN MAR 1 2015


...................................

...THE FORT SMITH ARKANSAS CLIMATE SUMMARY FOR FEBRUARY 28 2015...

CLIMATE NORMAL PERIOD 1981 TO 2010
CLIMATE RECORD PERIOD 1882 TO 2015


WEATHER ITEM   OBSERVED TIME   RECORD YEAR NORMAL DEPARTURE LAST
                VALUE   (LST)  VALUE       VALUE  FROM      YEAR
                                                  NORMAL
..................................................................
TEMPERATURE (F)
 YESTERDAY
  MAXIMUM         32   1159 PM  80    2006  60    -28       46
                                      1932
  MINIMUM         23    808 AM   7    1890  37    -14       32
  AVERAGE         28                        48    -20       39

PRECIPITATION (IN)
  YESTERDAY        0.36          1.35 1981   0.10   0.26     0.04
  MONTH TO DATE    2.40                      2.76  -0.36     0.98
  SINCE DEC 1      6.93                      8.86  -1.93     5.87
  SINCE JAN 1      4.62                      5.57  -0.95     1.77

SNOWFALL (IN)
  YESTERDAY        0.4                                       0.0
  MONTH TO DATE    4.7                                       5.2
  SINCE DEC 1      4.7                                      10.2
  SINCE JUL 1      4.7                                      10.2

DEGREE DAYS
 HEATING
  YESTERDAY       37                        17     20       26
  MONTH TO DATE  761                       582    179      701
  SINCE DEC 1   2195                      2108     87     2355
  SINCE JUL 1   2814                      2673    141     2945
..................................................................


WIND (MPH)
  HIGHEST WIND SPEED    17   HIGHEST WIND DIRECTION     E (80)
  HIGHEST GUST SPEED    19   HIGHEST GUST DIRECTION     E (80)
  AVERAGE WIND SPEED     9.3


SKY COVER
  POSSIBLE SUNSHINE  MM
  AVERAGE SKY COVER 1.0


WEATHER CONDITIONS
 THE FOLLOWING WEATHER WAS RECORDED YESTERDAY.
  FREEZING RAIN
  LT FREEZING RAIN
  LIGHT SNOW
  FOG
  HAZE


RELATIVE HUMIDITY (PERCENT)
 HIGHEST    92           500 PM
 LOWEST     78           200 PM
 AVERAGE    85

..........................................................


THE FORT SMITH ARKANSAS CLIMATE NORMALS FOR TODAY
                         NORMAL    RECORD    YEAR
 MAXIMUM TEMPERATURE (F)   60        86      2006
 MINIMUM TEMPERATURE (F)   37        15      1890


SUNRISE AND SUNSET
MARCH  1 2015.........SUNRISE   647 AM CST   SUNSET   613 PM CST
MARCH  2 2015.........SUNRISE   646 AM CST   SUNSET   614 PM CST


-  INDICATES NEGATIVE NUMBERS.
R  INDICATES RECORD WAS SET OR TIED.
MM INDICATES DATA IS MISSING.
T  INDICATES TRACE AMOUNT.




$$

&&
...........................................................

THE ARKANSAS RIVER AT VAN BUREN

                   OBSERVED      24 HOUR     24 HOUR
                    VALUE        CHANGE      FORECAST

 STAGE (FEET)
  THIS MORNING       19.3         +0.1

MEAN FLOW (CFS)
  TODAY                                        6300
...........................................................
ALL DATA MEASURED AT THE FORT SMITH REGIONAL AIRPORT
