000
CDUS44 KTSA 010809
CLIFSM

CLIMATE REPORT
NATIONAL WEATHER SERVICE TULSA OK
302 AM CDT SAT NOV 1 2014


...................................

...THE FORT SMITH ARKANSAS CLIMATE SUMMARY FOR OCTOBER 31 2014...

CLIMATE NORMAL PERIOD 1981 TO 2010
CLIMATE RECORD PERIOD 1882 TO 2014


WEATHER ITEM   OBSERVED TIME   RECORD YEAR NORMAL DEPARTURE LAST
                VALUE   (LST)  VALUE       VALUE  FROM      YEAR
                                                  NORMAL
..................................................................
TEMPERATURE (F)
 YESTERDAY
  MAXIMUM         62    210 PM  87    2003  70     -8       80
                                      1950
  MINIMUM         38   1135 PM  24    1993  46     -8       50
  AVERAGE         50                        58     -8       65

PRECIPITATION (IN)
  YESTERDAY        0.00          2.65 1900   0.14  -0.14     0.14
  MONTH TO DATE    7.90                      4.32   3.58     4.18
  SINCE SEP 1     14.80                      8.37   6.43     5.68
  SINCE JAN 1     38.25                     37.73   0.52    40.55

SNOWFALL (IN)
  YESTERDAY        0.0                                       0.0
  MONTH TO DATE    0.0                                       0.0
  SINCE SEP 1      0.0                                       0.0
  SINCE JUL 1      0.0                                       0.0

DEGREE DAYS
 HEATING
  YESTERDAY       15                         8      7        0
  MONTH TO DATE   71                       137    -66      135
  SINCE SEP 1     75                       154    -79      135
  SINCE JUL 1     75                       154    -79      135

 COOLING
  YESTERDAY        0                         1     -1        0
  MONTH TO DATE   94                        68     26       88
  SINCE SEP 1    390                       351     39      507
  SINCE JAN 1   2053                      2046      7     2310
..................................................................


WIND (MPH)
  HIGHEST WIND SPEED    18   HIGHEST WIND DIRECTION    NW (330)
  HIGHEST GUST SPEED    24   HIGHEST GUST DIRECTION     N (340)
  AVERAGE WIND SPEED     9.6


SKY COVER
  POSSIBLE SUNSHINE  MM
  AVERAGE SKY COVER 0.1


WEATHER CONDITIONS
 THE FOLLOWING WEATHER WAS RECORDED YESTERDAY.
  NO SIGNIFICANT WEATHER WAS OBSERVED.


RELATIVE HUMIDITY (PERCENT)
 HIGHEST    77           500 AM
 LOWEST     32           300 PM
 AVERAGE    55

..........................................................


THE FORT SMITH ARKANSAS CLIMATE NORMALS FOR TODAY
                         NORMAL    RECORD    YEAR
 MAXIMUM TEMPERATURE (F)   70        86      2003
                                             1882
 MINIMUM TEMPERATURE (F)   46        26      1993


SUNRISE AND SUNSET
NOVEMBER  1 2014......SUNRISE   739 AM CDT   SUNSET   623 PM CDT
NOVEMBER  2 2014......SUNRISE   640 AM CST   SUNSET   522 PM CST


-  INDICATES NEGATIVE NUMBERS.
R  INDICATES RECORD WAS SET OR TIED.
MM INDICATES DATA IS MISSING.
T  INDICATES TRACE AMOUNT.




$$

&&
...........................................................

THE ARKANSAS RIVER AT VAN BUREN

                   OBSERVED      24 HOUR     24 HOUR
                    VALUE        CHANGE      FORECAST

 STAGE (FEET)
  THIS MORNING       19.7         +0.2

MEAN FLOW (CFS)
  TODAY                                        7900
...........................................................
ALL DATA MEASURED AT THE FORT SMITH REGIONAL AIRPORT
