000
CDUS44 KTSA 222139
CLIFSM

CLIMATE REPORT
NATIONAL WEATHER SERVICE TULSA OK
418 PM CDT FRI MAY 22 2015


...................................

...THE FORT SMITH ARKANSAS CLIMATE SUMMARY FOR MAY 22 2015...
VALID TODAY AS OF 0400 PM LOCAL TIME.

CLIMATE NORMAL PERIOD 1981 TO 2010
CLIMATE RECORD PERIOD 1882 TO 2015


WEATHER ITEM   OBSERVED TIME   RECORD YEAR NORMAL DEPARTURE LAST
                VALUE   (LST)  VALUE       VALUE  FROM      YEAR
                                                  NORMAL
..................................................................
TEMPERATURE (F)
 TODAY
  MAXIMUM         65   1234 PM  94    1953  82    -17       88
  MINIMUM         53    603 AM  42    1892  61     -8       64
  AVERAGE         59                        71    -12       76

PRECIPITATION (IN)
  TODAY            0.04          3.58 1957   0.18  -0.14     0.00
  MONTH TO DATE   13.89                      3.96   9.93     4.62
  SINCE MAR 1     22.68                     12.11  10.57    11.41
  SINCE JAN 1     27.29                     17.68   9.61    13.18

DEGREE DAYS
 COOLING
  TODAY            0                         7     -7       11
  MONTH TO DATE  112                       105      7      130
  SINCE MAR 1    180                       170     10      181
  SINCE JAN 1    180                       171      9      181
..................................................................


WIND (MPH)
  HIGHEST WIND SPEED    15   HIGHEST WIND DIRECTION     E (70)
  HIGHEST GUST SPEED    21   HIGHEST GUST DIRECTION     E (80)
  AVERAGE WIND SPEED     7.7


SKY COVER
  POSSIBLE SUNSHINE  MM
  AVERAGE SKY COVER 0.4


WEATHER CONDITIONS
 THE FOLLOWING WEATHER WAS RECORDED TODAY.
  LIGHT RAIN


RELATIVE HUMIDITY (PERCENT)
 HIGHEST    89           600 AM
 LOWEST     52          1100 AM
 AVERAGE    71

..........................................................


THE FORT SMITH ARKANSAS CLIMATE NORMALS FOR TOMORROW
                         NORMAL    RECORD    YEAR
 MAXIMUM TEMPERATURE (F)   82        95      2000
 MINIMUM TEMPERATURE (F)   61        43      1963


SUNRISE AND SUNSET
MAY 22 2015...........SUNRISE   609 AM CDT   SUNSET   820 PM CDT
MAY 23 2015...........SUNRISE   608 AM CDT   SUNSET   821 PM CDT


-  INDICATES NEGATIVE NUMBERS.
R  INDICATES RECORD WAS SET OR TIED.
MM INDICATES DATA IS MISSING.
T  INDICATES TRACE AMOUNT.




$$

&&
...........................................................

THE ARKANSAS RIVER AT VAN BUREN

                   OBSERVED      24 HOUR     24 HOUR
                    VALUE        CHANGE      FORECAST

 STAGE (FEET)
  THIS AFTERNOON     21.4         -2.6

MEAN FLOW (CFS)
  TODAY                                        145600
...........................................................
ALL DATA MEASURED AT THE FORT SMITH REGIONAL AIRPORT
