000
CDUS42 KFFC 300818
CLIFTY


CLIMATE REPORT
NATIONAL WEATHER SERVICE PEACHTREE CITY GA
417 AM EDT SAT APR 30 2016


...................................

...THE FULTON COUNTY AIRPORT CLIMATE SUMMARY FOR APRIL 29 2016...

CLIMATE NORMAL PERIOD 1981 TO 2010
CLIMATE RECORD PERIOD 9999 TO 9999


WEATHER ITEM   OBSERVED TIME   RECORD YEAR NORMAL DEPARTURE LAST
                VALUE   (LST)  VALUE       VALUE  FROM      YEAR
                                                  NORMAL
..................................................................
TEMPERATURE (F)
 YESTERDAY
  MAXIMUM         86    443 PM  MM      MM  76     10       62
  MINIMUM         58    635 AM  MM      MM  52      6       53
  AVERAGE         72                        64      8       58

PRECIPITATION (IN)
  YESTERDAY        0.00         MM      MM   0.13  -0.13     0.47
  MONTH TO DATE  102.65                      3.62  99.03     7.32
  SINCE MAR 1    104.47                      8.43  96.04     9.75
  SINCE JAN 1    114.58                     17.60  96.98    16.54

SNOWFALL (IN)
  YESTERDAY       MM            MM      MM  MM     MM       MM
  MONTH TO DATE    0.0                      MM     MM        0.0
  SINCE MAR 1      0.0                      MM     MM        0.0
  SINCE JUL 1      0.1                      MM     MM         T
  SNOW DEPTH      MM

DEGREE DAYS
 HEATING
  YESTERDAY        0                         3     -3        7
  MONTH TO DATE  123                       152    -29       70
  SINCE MAR 1    345                       511   -166      345
  SINCE JUL 1   2254                      2851   -597     2933

 COOLING
  YESTERDAY        7                         2      5        0
  MONTH TO DATE   37                        33      4       64
  SINCE MAR 1     58                        39     19       66
  SINCE JAN 1     58                        39     19       66
..................................................................


WIND (MPH)
  RESULTANT WIND SPEED   0   RESULTANT WIND DIRECTION  SE (140)
  HIGHEST WIND SPEED    10   HIGHEST WIND DIRECTION     W (280)
  HIGHEST GUST SPEED    12   HIGHEST GUST DIRECTION     S (190)
  AVERAGE WIND SPEED     1.4


SKY COVER
  AVERAGE SKY COVER 0.0


WEATHER CONDITIONS
 THE FOLLOWING WEATHER WAS RECORDED YESTERDAY.
  NO SIGNIFICANT WEATHER WAS OBSERVED.


RELATIVE HUMIDITY (PERCENT)
 HIGHEST    93           600 AM
 LOWEST     25           400 PM
 AVERAGE    59

..........................................................


THE FULTON COUNTY AIRPORT CLIMATE NORMALS FOR TODAY
                         NORMAL    RECORD    YEAR
 MAXIMUM TEMPERATURE (F)   77        MM        MM
 MINIMUM TEMPERATURE (F)   53        MM        MM


SUNRISE AND SUNSET
APRIL 30 2016.........SUNRISE   650 AM EDT   SUNSET   821 PM EDT
MAY  1 2016...........SUNRISE   649 AM EDT   SUNSET   822 PM EDT


-  INDICATES NEGATIVE NUMBERS.
R  INDICATES RECORD WAS SET OR TIED.
MM INDICATES DATA IS MISSING.
T  INDICATES TRACE AMOUNT.




$$
