000
CDUS46 KSGX 240023
CLIFUL


CLIMATE REPORT
NATIONAL WEATHER SERVICE SAN DIEGO, CA
523 PM PDT THU OCT 23 2014


...................................

...THE FULLERTON AIRPORT CA CLIMATE SUMMARY FOR OCTOBER 23 2014...
VALID TODAY AS OF 0500 PM LOCAL TIME.

CLIMATE NORMAL PERIOD 1981 TO 2010
CLIMATE RECORD PERIOD 1998 TO 2014


WEATHER ITEM   OBSERVED TIME   RECORD YEAR NORMAL DEPARTURE LAST
                VALUE   (LST)  VALUE       VALUE  FROM      YEAR
                                                  NORMAL
..................................................................
TEMPERATURE (F)
 TODAY
  MAXIMUM         88    111 PM  99    2007  78     10       69
  MINIMUM         59    624 AM  51    2004  56      3       58
  AVERAGE         74                        67      7       64

PRECIPITATION (IN)
  TODAY            0.00          0.02 2010   0.03  -0.03     0.00
  MONTH TO DATE    0.00                      0.49  -0.49     0.11
  SINCE JUL 1      0.12                      0.82  -0.70     0.11
  SINCE JAN 1      3.58                     10.47  -6.89     2.64

SNOWFALL (IN)
  TODAY            0.0
  MONTH TO DATE    0.0
  SINCE JAN 1      0.0
  SINCE JUL 1      0.0
  SNOW DEPTH       0

DEGREE DAYS
 HEATING
  TODAY            0                         1     -1        1
  MONTH TO DATE    0                         8     -8       10
  SINCE SEP 1      0                         9     -9       10
  SINCE JUL 1      0                         9     -9       10

 COOLING
  TODAY            9                         3      6        0
  MONTH TO DATE  220                        95    125      103
  SINCE SEP 1    643                       350    293      464
  SINCE JAN 1   2005                      1213    792     1854
..................................................................


WIND (MPH)
  RESULTANT WIND SPEED   2   RESULTANT WIND DIRECTION   S (190)
  HIGHEST WIND SPEED     8   HIGHEST WIND DIRECTION     S (200)
  HIGHEST GUST SPEED    11   HIGHEST GUST DIRECTION    SW (230)
  AVERAGE WIND SPEED     2.1


SKY COVER
  POSSIBLE SUNSHINE  MM
  AVERAGE SKY COVER 0.0


WEATHER CONDITIONS
 THE FOLLOWING WEATHER WAS RECORDED TODAY.
  FOG
  HAZE


RELATIVE HUMIDITY (PERCENT)
 HIGHEST    84           100 AM
 LOWEST     26           200 PM
 AVERAGE    55

..........................................................


THE FULLERTON AIRPORT CA CLIMATE NORMALS FOR TOMORROW
                         NORMAL    RECORD    YEAR
 MAXIMUM TEMPERATURE (F)   77        97      2007
 MINIMUM TEMPERATURE (F)   56        54      2008


SUNRISE AND SUNSET
OCTOBER 23 2014.......SUNRISE   703 AM PDT   SUNSET   608 PM PDT
OCTOBER 24 2014.......SUNRISE   704 AM PDT   SUNSET   607 PM PDT


-  INDICATES NEGATIVE NUMBERS.
R  INDICATES RECORD WAS SET OR TIED.
MM INDICATES DATA IS MISSING.
T  INDICATES TRACE AMOUNT.




$$
