000
CDUS46 KSGX 221133
CLIFUL


CLIMATE REPORT
NATIONAL WEATHER SERVICE SAN DIEGO, CA
433 AM PDT MON MAY 22 2017


...................................

...THE FULLERTON AIRPORT CA CLIMATE SUMMARY FOR MAY 21 2017...

CLIMATE NORMAL PERIOD 1981 TO 2010
CLIMATE RECORD PERIOD 1998 TO 2017


WEATHER ITEM   OBSERVED TIME   RECORD YEAR NORMAL DEPARTURE LAST
                VALUE   (LST)  VALUE       VALUE  FROM      YEAR
                                                  NORMAL
..................................................................
TEMPERATURE (F)
 YESTERDAY
  MAXIMUM         86    343 PM  91    2003  75     11       71
  MINIMUM         62   1159 PM  50    2002  59      3       54
  AVERAGE         74                        67      7       63

PRECIPITATION (IN)
  YESTERDAY        0.00          0.03 2006   0.00   0.00      T
  MONTH TO DATE    0.54                      0.23   0.31     0.05
  SINCE OCT 1     16.91                     13.44   3.47     5.26
  SINCE JAN 1     11.00                      9.54   1.46     4.21

DEGREE DAYS
 HEATING
  YESTERDAY        0                         1     -1        2
  MONTH TO DATE   26                        26      0        8
  SINCE MAR 1     98                       298   -200       89
  SINCE JUL 1    795                      1220   -425      768

 COOLING
  YESTERDAY        9                         2      7        0
  MONTH TO DATE   67                        42     25       43
  SINCE MAR 1    205                        85    120      148
  SINCE JAN 1    208                        94    114      220
..................................................................


WIND (MPH)
  RESULTANT WIND SPEED   3   RESULTANT WIND DIRECTION   S (170)
  HIGHEST WIND SPEED    12   HIGHEST WIND DIRECTION     S (170)
  HIGHEST GUST SPEED    14   HIGHEST GUST DIRECTION    SW (220)
  AVERAGE WIND SPEED     3.8


SKY COVER
  POSSIBLE SUNSHINE  MM
  AVERAGE SKY COVER 0.0


WEATHER CONDITIONS
 THE FOLLOWING WEATHER WAS RECORDED YESTERDAY.
  NO SIGNIFICANT WEATHER WAS OBSERVED.


RELATIVE HUMIDITY (PERCENT)
 HIGHEST    87          1100 PM
 LOWEST     28           600 PM
 AVERAGE    58

..........................................................


THE FULLERTON AIRPORT CA CLIMATE NORMALS FOR TODAY
                         NORMAL    RECORD    YEAR
 MAXIMUM TEMPERATURE (F)   75        85      2005
 MINIMUM TEMPERATURE (F)   59        52      2002


SUNRISE AND SUNSET
MAY 22 2017...........SUNRISE   546 AM PDT   SUNSET   751 PM PDT
MAY 23 2017...........SUNRISE   546 AM PDT   SUNSET   752 PM PDT


-  INDICATES NEGATIVE NUMBERS.
R  INDICATES RECORD WAS SET OR TIED.
MM INDICATES DATA IS MISSING.
T  INDICATES TRACE AMOUNT.




$$
