000
CDUS46 KSGX 180117
CLIFUL


CLIMATE REPORT
NATIONAL WEATHER SERVICE SAN DIEGO, CA
517 PM PST FRI NOV 17 2017


...................................

...THE FULLERTON AIRPORT CA CLIMATE SUMMARY FOR NOVEMBER 17 2017...
VALID TODAY AS OF 0500 PM LOCAL TIME.

CLIMATE NORMAL PERIOD 1981 TO 2010
CLIMATE RECORD PERIOD 1998 TO 2017


WEATHER ITEM   OBSERVED TIME   RECORD YEAR NORMAL DEPARTURE LAST
                VALUE   (LST)  VALUE       VALUE  FROM      YEAR
                                                  NORMAL
..................................................................
TEMPERATURE (F)
 TODAY
  MAXIMUM         75    225 PM  90    2008  72      3       77
  MINIMUM         63    654 AM  41    2015  49     14       53
  AVERAGE         69                        60      9       65

PRECIPITATION (IN)
  TODAY            0.01          0.12 2012   0.03  -0.02     0.00
  MONTH TO DATE    0.03                      0.66  -0.63     0.00
  SINCE OCT 1      0.03                      1.41  -1.38     0.40
  SINCE JAN 1     11.21                     11.39  -0.18     4.61

DEGREE DAYS
 HEATING
  TODAY            0                         5     -5        0
  MONTH TO DATE    5                        57    -52        3
  SINCE SEP 1      5                        81    -76        3
  SINCE JUL 1      5                        81    -76        3

 COOLING
  TODAY            4                         1      3        0
  MONTH TO DATE   25                        19      6       97
  SINCE SEP 1    592                       387    205      615
  SINCE JAN 1   1822                      1250    572     1890
..................................................................


WIND (MPH)
  RESULTANT WIND SPEED   1   RESULTANT WIND DIRECTION  SE (120)
  HIGHEST WIND SPEED     9   HIGHEST WIND DIRECTION    SW (210)
  HIGHEST GUST SPEED    13   HIGHEST GUST DIRECTION     S (190)
  AVERAGE WIND SPEED     2.6


SKY COVER
  POSSIBLE SUNSHINE  MM
  AVERAGE SKY COVER 0.7


WEATHER CONDITIONS
 THE FOLLOWING WEATHER WAS RECORDED TODAY.
  LIGHT RAIN


RELATIVE HUMIDITY (PERCENT)
 HIGHEST    84           400 AM
 LOWEST     57           200 PM
 AVERAGE    71

..........................................................


THE FULLERTON AIRPORT CA CLIMATE NORMALS FOR TOMORROW
                         NORMAL    RECORD    YEAR
 MAXIMUM TEMPERATURE (F)   72        88      2008
 MINIMUM TEMPERATURE (F)   49        39      2000


SUNRISE AND SUNSET
NOVEMBER 17 2017......SUNRISE   626 AM PST   SUNSET   447 PM PST
NOVEMBER 18 2017......SUNRISE   627 AM PST   SUNSET   447 PM PST


-  INDICATES NEGATIVE NUMBERS.
R  INDICATES RECORD WAS SET OR TIED.
MM INDICATES DATA IS MISSING.
T  INDICATES TRACE AMOUNT.




$$
