000
CDUS46 KSGX 301419
CLIFUL


CLIMATE REPORT
NATIONAL WEATHER SERVICE SAN DIEGO, CA
619 AM PST FRI JAN 30 2015


...................................

...THE FULLERTON AIRPORT CA CLIMATE SUMMARY FOR JANUARY 29 2015...

CLIMATE NORMAL PERIOD 1981 TO 2010
CLIMATE RECORD PERIOD 1998 TO 2015


WEATHER ITEM   OBSERVED TIME   RECORD YEAR NORMAL DEPARTURE LAST
                VALUE   (LST)  VALUE       VALUE  FROM      YEAR
                                                  NORMAL
..................................................................
TEMPERATURE (F)
 YESTERDAY
  MAXIMUM         77   1239 PM  83    2012  68      9       75
  MINIMUM         60    704 AM  38    1999  45     15       54
  AVERAGE         69                        56     13       65

PRECIPITATION (IN)
  YESTERDAY        T   R         0.00   MM   0.09  -0.09     0.00
  MONTH TO DATE    0.86                      2.83  -1.97     0.00
  SINCE OCT 1      4.68                      6.73  -2.05     1.31
  SINCE JAN 1      0.86                      2.83  -1.97     0.00

SNOWFALL (IN)
  YESTERDAY        0.0
  MONTH TO DATE    0.0
  SINCE JAN 1      0.0
  SINCE JUL 1      0.0
  SNOW DEPTH       0

DEGREE DAYS
 HEATING
  YESTERDAY        0                         9     -9        0
  MONTH TO DATE  116                       261   -145       92
  SINCE DEC 1    289                       537   -248      297
  SINCE JUL 1    313                       701   -388      373

 COOLING
  YESTERDAY        4                         0      4        0
  MONTH TO DATE   19                         0     19       14
  SINCE DEC 1     23                         1     22       20
  SINCE JAN 1     19                         0     19       14
..................................................................


WIND (MPH)
  RESULTANT WIND SPEED   1   RESULTANT WIND DIRECTION   E (100)
  HIGHEST WIND SPEED    13   HIGHEST WIND DIRECTION     E (100)
  HIGHEST GUST SPEED    14   HIGHEST GUST DIRECTION     E (100)
  AVERAGE WIND SPEED     2.4


SKY COVER
  POSSIBLE SUNSHINE  MM
  AVERAGE SKY COVER 0.2


WEATHER CONDITIONS
 THE FOLLOWING WEATHER WAS RECORDED YESTERDAY.
  LIGHT RAIN


RELATIVE HUMIDITY (PERCENT)
 HIGHEST    60           300 AM
 LOWEST     28          1200 PM
 AVERAGE    44

..........................................................


THE FULLERTON AIRPORT CA CLIMATE NORMALS FOR TODAY
                         NORMAL    RECORD    YEAR
 MAXIMUM TEMPERATURE (F)   68        86      2003
 MINIMUM TEMPERATURE (F)   46        33      2002


SUNRISE AND SUNSET
JANUARY 30 2015.......SUNRISE   650 AM PST   SUNSET   521 PM PST
JANUARY 31 2015.......SUNRISE   649 AM PST   SUNSET   522 PM PST


-  INDICATES NEGATIVE NUMBERS.
R  INDICATES RECORD WAS SET OR TIED.
MM INDICATES DATA IS MISSING.
T  INDICATES TRACE AMOUNT.




$$
