000
CDUS46 KSGX 170017
CLIFUL


CLIMATE REPORT
NATIONAL WEATHER SERVICE SAN DIEGO, CA
517 PM PDT WED APR 16 2014


...................................

...THE FULLERTON AIRPORT CA CLIMATE SUMMARY FOR APRIL 16 2014...
VALID TODAY AS OF 0500 PM LOCAL TIME.

CLIMATE NORMAL PERIOD 1981 TO 2010
CLIMATE RECORD PERIOD 1998 TO 2014


WEATHER ITEM   OBSERVED TIME   RECORD YEAR NORMAL DEPARTURE LAST
                VALUE   (LST)  VALUE       VALUE  FROM      YEAR
                                                  NORMAL
..................................................................
TEMPERATURE (F)
 TODAY
  MAXIMUM         74    122 PM  90    1999  73      1       69
  MINIMUM         57   1219 AM  46    2009  52      5       55
  AVERAGE         66                        63      3       62

PRECIPITATION (IN)
  TODAY            0.00          T    2013   0.03  -0.03      T
  MONTH TO DATE    0.22                      0.44  -0.22     0.03
  SINCE JUL 1      4.57                     13.11  -8.54     5.37
  SINCE JAN 1      3.26                      8.88  -5.62     2.06

SNOWFALL (IN)
  TODAY            0.0
  MONTH TO DATE    0.0
  SINCE JAN 1      0.0
  SINCE JUL 1      0.0
  SNOW DEPTH       0

DEGREE DAYS
 HEATING
  TODAY            0                         3     -3        3
  MONTH TO DATE   31                        65    -34       10
  SINCE MAR 1     84                       235   -151       54
  SINCE JUL 1    582                      1157   -575      725

 COOLING
  TODAY            1                         1      0        0
  MONTH TO DATE   43                        13     30       30
  SINCE MAR 1     78                        26     52       69
  SINCE JAN 1     98                        35     63       81
..................................................................


WIND (MPH)
  RESULTANT WIND SPEED   3   RESULTANT WIND DIRECTION   S (170)
  HIGHEST WIND SPEED    12   HIGHEST WIND DIRECTION    SW (220)
  HIGHEST GUST SPEED    16   HIGHEST GUST DIRECTION     S (190)
  AVERAGE WIND SPEED     4.2


SKY COVER
  POSSIBLE SUNSHINE  MM
  AVERAGE SKY COVER 0.5


WEATHER CONDITIONS
 THE FOLLOWING WEATHER WAS RECORDED TODAY.
  NO SIGNIFICANT WEATHER WAS OBSERVED.


RELATIVE HUMIDITY (PERCENT)
 HIGHEST    80          1200 AM
 LOWEST     49          1200 PM
 AVERAGE    65

..........................................................


THE FULLERTON AIRPORT CA CLIMATE NORMALS FOR TOMORROW
                         NORMAL    RECORD    YEAR
 MAXIMUM TEMPERATURE (F)   73        88      1999
 MINIMUM TEMPERATURE (F)   52        45      1998


SUNRISE AND SUNSET
APRIL 16 2014.........SUNRISE   620 AM PDT   SUNSET   724 PM PDT
APRIL 17 2014.........SUNRISE   619 AM PDT   SUNSET   725 PM PDT


-  INDICATES NEGATIVE NUMBERS.
R  INDICATES RECORD WAS SET OR TIED.
MM INDICATES DATA IS MISSING.
T  INDICATES TRACE AMOUNT.




$$
