000
CDUS46 KSGX 171517
CLIFUL


CLIMATE REPORT
NATIONAL WEATHER SERVICE SAN DIEGO, CA
717 AM PST TUE JAN 17 2017


...................................

...THE FULLERTON AIRPORT CA CLIMATE SUMMARY FOR JANUARY 16 2017...

CLIMATE NORMAL PERIOD 1981 TO 2010
CLIMATE RECORD PERIOD 1998 TO 2017


WEATHER ITEM   OBSERVED TIME   RECORD YEAR NORMAL DEPARTURE LAST
                VALUE   (LST)  VALUE       VALUE  FROM      YEAR
                                                  NORMAL
..................................................................
TEMPERATURE (F)
 YESTERDAY
  MAXIMUM         68    305 PM  88    2014  68      0       67
  MINIMUM         49   1159 PM  31    2007  44      5       52
  AVERAGE         59                        56      3       60

PRECIPITATION (IN)
  YESTERDAY        0.00          0.00   MM   0.10  -0.10     0.00
  MONTH TO DATE    2.33                      1.73   0.60     2.34
  SINCE OCT 1      8.24                      5.63   2.61     3.39
  SINCE JAN 1      2.33                      1.73   0.60     2.34

DEGREE DAYS
 HEATING
  YESTERDAY        6                         9     -3        5
  MONTH TO DATE  122                       144    -22      152
  SINCE DEC 1    328                       420    -92      429
  SINCE JUL 1    392                       584   -192      534

 COOLING
  YESTERDAY        0                         0      0        0
  MONTH TO DATE    0                         0      0        0
  SINCE DEC 1      0                         1     -1        1
  SINCE JAN 1      0                         0      0        0
..................................................................


WIND (MPH)
  RESULTANT WIND SPEED   0   RESULTANT WIND DIRECTION   N (340)
  HIGHEST WIND SPEED     9   HIGHEST WIND DIRECTION    NW (310)
  HIGHEST GUST SPEED    14   HIGHEST GUST DIRECTION    NW (320)
  AVERAGE WIND SPEED     1.4


SKY COVER
  POSSIBLE SUNSHINE  MM
  AVERAGE SKY COVER 0.4


WEATHER CONDITIONS
 THE FOLLOWING WEATHER WAS RECORDED YESTERDAY.
  NO SIGNIFICANT WEATHER WAS OBSERVED.


RELATIVE HUMIDITY (PERCENT)
 HIGHEST    96           400 AM
 LOWEST     45           300 PM
 AVERAGE    71

..........................................................


THE FULLERTON AIRPORT CA CLIMATE NORMALS FOR TODAY
                         NORMAL    RECORD    YEAR
 MAXIMUM TEMPERATURE (F)   68        88      2014
 MINIMUM TEMPERATURE (F)   45        35      2001


SUNRISE AND SUNSET
JANUARY 17 2017.......SUNRISE   656 AM PST   SUNSET   508 PM PST
JANUARY 18 2017.......SUNRISE   656 AM PST   SUNSET   509 PM PST


-  INDICATES NEGATIVE NUMBERS.
R  INDICATES RECORD WAS SET OR TIED.
MM INDICATES DATA IS MISSING.
T  INDICATES TRACE AMOUNT.




$$
