000
CDUS41 KCAR 190546
CLIFVE


CLIMATE REPORT
NATIONAL WEATHER SERVICE CARIBOU, ME
142 AM EDT THU OCT 19 2017


...................................

...THE FRENCHVILLE ME CLIMATE SUMMARY FOR OCTOBER 18 2017...

CLIMATE NORMAL PERIOD 1981 TO 2010
CLIMATE RECORD PERIOD 9999 TO 9999


WEATHER ITEM   OBSERVED TIME   RECORD YEAR NORMAL DEPARTURE LAST
                VALUE   (LST)  VALUE       VALUE  FROM      YEAR
                                                  NORMAL
..................................................................
TEMPERATURE (F)
 YESTERDAY
  MAXIMUM         53    157 PM              49      4
  MINIMUM         39   1142 PM              34      5
  AVERAGE         46                        41      5

PRECIPITATION (IN)
  YESTERDAY        0.00         MM      MM   0.08  -0.08     0.27
  MONTH TO DATE    2.49                      1.53   0.96     0.58
  SINCE SEP 1      6.02                      5.05   0.97     3.10
  SINCE JAN 1     27.41                     27.11   0.30    25.84

SNOWFALL (IN)
  YESTERDAY       MM            MM      MM  MM     MM       MM
  MONTH TO DATE   MM                        MM     MM       MM
  SINCE SEP 1     MM                        MM     MM       MM
  SINCE JUL 1     MM                        MM     MM       MM
  SNOW DEPTH      MM

DEGREE DAYS
 HEATING
  YESTERDAY       19                               -5
  MONTH TO DATE  288                              -86
  SINCE JUL 1    705                             -213

 COOLING
  YESTERDAY        0                                0
  MONTH TO DATE    0                                0
  SINCE JAN 1    105                              -29
..................................................................


WIND (MPH)
  HIGHEST WIND SPEED    24   HIGHEST WIND DIRECTION     W (290)
  HIGHEST GUST SPEED    33   HIGHEST GUST DIRECTION     W (280)
  AVERAGE WIND SPEED     9.2




..........................................................


THE FRENCHVILLE ME CLIMATE NORMALS FOR TODAY
                         NORMAL
 MAXIMUM TEMPERATURE (F)   48
 MINIMUM TEMPERATURE (F)   34


SUNRISE AND SUNSET
OCTOBER 19 2017.......SUNRISE   658 AM EDT   SUNSET   538 PM EDT
OCTOBER 20 2017.......SUNRISE   659 AM EDT   SUNSET   536 PM EDT


-  INDICATES NEGATIVE NUMBERS.
R  INDICATES RECORD WAS SET OR TIED.
MM INDICATES DATA IS MISSING.
T  INDICATES TRACE AMOUNT.




$$
