000
CDUS41 KCAR 252030
CLIFVE


CLIMATE REPORT
NATIONAL WEATHER SERVICE CARIBOU, ME
428 PM EDT THU AUG 25 2016


...................................

...THE FRENCHVILLE ME CLIMATE SUMMARY FOR AUGUST 25 2016...
VALID TODAY AS OF 0400 PM LOCAL TIME.

CLIMATE NORMAL PERIOD 1981 TO 2010
CLIMATE RECORD PERIOD 9999 TO 9999


WEATHER ITEM   OBSERVED TIME   RECORD YEAR NORMAL DEPARTURE LAST
                VALUE   (LST)  VALUE       VALUE  FROM      YEAR
                                                  NORMAL
..................................................................
TEMPERATURE (F)
 TODAY
  MAXIMUM         78   1238 PM              71      7
  MINIMUM         64    132 AM              51     13
  AVERAGE         71                        61     10

PRECIPITATION (IN)
  TODAY            0.01         MM      MM   0.12  -0.11     0.04
  MONTH TO DATE    2.61                      3.14  -0.53     2.64
  SINCE JUN 1     12.44                     11.30   1.14    10.59
  SINCE JAN 1     22.53                     21.20   1.33    16.13

SNOWFALL (IN)
  TODAY           MM            MM      MM  MM     MM       MM
  MONTH TO DATE   MM                        MM     MM       MM
  SINCE JUN 1     MM                        MM     MM       MM
  SINCE JUL 1     MM                        MM     MM       MM
  SNOW DEPTH      MM

DEGREE DAYS
 HEATING
  TODAY            0                               -5
  MONTH TO DATE   36                              -49
  SINCE JUL 1     99                              -56

 COOLING
  TODAY            6                                5
  MONTH TO DATE   60                               21
  SINCE JAN 1    190                               69
..................................................................


WIND (MPH)
  HIGHEST WIND SPEED    14   HIGHEST WIND DIRECTION    SW (210)
  HIGHEST GUST SPEED    19   HIGHEST GUST DIRECTION    SW (210)
  AVERAGE WIND SPEED     5.8




..........................................................


THE FRENCHVILLE ME CLIMATE NORMALS FOR TOMORROW
                         NORMAL
 MAXIMUM TEMPERATURE (F)   70
 MINIMUM TEMPERATURE (F)   51


SUNRISE AND SUNSET
AUGUST 25 2016........SUNRISE   544 AM EDT   SUNSET   726 PM EDT
AUGUST 26 2016........SUNRISE   545 AM EDT   SUNSET   724 PM EDT


-  INDICATES NEGATIVE NUMBERS.
R  INDICATES RECORD WAS SET OR TIED.
MM INDICATES DATA IS MISSING.
T  INDICATES TRACE AMOUNT.




$$
