000
CDUS41 KCAR 140533
CLIFVE


CLIMATE REPORT
NATIONAL WEATHER SERVICE CARIBOU, ME
129 AM EDT MON JUL 14 2014


...................................

...THE FRENCHVILLE ME CLIMATE SUMMARY FOR JULY 13 2014...

CLIMATE NORMAL PERIOD 1981 TO 2010
CLIMATE RECORD PERIOD 9999 TO 9999


WEATHER ITEM   OBSERVED TIME   RECORD YEAR NORMAL DEPARTURE LAST
                VALUE   (LST)  VALUE       VALUE  FROM      YEAR
                                                  NORMAL
..................................................................
TEMPERATURE (F)
 YESTERDAY
  MAXIMUM         76   1117 AM              74      2
  MINIMUM         56    421 AM              55      1
  AVERAGE         66                        65      1

PRECIPITATION (IN)
  YESTERDAY        0.20         MM      MM   0.16   0.04     0.00
  MONTH TO DATE    2.26                      2.07   0.19      T
  SINCE JUN 1      6.37                      5.92   0.45     5.76
  SINCE JAN 1     16.74                     15.82   0.92    15.65

SNOWFALL (IN)
  YESTERDAY       MM            MM      MM  MM     MM       MM
  MONTH TO DATE   MM                        MM     MM       MM
  SINCE JUN 1     MM                        MM     MM       MM
  SINCE JUL 1     MM                        MM     MM       MM
  SNOW DEPTH      MM

DEGREE DAYS
 HEATING
  YESTERDAY        0                               -2
  MONTH TO DATE   31                               -2
  SINCE JUL 1     31                               -2

 COOLING
  YESTERDAY        1                               -1
  MONTH TO DATE   45                               20
  SINCE JAN 1     72                               19
..................................................................


WIND (MPH)
  HIGHEST WIND SPEED    17   HIGHEST WIND DIRECTION     S (160)
  HIGHEST GUST SPEED    25   HIGHEST GUST DIRECTION    SE (150)
  AVERAGE WIND SPEED     9.9




..........................................................


THE FRENCHVILLE ME CLIMATE NORMALS FOR TODAY
                         NORMAL
 MAXIMUM TEMPERATURE (F)   74
 MINIMUM TEMPERATURE (F)   55


SUNRISE AND SUNSET
JULY 14 2014..........SUNRISE   451 AM EDT   SUNSET   826 PM EDT
JULY 15 2014..........SUNRISE   452 AM EDT   SUNSET   826 PM EDT


-  INDICATES NEGATIVE NUMBERS.
R  INDICATES RECORD WAS SET OR TIED.
MM INDICATES DATA IS MISSING.
T  INDICATES TRACE AMOUNT.




$$
