000
CDUS43 KIWX 250027
CLIFWA


CLIMATE REPORT
NATIONAL WEATHER SERVICE NORTHERN INDIANA
727 PM EST FRI FEB 24 2017


...................................

...THE FORT WAYNE CLIMATE SUMMARY FOR FEBRUARY 24 2017...
VALID AS OF 0700 PM LOCAL TIME.

CLIMATE NORMAL PERIOD 1981 TO 2010
CLIMATE RECORD PERIOD 1897 TO 2017


WEATHER ITEM   OBSERVED TIME   RECORD YEAR NORMAL DEPARTURE LAST
                VALUE   (LST)  VALUE       VALUE  FROM      YEAR
                                                  NORMAL
..................................................................
TEMPERATURE (F)
 TODAY
  MAXIMUM         71R   101 PM  64    1930  39     32       35
  MINIMUM         47    437 AM  -6    2015  23     24       31
  AVERAGE         59                        31     28       33

PRECIPITATION (IN)
  TODAY            0.10          1.41 1956   0.08   0.02     0.81
  MONTH TO DATE    1.34                      1.73  -0.39     1.19
  SINCE DEC 1      8.36                      6.76   1.60     6.96
  SINCE JAN 1      6.05                      3.99   2.06     2.81

SNOWFALL (IN)
  TODAY            0.0           2.9  1965   0.3   -0.3      0.6
  MONTH TO DATE    2.4                       6.8   -4.4      4.2
  SINCE DEC 1     14.6                      25.4  -10.8     11.3
  SINCE JUL 1     15.0                      27.5  -12.5     15.5
  SNOW DEPTH       0

DEGREE DAYS
 HEATING
  TODAY            6                        34    -28       32
  MONTH TO DATE  596                       893   -297      822
  SINCE DEC 1   2746                      3247   -501     2729
  SINCE JUL 1   3591                      4464   -873     3698

 COOLING
  TODAY            0                         0      0        0
  MONTH TO DATE    0                         0      0        0
  SINCE DEC 1      0                         0      0        0
  SINCE JAN 1      0                         0      0        0
..................................................................


WIND (MPH)
  RESULTANT WIND SPEED  11   RESULTANT WIND DIRECTION   S (190)
  HIGHEST WIND SPEED    31   HIGHEST WIND DIRECTION    SW (210)
  HIGHEST GUST SPEED    38   HIGHEST GUST DIRECTION    SW (210)
  AVERAGE WIND SPEED    14.1


SKY COVER
  POSSIBLE SUNSHINE  MM
  AVERAGE SKY COVER 0.8


WEATHER CONDITIONS
 THE FOLLOWING WEATHER WAS RECORDED TODAY.
  THUNDERSTORM
  RAIN
  FOG


RELATIVE HUMIDITY (PERCENT)
 HIGHEST    96           700 AM
 LOWEST     59           200 PM
 AVERAGE    78

..........................................................


THE FORT WAYNE CLIMATE NORMALS FOR TOMORROW
                         NORMAL    RECORD    YEAR
 MAXIMUM TEMPERATURE (F)   40        73      2000
 MINIMUM TEMPERATURE (F)   23        -8      1900


SUNRISE AND SUNSET
FEBRUARY 24 2017......SUNRISE   722 AM EST   SUNSET   626 PM EST
FEBRUARY 25 2017......SUNRISE   721 AM EST   SUNSET   627 PM EST


-  INDICATES NEGATIVE NUMBERS.
R  INDICATES RECORD WAS SET OR TIED.
MM INDICATES DATA IS MISSING.
T  INDICATES TRACE AMOUNT.




$$
