000
CDUS43 KIWX 200522
CLIFWA


CLIMATE REPORT
NATIONAL WEATHER SERVICE NORTHERN INDIANA
1222 AM EST SAT JAN 20 2018


...................................

...THE FORT WAYNE CLIMATE SUMMARY FOR JANUARY 19 2018...

CLIMATE NORMAL PERIOD 1981 TO 2010
CLIMATE RECORD PERIOD 1897 TO 2018


WEATHER ITEM   OBSERVED TIME   RECORD YEAR NORMAL DEPARTURE LAST
                VALUE   (LST)  VALUE       VALUE  FROM      YEAR
                                                  NORMAL
..................................................................
TEMPERATURE (F)
 YESTERDAY
  MAXIMUM         36    400 PM  63    1907  32      4       44
  MINIMUM         22    735 AM -18    1994  17      5       35
  AVERAGE         29                        25      4       40

PRECIPITATION (IN)
  YESTERDAY        0.00          1.90 1907   0.07  -0.07     0.07
  MONTH TO DATE    0.87                      1.45  -0.58     3.28
  SINCE DEC 1      1.88                      4.22  -2.34     5.59
  SINCE JAN 1      0.87                      1.45  -0.58     3.28

SNOWFALL (IN)
  YESTERDAY        0.0           8.2  1987   0.4   -0.4      0.0
  MONTH TO DATE    6.6                       6.1    0.5      0.7
  SINCE DEC 1     18.0                      14.6    3.4     11.6
  SINCE JUL 1     18.0                      16.7    1.3     12.0
  SNOW DEPTH       2

DEGREE DAYS
 HEATING
  YESTERDAY       36                        40     -4       25
  MONTH TO DATE  887                       759    128      665
  SINCE DEC 1   2056                      1870    186     1831
  SINCE JUL 1   3109                      3087     22     2676

 COOLING
  YESTERDAY        0                         0      0        0
  MONTH TO DATE    0                         0      0        0
  SINCE DEC 1      0                         0      0        0
  SINCE JAN 1      0                         0      0        0
..................................................................


WIND (MPH)
  HIGHEST WIND SPEED    22   HIGHEST WIND DIRECTION    SW (210)
  HIGHEST GUST SPEED    26   HIGHEST GUST DIRECTION    SW (210)
  AVERAGE WIND SPEED    16.5


SKY COVER
  AVERAGE SKY COVER 0.4


WEATHER CONDITIONS
 THE FOLLOWING WEATHER WAS RECORDED YESTERDAY.
  NO SIGNIFICANT WEATHER WAS OBSERVED.


RELATIVE HUMIDITY (PERCENT)
 HIGHEST    75          1100 PM
 LOWEST     59           200 PM
 AVERAGE    67

..........................................................


THE FORT WAYNE CLIMATE NORMALS FOR TODAY
                         NORMAL    RECORD    YEAR
 MAXIMUM TEMPERATURE (F)   32        68      1906
 MINIMUM TEMPERATURE (F)   17       -22      1985


SUNRISE AND SUNSET
JANUARY 20 2018.......SUNRISE   801 AM EST   SUNSET   543 PM EST
JANUARY 21 2018.......SUNRISE   800 AM EST   SUNSET   544 PM EST


-  INDICATES NEGATIVE NUMBERS.
R  INDICATES RECORD WAS SET OR TIED.
MM INDICATES DATA IS MISSING.
T  INDICATES TRACE AMOUNT.




$$
