000
CDUS43 KIWX 280523
CLIFWA


CLIMATE REPORT
NATIONAL WEATHER SERVICE NORTHERN INDIANA
123 AM EDT SUN MAY 28 2017


...................................

...THE FORT WAYNE CLIMATE SUMMARY FOR MAY 27 2017...

CLIMATE NORMAL PERIOD 1981 TO 2010
CLIMATE RECORD PERIOD 1897 TO 2017


WEATHER ITEM   OBSERVED TIME   RECORD YEAR NORMAL DEPARTURE LAST
                VALUE   (LST)  VALUE       VALUE  FROM      YEAR
                                                  NORMAL
..................................................................
TEMPERATURE (F)
 YESTERDAY
  MAXIMUM         75    548 PM  99    1911  75      0       88
  MINIMUM         60   1150 PM  31    1961  53      7       63
  AVERAGE         68                        64      4       76

PRECIPITATION (IN)
  YESTERDAY        0.06          1.72 2013   0.16  -0.10      T
  MONTH TO DATE    8.39                      3.60   4.79     4.13
  SINCE MAR 1     16.15                      9.83   6.32    11.14
  SINCE JAN 1     22.62                     14.13   8.49    14.19

SNOWFALL (IN)
  YESTERDAY        0.0           0.0  2002   0.0    0.0      0.0
                                      2001
  MONTH TO DATE    0.0                       0.0    0.0      0.0
  SINCE MAR 1      3.4                       5.1   -1.7      3.9
  SINCE JUL 1     18.5                      33.5  -15.0     20.1
  SNOW DEPTH       0

DEGREE DAYS
 HEATING
  YESTERDAY        0                         4     -4        0
  MONTH TO DATE  196                       179     17      198
  SINCE MAR 1   1285                      1463   -178     1289
  SINCE JUL 1   4979                      6061  -1082     5116

 COOLING
  YESTERDAY        3                         3      0       11
  MONTH TO DATE   38                        37      1       32
  SINCE MAR 1     58                        45     13       32
  SINCE JAN 1     58                        45     13       32
..................................................................


WIND (MPH)
  HIGHEST WIND SPEED    18   HIGHEST WIND DIRECTION     E (90)
  HIGHEST GUST SPEED    23   HIGHEST GUST DIRECTION     E (80)
  AVERAGE WIND SPEED     6.2


SKY COVER
  AVERAGE SKY COVER 0.7


WEATHER CONDITIONS
 THE FOLLOWING WEATHER WAS RECORDED YESTERDAY.
  LIGHT RAIN
  FOG


RELATIVE HUMIDITY (PERCENT)
 HIGHEST    97           600 AM
 LOWEST     64           500 PM
 AVERAGE    81

..........................................................


THE FORT WAYNE CLIMATE NORMALS FOR TODAY
                         NORMAL    RECORD    YEAR
 MAXIMUM TEMPERATURE (F)   75        98      1911
 MINIMUM TEMPERATURE (F)   53        33      1902


SUNRISE AND SUNSET
MAY 28 2017...........SUNRISE   613 AM EDT   SUNSET   904 PM EDT
MAY 29 2017...........SUNRISE   612 AM EDT   SUNSET   905 PM EDT


-  INDICATES NEGATIVE NUMBERS.
R  INDICATES RECORD WAS SET OR TIED.
MM INDICATES DATA IS MISSING.
T  INDICATES TRACE AMOUNT.




$$
