179
CDUS43 KIWX 250521
CLIFWA


CLIMATE REPORT
NATIONAL WEATHER SERVICE NORTHERN INDIANA
121 AM EDT MON SEP 25 2017


...................................

...THE FORT WAYNE CLIMATE SUMMARY FOR SEPTEMBER 24 2017...

CLIMATE NORMAL PERIOD 1981 TO 2010
CLIMATE RECORD PERIOD 1897 TO 2017


WEATHER ITEM   OBSERVED TIME   RECORD YEAR NORMAL DEPARTURE LAST
                VALUE   (LST)  VALUE       VALUE  FROM      YEAR
                                                  NORMAL
..................................................................
TEMPERATURE (F)
 YESTERDAY
  MAXIMUM         89    346 PM  95    1908  73     16       76
  MINIMUM         61    615 AM  32    1989  49     12       61
                                      1950
  AVERAGE         75                        61     14       69

PRECIPITATION (IN)
  YESTERDAY        0.00          2.00 1902   0.09  -0.09     0.00
  MONTH TO DATE    1.67                      2.26  -0.59     4.08
  SINCE SEP 1      1.67                      2.26  -0.59     4.08
  SINCE JAN 1     39.95                     29.10  10.85    27.89

DEGREE DAYS
 HEATING
  YESTERDAY        0                         5     -5        0
  MONTH TO DATE   60                        63     -3        0
  SINCE SEP 1     60                        63     -3        0
  SINCE JUL 1     75                        75      0        3

 COOLING
  YESTERDAY       10                         1      9        4
  MONTH TO DATE   94                        75     19      139
  SINCE SEP 1     94                        75     19      139
  SINCE JAN 1    782                       792    -10     1065
..................................................................


WIND (MPH)
  HIGHEST WIND SPEED    14   HIGHEST WIND DIRECTION    SE (140)
  HIGHEST GUST SPEED    18   HIGHEST GUST DIRECTION    SE (130)
  AVERAGE WIND SPEED     4.1


SKY COVER
  AVERAGE SKY COVER 0.1


WEATHER CONDITIONS
 THE FOLLOWING WEATHER WAS RECORDED YESTERDAY.
  NO SIGNIFICANT WEATHER WAS OBSERVED.


RELATIVE HUMIDITY (PERCENT)
 HIGHEST    90           500 AM
 LOWEST     32           300 PM
 AVERAGE    61

..........................................................


THE FORT WAYNE CLIMATE NORMALS FOR TODAY
                         NORMAL    RECORD    YEAR
 MAXIMUM TEMPERATURE (F)   72        92      1908
 MINIMUM TEMPERATURE (F)   49        32      1942


SUNRISE AND SUNSET
SEPTEMBER 25 2017.....SUNRISE   732 AM EDT   SUNSET   732 PM EDT
SEPTEMBER 26 2017.....SUNRISE   733 AM EDT   SUNSET   731 PM EDT


-  INDICATES NEGATIVE NUMBERS.
R  INDICATES RECORD WAS SET OR TIED.
MM INDICATES DATA IS MISSING.
T  INDICATES TRACE AMOUNT.




$$
