000
CDUS43 KIWX 090521
CLIFWA


CLIMATE REPORT
NATIONAL WEATHER SERVICE NORTHERN INDIANA
1221 AM EST TUE FEB 9 2016


...................................

...THE FORT WAYNE CLIMATE SUMMARY FOR FEBRUARY 8 2016...

CLIMATE NORMAL PERIOD 1981 TO 2010
CLIMATE RECORD PERIOD 1897 TO 2016


WEATHER ITEM   OBSERVED TIME   RECORD YEAR NORMAL DEPARTURE LAST
                VALUE   (LST)  VALUE       VALUE  FROM      YEAR
                                                  NORMAL
..................................................................
TEMPERATURE (F)
 YESTERDAY
  MAXIMUM         38    132 PM  68    1925  34      4       45
  MINIMUM         26   1138 PM -13    1967  19      7       32
  AVERAGE         32                        26      6       39

PRECIPITATION (IN)
  YESTERDAY        T             0.65 1937   0.07  -0.07     0.01
  MONTH TO DATE    0.24                      0.56  -0.32     1.11
  SINCE DEC 1      6.01                      5.59   0.42     5.06
  SINCE JAN 1      1.86                      2.82  -0.96     3.34

SNOWFALL (IN)
  YESTERDAY        0.1           2.4  1994   0.3   -0.2      0.0
  MONTH TO DATE    0.1                       2.5   -2.4     12.3
  SINCE DEC 1      7.2                      21.1  -13.9     25.6
  SINCE JUL 1     11.4                      23.2  -11.8     29.8
  SNOW DEPTH       0

DEGREE DAYS
 HEATING
  YESTERDAY       33                        38     -5       26
  MONTH TO DATE  239                       312    -73      341
  SINCE DEC 1   2146                      2666   -520     2670
  SINCE JUL 1   3115                      3883   -768     4116

 COOLING
  YESTERDAY        0                         0      0        0
  MONTH TO DATE    0                         0      0        0
  SINCE DEC 1      0                         0      0        0
  SINCE JAN 1      0                         0      0        0
..................................................................


WIND (MPH)
  HIGHEST WIND SPEED    18   HIGHEST WIND DIRECTION     W (270)
  HIGHEST GUST SPEED    22   HIGHEST GUST DIRECTION     W (270)
  AVERAGE WIND SPEED    10.8


SKY COVER
  AVERAGE SKY COVER 0.9


WEATHER CONDITIONS
 THE FOLLOWING WEATHER WAS RECORDED YESTERDAY.
  LIGHT SNOW
  FOG


RELATIVE HUMIDITY (PERCENT)
 HIGHEST    92           300 AM
 LOWEST     70           100 PM
 AVERAGE    81

..........................................................


THE FORT WAYNE CLIMATE NORMALS FOR TODAY
                         NORMAL    RECORD    YEAR
 MAXIMUM TEMPERATURE (F)   35        59      2001
                                             1966
 MINIMUM TEMPERATURE (F)   19       -19      1899


SUNRISE AND SUNSET
FEBRUARY  9 2016......SUNRISE   743 AM EST   SUNSET   607 PM EST
FEBRUARY 10 2016......SUNRISE   742 AM EST   SUNSET   608 PM EST


-  INDICATES NEGATIVE NUMBERS.
R  INDICATES RECORD WAS SET OR TIED.
MM INDICATES DATA IS MISSING.
T  INDICATES TRACE AMOUNT.




$$
