000
CDUS43 KIWX 270526
CLIFWA


CLIMATE REPORT
NATIONAL WEATHER SERVICE NORTHERN INDIANA
125 AM EDT WED AUG 27 2014


...................................

...THE FORT WAYNE CLIMATE SUMMARY FOR AUGUST 26 2014...

CLIMATE NORMAL PERIOD 1981 TO 2010
CLIMATE RECORD PERIOD 1897 TO 2014


WEATHER ITEM   OBSERVED TIME   RECORD YEAR NORMAL DEPARTURE LAST
                VALUE   (LST)  VALUE       VALUE  FROM      YEAR
                                                  NORMAL
..................................................................
TEMPERATURE (F)
 YESTERDAY
  MAXIMUM         86    100 PM  96    1953  82      4       86
                                      1948
  MINIMUM         66    634 AM  45    1907  60      6       61
  AVERAGE         76                        71      5       74

PRECIPITATION (IN)
  YESTERDAY        0.00          4.78 1899   0.12  -0.12     0.00
  MONTH TO DATE    5.91                      3.08   2.83     5.07
  SINCE JUN 1     13.72                     11.48   2.24    14.66
  SINCE JAN 1     30.26                     26.28   3.98    32.33

SNOWFALL (IN)
  YESTERDAY        0.0           0.0         0.0    0.0      0.0                         MONTH TO DATE    0.0                       0.0    0.0      0.0
  SINCE JUN 1      T                         0.0    0.0      0.0
  SINCE JUL 1      T                         0.0    0.0      0.0
  SNOW DEPTH       0

DEGREE DAYS
 HEATING
  YESTERDAY        0                         0      0        0
  MONTH TO DATE   10                         0     10       10
  SINCE JUN 1     38                        32      6       39
  SINCE JUL 1     24                         3     21       20

 COOLING
  YESTERDAY       11                         6      5        9
  MONTH TO DATE  172                       182    -10      131
  SINCE JUN 1    552                       631    -79      559
  SINCE JAN 1    633                       688    -55      664
..................................................................


WIND (MPH)
  HIGHEST WIND SPEED    18   HIGHEST WIND DIRECTION    NW (310)
  HIGHEST GUST SPEED    28   HIGHEST GUST DIRECTION    NW (310)
  AVERAGE WIND SPEED     4.5


SKY COVER
  AVERAGE SKY COVER 0.6


WEATHER CONDITIONS
 THE FOLLOWING WEATHER WAS RECORDED YESTERDAY.
  FOG


RELATIVE HUMIDITY (PERCENT)
 HIGHEST   100           300 AM
 LOWEST     61          1200 PM
 AVERAGE    81

..........................................................


THE FORT WAYNE CLIMATE NORMALS FOR TODAY
                         NORMAL    RECORD    YEAR
 MAXIMUM TEMPERATURE (F)   82        96      1948
 MINIMUM TEMPERATURE (F)   59        45      1910


SUNRISE AND SUNSET
AUGUST 27 2014........SUNRISE   702 AM EDT   SUNSET   821 PM EDT
AUGUST 28 2014........SUNRISE   703 AM EDT   SUNSET   820 PM EDT


-  INDICATES NEGATIVE NUMBERS.
R  INDICATES RECORD WAS SET OR TIED.
MM INDICATES DATA IS MISSING.
T  INDICATES TRACE AMOUNT.




$$
