000
CDUS43 KIWX 260521
CLIFWA


CLIMATE REPORT
NATIONAL WEATHER SERVICE NORTHERN INDIANA
1221 AM EST WED NOV 26 2014


...................................

...THE FORT WAYNE CLIMATE SUMMARY FOR NOVEMBER 25 2014...

CLIMATE NORMAL PERIOD 1981 TO 2010
CLIMATE RECORD PERIOD 1897 TO 2014


WEATHER ITEM   OBSERVED TIME   RECORD YEAR NORMAL DEPARTURE LAST
                VALUE   (LST)  VALUE       VALUE  FROM      YEAR
                                                  NORMAL
..................................................................
TEMPERATURE (F)
 YESTERDAY
  MAXIMUM         33    119 AM  67    1915  45    -12       32
                                      1908
  MINIMUM         25   1147 PM  -1    1950  29     -4       16
  AVERAGE         29                        37     -8       24

PRECIPITATION (IN)
  YESTERDAY        0.00          1.78 2010   0.11  -0.11      T
  MONTH TO DATE    3.05                      2.56   0.49     1.46
  SINCE SEP 1     10.73                      8.20   2.53     7.01
  SINCE JAN 1     41.12                     35.04   6.08    39.35

SNOWFALL (IN)
  YESTERDAY        0.0           6.0  1950   0.1   -0.1      0.1
  MONTH TO DATE    4.1                       1.2    2.9      0.7
  SINCE SEP 1      4.1                       1.5    2.6      0.7
  SINCE JUL 1      4.1                       1.5    2.6      0.7
  SNOW DEPTH       0

DEGREE DAYS
 HEATING
  YESTERDAY       36                        28      8       41
  MONTH TO DATE  745                       562    183      624
  SINCE SEP 1   1268                      1059    209     1108
  SINCE JUL 1   1292                      1071    221     1128

 COOLING
  YESTERDAY        0                         0      0        0
  MONTH TO DATE    0                         0      0        0
  SINCE SEP 1     57                        92    -35      126
  SINCE JAN 1    731                       809    -78      855
..................................................................


WIND (MPH)
  HIGHEST WIND SPEED    29   HIGHEST WIND DIRECTION     W (250)
  HIGHEST GUST SPEED    37   HIGHEST GUST DIRECTION    SW (240)
  AVERAGE WIND SPEED    12.8


SKY COVER
  AVERAGE SKY COVER 1.0


WEATHER CONDITIONS
 THE FOLLOWING WEATHER WAS RECORDED YESTERDAY.
  NO SIGNIFICANT WEATHER WAS OBSERVED.


RELATIVE HUMIDITY (PERCENT)
 HIGHEST    85           400 AM
 LOWEST     69           400 PM
 AVERAGE    77

..........................................................


THE FORT WAYNE CLIMATE NORMALS FOR TODAY
                         NORMAL    RECORD    YEAR
 MAXIMUM TEMPERATURE (F)   44        65      2011
                                             1908
 MINIMUM TEMPERATURE (F)   29         7      1930


SUNRISE AND SUNSET
NOVEMBER 26 2014......SUNRISE   741 AM EST   SUNSET   515 PM EST
NOVEMBER 27 2014......SUNRISE   742 AM EST   SUNSET   515 PM EST


-  INDICATES NEGATIVE NUMBERS.
R  INDICATES RECORD WAS SET OR TIED.
MM INDICATES DATA IS MISSING.
T  INDICATES TRACE AMOUNT.




$$
