000
CDUS44 KTSA 292122
CLIFYV

ZCZC OKCCLIFYV



CLIMATE REPORT
NATIONAL WEATHER SERVICE TULSA OK
418 PM CDT MON JUN 29 2015


...................................

...THE FAYETTEVILLE ARKANSAS CLIMATE SUMMARY FOR JUNE 29 2015...
VALID TODAY AS OF 0400 PM LOCAL TIME.

CLIMATE NORMAL PERIOD 1981 TO 2010
CLIMATE RECORD PERIOD 1905 TO 2015


WEATHER ITEM   OBSERVED TIME   RECORD YEAR NORMAL DEPARTURE LAST
                VALUE   (LST)  VALUE       VALUE  FROM      YEAR
                                                  NORMAL
..................................................................
TEMPERATURE (F)
 TODAY
  MAXIMUM         85    203 PM 100    1954  87     -2       86
  MINIMUM         67    532 AM  51    1985  65      2       73
  AVERAGE         76                        76      0       80

PRECIPITATION (IN)
  TODAY            0.00                      0.16  -0.16     0.00
  MONTH TO DATE    6.77                      4.83   1.94     4.10
  SINCE JUN 1      6.77                      4.83   1.94     4.10
  SINCE JAN 1     30.23                     25.04   5.19    18.62

DEGREE DAYS
 COOLING
  TODAY           11                        11      0       15
  MONTH TO DATE  308                       233     75      247
  SINCE JUN 1    308                       233     75      247
  SINCE JAN 1    405                       346     59      395
..................................................................


WIND (MPH)
  HIGHEST WIND SPEED    14   HIGHEST WIND DIRECTION     W (270)
  HIGHEST GUST SPEED    18   HIGHEST GUST DIRECTION     W (290)
  AVERAGE WIND SPEED     8.2


SKY COVER
  POSSIBLE SUNSHINE  MM
  AVERAGE SKY COVER 0.1


WEATHER CONDITIONS
 THE FOLLOWING WEATHER WAS RECORDED TODAY.
  NO SIGNIFICANT WEATHER WAS OBSERVED.


RELATIVE HUMIDITY (PERCENT)
 HIGHEST    78           500 AM
 LOWEST     55           200 PM
 AVERAGE    67

..........................................................


THE FAYETTEVILLE ARKANSAS CLIMATE NORMALS FOR TOMORROW
                         NORMAL    RECORD    YEAR
 MAXIMUM TEMPERATURE (F)   87        98      2012
                                             1952
 MINIMUM TEMPERATURE (F)   66        51      1950


SUNRISE AND SUNSET
JUNE 29 2015..........SUNRISE   603 AM CDT   SUNSET   837 PM CDT
JUNE 30 2015..........SUNRISE   603 AM CDT   SUNSET   837 PM CDT


-  INDICATES NEGATIVE NUMBERS.
R  INDICATES RECORD WAS SET OR TIED.
MM INDICATES DATA IS MISSING.
T  INDICATES TRACE AMOUNT.




$$
