000
CDUS44 KTSA 290920
CLIFYV

CLIMATE REPORT
NATIONAL WEATHER SERVICE TULSA OK
302 AM CST MON DEC 29 2014


...................................

...THE FAYETTEVILLE ARKANSAS CLIMATE SUMMARY FOR DECEMBER 28 2014...

CLIMATE NORMAL PERIOD 1981 TO 2010
CLIMATE RECORD PERIOD 1905 TO 2014


WEATHER ITEM   OBSERVED TIME   RECORD YEAR NORMAL DEPARTURE LAST
                VALUE   (LST)  VALUE       VALUE  FROM      YEAR
                                                  NORMAL
..................................................................
TEMPERATURE (F)
 YESTERDAY
  MAXIMUM         40    352 PM  66    1984  46     -6       54
  MINIMUM         22   1159 PM   9    1983  25     -3       21
  AVERAGE         31                        36     -5       38

PRECIPITATION (IN)
  YESTERDAY        0.00                      0.09  -0.09     0.00
  MONTH TO DATE    2.64                      2.96  -0.32     4.09
  SINCE DEC 1      2.64                      2.96  -0.32     4.09
  SINCE JAN 1     39.08                     48.23  -9.15    46.62

SNOWFALL (IN)
  YESTERDAY        0.0                                       0.0
  MONTH TO DATE    T                                         7.0
  SINCE DEC 1      T                                         7.0
  SINCE JUL 1      T                                         7.0

DEGREE DAYS
 HEATING
  YESTERDAY       34                        29      5       27
  MONTH TO DATE  651                       765   -114      840
  SINCE DEC 1    651                       765   -114      840
  SINCE JUL 1   1576                      1594    -18     1729
..................................................................


WIND (MPH)
  HIGHEST WIND SPEED     6   HIGHEST WIND DIRECTION    NE (30)
  HIGHEST GUST SPEED     9   HIGHEST GUST DIRECTION    NE (50)
  AVERAGE WIND SPEED     1.4


SKY COVER
  POSSIBLE SUNSHINE  MM
  AVERAGE SKY COVER 0.0


WEATHER CONDITIONS
 THE FOLLOWING WEATHER WAS RECORDED YESTERDAY.
  NO SIGNIFICANT WEATHER WAS OBSERVED.


RELATIVE HUMIDITY (PERCENT)
 HIGHEST   100           800 AM
 LOWEST     50           300 PM
 AVERAGE    75

..........................................................


THE FAYETTEVILLE ARKANSAS CLIMATE NORMALS FOR TODAY
                         NORMAL    RECORD    YEAR
 MAXIMUM TEMPERATURE (F)   46        67      1964
 MINIMUM TEMPERATURE (F)   25        -4      1983


SUNRISE AND SUNSET
DECEMBER 29 2014......SUNRISE   727 AM CST   SUNSET   511 PM CST
DECEMBER 30 2014......SUNRISE   727 AM CST   SUNSET   512 PM CST


-  INDICATES NEGATIVE NUMBERS.
R  INDICATES RECORD WAS SET OR TIED.
MM INDICATES DATA IS MISSING.
T  INDICATES TRACE AMOUNT.




$$
