000
CDUS44 KTSA 250806
CLIFYV

CLIMATE REPORT
NATIONAL WEATHER SERVICE TULSA OK
302 AM CDT FRI JUL 25 2014


...................................

...THE FAYETTEVILLE ARKANSAS CLIMATE SUMMARY FOR JULY 24 2014...

CLIMATE NORMAL PERIOD 1981 TO 2010
CLIMATE RECORD PERIOD 1905 TO 2014


WEATHER ITEM   OBSERVED TIME   RECORD YEAR NORMAL DEPARTURE LAST
                VALUE   (LST)  VALUE       VALUE  FROM      YEAR
                                                  NORMAL
..................................................................
TEMPERATURE (F)
 YESTERDAY
  MAXIMUM         85    357 PM 102    2011  89     -4       85
                                      1963
  MINIMUM         60    456 AM  54    2003  67     -7       68
  AVERAGE         73                        78     -5       77

PRECIPITATION (IN)
  YESTERDAY        0.00                      0.11  -0.11     0.40
  MONTH TO DATE    0.95                      2.80  -1.85     2.20
  SINCE JUN 1      5.05                      7.78  -2.73     3.57
  SINCE JAN 1     19.57                     27.99  -8.42    27.67

DEGREE DAYS
 COOLING
  YESTERDAY        8                        13     -5       12
  MONTH TO DATE  192                       299   -107      285
  SINCE JUN 1    454                       544    -90      575
  SINCE JAN 1    602                       657    -55      711
..................................................................


WIND (MPH)
  HIGHEST WIND SPEED     9   HIGHEST WIND DIRECTION     E (110)
  HIGHEST GUST SPEED    13   HIGHEST GUST DIRECTION    NW (320)
  AVERAGE WIND SPEED     1.5


SKY COVER
  POSSIBLE SUNSHINE  MM
  AVERAGE SKY COVER 0.6


WEATHER CONDITIONS
 THE FOLLOWING WEATHER WAS RECORDED YESTERDAY.
  FOG
  FOG W/VISIBILITY <= 1/4 MILE


RELATIVE HUMIDITY (PERCENT)
 HIGHEST   100          1200 AM
 LOWEST     55           400 PM
 AVERAGE    78

..........................................................


THE FAYETTEVILLE ARKANSAS CLIMATE NORMALS FOR TODAY
                         NORMAL    RECORD    YEAR
 MAXIMUM TEMPERATURE (F)   89       102      1977
 MINIMUM TEMPERATURE (F)   67        54      2000


SUNRISE AND SUNSET
JULY 25 2014..........SUNRISE   619 AM CDT   SUNSET   827 PM CDT
JULY 26 2014..........SUNRISE   619 AM CDT   SUNSET   827 PM CDT


-  INDICATES NEGATIVE NUMBERS.
R  INDICATES RECORD WAS SET OR TIED.
MM INDICATES DATA IS MISSING.
T  INDICATES TRACE AMOUNT.




$$
