000
CDUS44 KTSA 291416
CLIFYV

CLIMATE REPORT
NATIONAL WEATHER SERVICE TULSA OK
912 AM CDT WED MAR 29 2017


...................................

...THE FAYETTEVILLE ARKANSAS CLIMATE SUMMARY FOR MARCH 29 2017...
VALID AS OF 0900 AM LOCAL TIME.

CLIMATE NORMAL PERIOD 1981 TO 2010
CLIMATE RECORD PERIOD 1905 TO 2017


WEATHER ITEM   OBSERVED RECORD YEAR NORMAL DEPARTURE LAST
                VALUE   VALUE       VALUE  FROM      YEAR
                                           NORMAL
...........................................................
TEMPERATURE (F)
 TODAY
  MAXIMUM         66     84    1967  64
  MINIMUM         60     23    1955  40
  AVERAGE         63

PRECIPITATION (IN)
  TODAY            0.05   2.53 1988   0.14  -0.09     0.00
  MONTH TO DATE    5.94               3.65   2.29     3.66
  SINCE MAR 1      5.94               3.65   2.29     3.66
  SINCE JAN 1      9.44               9.30   0.14     4.81

SNOWFALL (IN)
  TODAY            0.0                                0.0
  MONTH TO DATE    0.2                                0.0
  SINCE MAR 1      0.2                                0.0
  SINCE JUL 1      1.0                                 T

DEGREE DAYS
 HEATING
  TODAY            2

 COOLING
  TODAY            0
...........................................................


WIND (MPH)
  RESULTANT WIND SPEED  10   RESULTANT WIND DIRECTION  SE (130)
  HIGHEST WIND SPEED    25   HIGHEST WIND DIRECTION     S (160)
  HIGHEST GUST SPEED    34   HIGHEST GUST DIRECTION    SE (150)


SKY COVER
  POSSIBLE SUNSHINE  MM
  AVERAGE SKY COVER 0.7


WEATHER CONDITIONS
 THE FOLLOWING WEATHER WAS RECORDED TODAY.
  RAIN
  FOG


RELATIVE HUMIDITY (PERCENT)
 HIGHEST    90
 LOWEST     73
 AVERAGE    82

..........................................................


THE FAYETTEVILLE ARKANSAS CLIMATE NORMALS FOR TOMORROW
                         NORMAL    RECORD    YEAR
 MAXIMUM TEMPERATURE (F)   65        80      1967
 MINIMUM TEMPERATURE (F)   40        17      1964


SUNRISE AND SUNSET
MARCH 29 2017.........SUNRISE   707 AM CDT   SUNSET   736 PM CDT
MARCH 30 2017.........SUNRISE   705 AM CDT   SUNSET   737 PM CDT


-  INDICATES NEGATIVE NUMBERS.
R  INDICATES RECORD WAS SET OR TIED.
MM INDICATES DATA IS MISSING.
T  INDICATES TRACE AMOUNT.




$$
