000
CDUS44 KTSA 252237
CLIFYV

CLIMATE REPORT
NATIONAL WEATHER SERVICE TULSA OK
418 PM CST TUE NOV 25 2014


...................................

...THE FAYETTEVILLE ARKANSAS CLIMATE SUMMARY FOR NOVEMBER 25 2014...
VALID TODAY AS OF 0400 PM LOCAL TIME.

CLIMATE NORMAL PERIOD 1981 TO 2010
CLIMATE RECORD PERIOD 1905 TO 2014


WEATHER ITEM   OBSERVED TIME   RECORD YEAR NORMAL DEPARTURE LAST
                VALUE   (LST)  VALUE       VALUE  FROM      YEAR
                                                  NORMAL
..................................................................
TEMPERATURE (F)
 TODAY
  MAXIMUM         47    241 PM  78    1965  54     -7       35
  MINIMUM         21    722 AM  11    1950  33    -12       29
  AVERAGE         34                        44    -10       32

PRECIPITATION (IN)
  TODAY            0.00                      0.14  -0.14      T
  MONTH TO DATE    2.50                      3.56  -1.06     2.24
  SINCE SEP 1     13.31                     12.71   0.60    11.46
  SINCE JAN 1     36.44                     44.60  -8.16    42.53

SNOWFALL (IN)
  TODAY            0.0                                       0.0
  MONTH TO DATE    T                                         0.0
  SINCE SEP 1      T                                         0.0
  SINCE JUL 1      T                                         0.0

DEGREE DAYS
 HEATING
  TODAY           31                        22      9       33
  MONTH TO DATE  597                       415    182      471
  SINCE SEP 1    830                       714    116      741
  SINCE JUL 1    834                       715    119      741
..................................................................


WIND (MPH)
  HIGHEST WIND SPEED    14   HIGHEST WIND DIRECTION    NW (300)
  HIGHEST GUST SPEED    17   HIGHEST GUST DIRECTION     W (290)
  AVERAGE WIND SPEED     2.9


SKY COVER
  POSSIBLE SUNSHINE  MM
  AVERAGE SKY COVER 0.0


WEATHER CONDITIONS
 THE FOLLOWING WEATHER WAS RECORDED TODAY.
  NO SIGNIFICANT WEATHER WAS OBSERVED.


RELATIVE HUMIDITY (PERCENT)
 HIGHEST    96           400 AM
 LOWEST     30          1100 AM
 AVERAGE    63

..........................................................


THE FAYETTEVILLE ARKANSAS CLIMATE NORMALS FOR TOMORROW
                         NORMAL    RECORD    YEAR
 MAXIMUM TEMPERATURE (F)   54        75      1965
 MINIMUM TEMPERATURE (F)   32        12      1975


SUNRISE AND SUNSET
NOVEMBER 25 2014......SUNRISE   703 AM CST   SUNSET   504 PM CST
NOVEMBER 26 2014......SUNRISE   704 AM CST   SUNSET   504 PM CST


-  INDICATES NEGATIVE NUMBERS.
R  INDICATES RECORD WAS SET OR TIED.
MM INDICATES DATA IS MISSING.
T  INDICATES TRACE AMOUNT.




$$
