000
CDUS43 KUNR 170836
CLIGCC


CLIMATE REPORT
NATIONAL WEATHER SERVICE RAPID CITY SD
235 AM MDT TUE OCT 17 2017


...................................

...THE GILLETTE AIRPORT WY CLIMATE SUMMARY FOR OCTOBER 16 2017...

CLIMATE NORMAL PERIOD 1981 TO 2010
CLIMATE RECORD PERIOD 9999 TO 9999


WEATHER ITEM   OBSERVED TIME   NORMAL DEPARTURE LAST
                VALUE   (LST)  VALUE  FROM      YEAR
                                      NORMAL
......................................................
TEMPERATURE (F)
 YESTERDAY
  MAXIMUM         71    246 PM  59     12       69
  MINIMUM         33    613 AM  32      1       50
  AVERAGE         52            45      7       60

PRECIPITATION (IN)
  YESTERDAY        0.00          0.06  -0.06     0.00
  MONTH TO DATE    0.99          0.78   0.21     1.36
  SINCE SEP 1      2.57          1.97   0.60     3.86
  SINCE JAN 1     12.72         12.45   0.27    13.02

DEGREE DAYS
 HEATING
  YESTERDAY       13            20     -7        5
  MONTH TO DATE  318           275     43      253
  SINCE SEP 1    600           513     87      436
  SINCE JUL 1    635           570     65      490

 COOLING
  YESTERDAY        0             0      0        0
  MONTH TO DATE    0             0      0        0
  SINCE SEP 1     65            40     25       25
  SINCE JAN 1    617           500    117      569
......................................................


WIND (MPH)
  HIGHEST WIND SPEED    20   HIGHEST WIND DIRECTION    NW (320)
  HIGHEST GUST SPEED    25   HIGHEST GUST DIRECTION     W (280)
  AVERAGE WIND SPEED     6.6


SKY COVER
  AVERAGE SKY COVER 0.0


WEATHER CONDITIONS
 THE FOLLOWING WEATHER WAS RECORDED YESTERDAY.
  NO SIGNIFICANT WEATHER WAS OBSERVED.


RELATIVE HUMIDITY (PERCENT)
 HIGHEST    75          1200 AM
 LOWEST     15          1200 PM
 AVERAGE    45

..........................................................




SUNRISE AND SUNSET
OCTOBER 17 2017.......SUNRISE   720 AM MDT   SUNSET   614 PM MDT
OCTOBER 18 2017.......SUNRISE   721 AM MDT   SUNSET   612 PM MDT


-  INDICATES NEGATIVE NUMBERS.
R  INDICATES RECORD WAS SET OR TIED.
MM INDICATES DATA IS MISSING.
T  INDICATES TRACE AMOUNT.




$$
