000
CDUS43 KUNR 020831
CLIGCC


CLIMATE REPORT
NATIONAL WEATHER SERVICE RAPID CITY SD
130 AM MST FRI DEC 2 2016


...................................

...THE GILLETTE AIRPORT WY CLIMATE SUMMARY FOR DECEMBER 1 2016...

CLIMATE NORMAL PERIOD 1981 TO 2010
CLIMATE RECORD PERIOD 9999 TO 9999


WEATHER ITEM   OBSERVED TIME   NORMAL DEPARTURE LAST
                VALUE   (LST)  VALUE  FROM      YEAR
                                      NORMAL
......................................................
TEMPERATURE (F)
 YESTERDAY
  MAXIMUM         36   1235 PM  37     -1       34
  MINIMUM         14   1200 AM  15     -1       17
  AVERAGE         25            26     -1       26

PRECIPITATION (IN)
  YESTERDAY        0.00          0.02  -0.02     0.00
  MONTH TO DATE    0.00          0.02  -0.02     0.00
  SINCE DEC 1      0.00          0.02  -0.02     0.00
  SINCE JAN 1     13.39         13.51  -0.12    14.64

DEGREE DAYS
 HEATING
  YESTERDAY       40            39      1       39
  MONTH TO DATE   40            39      1       39
  SINCE DEC 1     40            39      1       39
  SINCE JUL 1   1433          1914   -481     1599

 COOLING
  YESTERDAY        0             0      0        0
  MONTH TO DATE    0             0      0        0
  SINCE DEC 1      0             0      0        0
  SINCE JAN 1    569           502     67      545
......................................................


WIND (MPH)
  HIGHEST WIND SPEED    18   HIGHEST WIND DIRECTION     W (290)
  HIGHEST GUST SPEED    22   HIGHEST GUST DIRECTION     W (290)
  AVERAGE WIND SPEED     9.6


SKY COVER
  AVERAGE SKY COVER 0.8


WEATHER CONDITIONS
 THE FOLLOWING WEATHER WAS RECORDED YESTERDAY.
  NO SIGNIFICANT WEATHER WAS OBSERVED.


RELATIVE HUMIDITY (PERCENT)
 HIGHEST    85           500 PM
 LOWEST     57           600 AM
 AVERAGE    71

..........................................................




SUNRISE AND SUNSET
DECEMBER  2 2016......SUNRISE   720 AM MST   SUNSET   424 PM MST
DECEMBER  3 2016......SUNRISE   721 AM MST   SUNSET   423 PM MST


-  INDICATES NEGATIVE NUMBERS.
R  INDICATES RECORD WAS SET OR TIED.
MM INDICATES DATA IS MISSING.
T  INDICATES TRACE AMOUNT.




$$
