000
CDUS43 KUNR 040836
CLIGCC


CLIMATE REPORT
NATIONAL WEATHER SERVICE RAPID CITY SD
234 AM MDT FRI SEP 4 2015


...................................

...THE GILLETTE AIRPORT WY CLIMATE SUMMARY FOR SEPTEMBER 3 2015...

CLIMATE NORMAL PERIOD 1981 TO 2010
CLIMATE RECORD PERIOD 9999 TO 9999


WEATHER ITEM   OBSERVED TIME   NORMAL DEPARTURE LAST
                VALUE   (LST)  VALUE  FROM      YEAR
                                      NORMAL
......................................................
TEMPERATURE (F)
 YESTERDAY
  MAXIMUM         93    329 PM  80     13       91
  MINIMUM         68   1159 PM  48     20       49
  AVERAGE         81            64     17       70

PRECIPITATION (IN)
  YESTERDAY        0.00          0.03  -0.03     0.00
  MONTH TO DATE    0.00          0.10  -0.10     0.02
  SINCE SEP 1      0.00          0.10  -0.10     0.02
  SINCE JAN 1     13.14         10.58   2.56    15.28

DEGREE DAYS
 HEATING
  YESTERDAY        0             4     -4        0
  MONTH TO DATE    0            11    -11        9
  SINCE SEP 1      0            11    -11        9
  SINCE JUL 1     65            68     -3       58

 COOLING
  YESTERDAY       16             3     13        5
  MONTH TO DATE   39             9     30        5
  SINCE SEP 1     39             9     30        5
  SINCE JAN 1    492           469     23      360
......................................................


WIND (MPH)
  HIGHEST WIND SPEED    30   HIGHEST WIND DIRECTION     S (200)
  HIGHEST GUST SPEED    37   HIGHEST GUST DIRECTION    SW (210)
  AVERAGE WIND SPEED    11.3


SKY COVER
  AVERAGE SKY COVER 0.0


WEATHER CONDITIONS
 THE FOLLOWING WEATHER WAS RECORDED YESTERDAY.
  THUNDERSTORM


RELATIVE HUMIDITY (PERCENT)
 HIGHEST    38          1100 PM
 LOWEST     16           200 PM
 AVERAGE    27

..........................................................




SUNRISE AND SUNSET
SEPTEMBER  4 2015.....SUNRISE   628 AM MDT   SUNSET   733 PM MDT
SEPTEMBER  5 2015.....SUNRISE   629 AM MDT   SUNSET   731 PM MDT


-  INDICATES NEGATIVE NUMBERS.
R  INDICATES RECORD WAS SET OR TIED.
MM INDICATES DATA IS MISSING.
T  INDICATES TRACE AMOUNT.




$$
