000
CDUS43 KDDC 110725
CLIGCK


CLIMATE REPORT
NATIONAL WEATHER SERVICE DODGE CITY KS
125 AM CST THU FEB 11 2016


...................................

...THE GARDEN CITY REGIONAL ARPT KS CLIMATE SUMMARY FOR FEBRUARY 10 2016...

CLIMATE NORMAL PERIOD 1981 TO 2010
CLIMATE RECORD PERIOD 1948 TO 2016


WEATHER ITEM   OBSERVED TIME   RECORD YEAR NORMAL DEPARTURE LAST
                VALUE   (LST)  VALUE       VALUE  FROM      YEAR
                                                  NORMAL
..................................................................
TEMPERATURE (F)
 YESTERDAY
  MAXIMUM         76    349 PM  79    1999  47     29       68
  MINIMUM         28    737 AM -14    1981  20      8       26
  AVERAGE         52                        34     18       47

PRECIPITATION (IN)
  YESTERDAY        0.00          0.95 1993   0.02  -0.02     0.00
  MONTH TO DATE    0.07                      0.17  -0.10      T
  SINCE DEC 1      1.20                      1.03   0.17     0.43
  SINCE JAN 1      0.10                      0.51  -0.41     0.38

DEGREE DAYS
 HEATING
  YESTERDAY       13                        32    -19
  MONTH TO DATE  309                       325    -16
  SINCE DEC 1   2198                      2416   -218
  SINCE JUL 1   3035                      3505   -470

 COOLING
  YESTERDAY        0                         0      0
  MONTH TO DATE    0                         0      0
  SINCE DEC 1      0                         0      0
  SINCE JAN 1      0                         0      0
..................................................................


WIND (MPH)
  HIGHEST WIND SPEED    25   HIGHEST WIND DIRECTION    NW (320)
  HIGHEST GUST SPEED    30   HIGHEST GUST DIRECTION    NW (310)
  AVERAGE WIND SPEED    13.6



WEATHER CONDITIONS
 THE FOLLOWING WEATHER WAS RECORDED YESTERDAY.
  NO SIGNIFICANT WEATHER WAS OBSERVED.


RELATIVE HUMIDITY (PERCENT)
 HIGHEST    78          1200 AM
 LOWEST      9           400 PM
 AVERAGE    44

..........................................................


THE GARDEN CITY REGIONAL ARPT KS CLIMATE NORMALS FOR TODAY
                         NORMAL    RECORD    YEAR
 MAXIMUM TEMPERATURE (F)   47        80      1962
 MINIMUM TEMPERATURE (F)   20       -17      1981


SUNRISE AND SUNSET
FEBRUARY 11 2016......SUNRISE   738 AM CST   SUNSET   617 PM CST
FEBRUARY 12 2016......SUNRISE   737 AM CST   SUNSET   618 PM CST


-  INDICATES NEGATIVE NUMBERS.
R  INDICATES RECORD WAS SET OR TIED.
MM INDICATES DATA IS MISSING.
T  INDICATES TRACE AMOUNT.




$$
