000
CDUS43 KDDC 270711
CLIGCK


CLIMATE REPORT
NATIONAL WEATHER SERVICE DODGE CITY KS
210 AM CDT WED JUL 27 2016


...................................

...THE GARDEN CITY REGIONAL ARPT KS CLIMATE SUMMARY FOR JULY 26 2016...

CLIMATE NORMAL PERIOD 1981 TO 2010
CLIMATE RECORD PERIOD 1948 TO 2016


WEATHER ITEM   OBSERVED TIME   RECORD YEAR NORMAL DEPARTURE LAST
                VALUE   (LST)  VALUE       VALUE  FROM      YEAR
                                                  NORMAL
..................................................................
TEMPERATURE (F)
 YESTERDAY
  MAXIMUM         88    430 PM 105    1960  92     -4       94
  MINIMUM         67    402 AM  53    2004  65      2       70
  AVERAGE         78                        78      0       82

PRECIPITATION (IN)
  YESTERDAY        0.00          1.67 1981   0.09  -0.09      T
  MONTH TO DATE    7.20                      2.34   4.86     6.00
  SINCE JUN 1     12.28                      5.82   6.46     8.55
  SINCE JAN 1     17.74                     12.76   4.98    17.37

DEGREE DAYS
 HEATING
  YESTERDAY        0                         0      0
  MONTH TO DATE    0                         0      0
  SINCE JUN 1      2                        16    -14
  SINCE JUL 1      0                         0      0

 COOLING
  YESTERDAY       13                        13      0
  MONTH TO DATE  367                       346     21
  SINCE JUN 1    713                       598    115
  SINCE JAN 1    772                       687     85
..................................................................


WIND (MPH)
  HIGHEST WIND SPEED    16   HIGHEST WIND DIRECTION    SE (140)
  HIGHEST GUST SPEED    23   HIGHEST GUST DIRECTION    SE (120)
  AVERAGE WIND SPEED     9.0



WEATHER CONDITIONS
 THE FOLLOWING WEATHER WAS RECORDED YESTERDAY.
  FOG


RELATIVE HUMIDITY (PERCENT)
 HIGHEST   100           400 AM
 LOWEST     51           600 PM
 AVERAGE    76

..........................................................


THE GARDEN CITY REGIONAL ARPT KS CLIMATE NORMALS FOR TODAY
                         NORMAL    RECORD    YEAR
 MAXIMUM TEMPERATURE (F)   92       108      1960
 MINIMUM TEMPERATURE (F)   65        49      2005


SUNRISE AND SUNSET
JULY 27 2016..........SUNRISE   642 AM CDT   SUNSET   856 PM CDT
JULY 28 2016..........SUNRISE   643 AM CDT   SUNSET   855 PM CDT


-  INDICATES NEGATIVE NUMBERS.
R  INDICATES RECORD WAS SET OR TIED.
MM INDICATES DATA IS MISSING.
T  INDICATES TRACE AMOUNT.




$$
