000
CDUS43 KDDC 271428
CLIGCK


CLIMATE REPORT
NATIONAL WEATHER SERVICE DODGE CITY KS
927 AM CDT TUE SEP 27 2016


...................................

...THE GARDEN CITY REGIONAL ARPT KS CLIMATE SUMMARY FOR SEPTEMBER 27 2016...
VALID AS OF 0800 AM LOCAL TIME.

CLIMATE NORMAL PERIOD 1981 TO 2010
CLIMATE RECORD PERIOD 1948 TO 2016


WEATHER ITEM   OBSERVED TIME   RECORD YEAR NORMAL DEPARTURE LAST
                VALUE   (LST)  VALUE       VALUE  FROM      YEAR
                                                  NORMAL
..................................................................
TEMPERATURE (F)
 TODAY
  MAXIMUM         54   1202 AM  98    1982  77    -23       86
  MINIMUM         42    650 AM  36    1967  49     -7       54
  AVERAGE         48                        63    -15       70

PRECIPITATION (IN)
  TODAY            0.00          1.20 2013   0.04  -0.04     0.00
  MONTH TO DATE    0.19                      1.34  -1.15     0.11
  SINCE SEP 1      0.19                      1.34  -1.15     0.11
  SINCE JAN 1     20.02                     16.99   3.03    19.90

..................................................................


WIND (MPH)
  HIGHEST WIND SPEED    10   HIGHEST WIND DIRECTION    SW (230)
  HIGHEST GUST SPEED    13   HIGHEST GUST DIRECTION     W (270)



WEATHER CONDITIONS
 THE FOLLOWING WEATHER WAS RECORDED TODAY.
  NO SIGNIFICANT WEATHER WAS OBSERVED.


RELATIVE HUMIDITY (PERCENT)
 HIGHEST    82           700 AM
 LOWEST     50           100 AM

..........................................................


THE GARDEN CITY REGIONAL ARPT KS CLIMATE NORMALS FOR TOMORROW
                         NORMAL    RECORD    YEAR
 MAXIMUM TEMPERATURE (F)   77        97      1953
 MINIMUM TEMPERATURE (F)   49        34      1985


SUNRISE AND SUNSET
SEPTEMBER 27 2016.....SUNRISE   735 AM CDT   SUNSET   731 PM CDT
SEPTEMBER 28 2016.....SUNRISE   736 AM CDT   SUNSET   730 PM CDT


-  INDICATES NEGATIVE NUMBERS.
R  INDICATES RECORD WAS SET OR TIED.
MM INDICATES DATA IS MISSING.
T  INDICATES TRACE AMOUNT.




$$
