000
CDUS43 KDDC 272334
CLIGCK


CLIMATE REPORT
NATIONAL WEATHER SERVICE DODGE CITY KS
633 PM CDT FRI MAR 27 2015


...................................

...THE GARDEN CITY REGIONAL ARPT KS CLIMATE SUMMARY FOR MARCH 27 2015...
VALID TODAY AS OF 0500 PM LOCAL TIME.

CLIMATE NORMAL PERIOD 1981 TO 2010
CLIMATE RECORD PERIOD 1948 TO 2015


WEATHER ITEM   OBSERVED TIME   RECORD YEAR NORMAL DEPARTURE LAST
                VALUE   (LST)  VALUE       VALUE  FROM      YEAR
                                                  NORMAL
..................................................................
TEMPERATURE (F)
 TODAY
  MAXIMUM         63    353 PM  84    1988  61      2       61
  MINIMUM         33    647 AM  12    1955  32      1       37
  AVERAGE         48                        47      1       49

PRECIPITATION (IN)
  TODAY            T             1.26 1980   0.06  -0.06     0.00
  MONTH TO DATE    0.32                      1.22  -0.90     0.04
  SINCE MAR 1      0.32                      1.22  -0.90     0.04
  SINCE JAN 1      1.09                      2.10  -1.01     0.20

DEGREE DAYS
 HEATING
  TODAY           17                        18     -1       16
  MONTH TO DATE  535                       593    -58      691
  SINCE MAR 1    535                       593    -58      691
  SINCE JUL 1   4443                      4617   -174     4867

 COOLING
  TODAY            0                         0      0        0
  MONTH TO DATE    0                         0      0        0
  SINCE MAR 1      0                         0      0        0
  SINCE JAN 1      0                         0      0        0
..................................................................


WIND (MPH)
  HIGHEST WIND SPEED    20   HIGHEST WIND DIRECTION    NE (40)
  HIGHEST GUST SPEED    28   HIGHEST GUST DIRECTION    SW (230)
  AVERAGE WIND SPEED    10.2



WEATHER CONDITIONS
 THE FOLLOWING WEATHER WAS RECORDED TODAY.
  NO SIGNIFICANT WEATHER WAS OBSERVED.


RELATIVE HUMIDITY (PERCENT)
 HIGHEST    89           400 AM
 LOWEST     34           400 PM
 AVERAGE    62

..........................................................


THE GARDEN CITY REGIONAL ARPT KS CLIMATE NORMALS FOR TOMORROW
                         NORMAL    RECORD    YEAR
 MAXIMUM TEMPERATURE (F)   62        90      1963
 MINIMUM TEMPERATURE (F)   33         3      1970


SUNRISE AND SUNSET
MARCH 27 2015.........SUNRISE   736 AM CDT   SUNSET   801 PM CDT
MARCH 28 2015.........SUNRISE   735 AM CDT   SUNSET   802 PM CDT


-  INDICATES NEGATIVE NUMBERS.
R  INDICATES RECORD WAS SET OR TIED.
MM INDICATES DATA IS MISSING.
T  INDICATES TRACE AMOUNT.




$$
