000
CDUS43 KDDC 221007
CLIGCK


CLIMATE REPORT
NATIONAL WEATHER SERVICE DODGE CITY KS
506 AM CDT MON SEP 22 2014


...................................

...THE GARDEN CITY REGIONAL ARPT KS CLIMATE SUMMARY FOR SEPTEMBER 21 2014...

CLIMATE NORMAL PERIOD 1981 TO 2010
CLIMATE RECORD PERIOD 1948 TO 2014


WEATHER ITEM   OBSERVED TIME   RECORD YEAR NORMAL DEPARTURE LAST
                VALUE   (LST)  VALUE       VALUE  FROM      YEAR
                                                  NORMAL
..................................................................
TEMPERATURE (F)
 YESTERDAY
  MAXIMUM         80    349 PM  99    2005  80      0       82
  MINIMUM         57    656 AM  28    1983  52      5       50
  AVERAGE         69                        66      3       66

PRECIPITATION (IN)
  YESTERDAY        T             0.98 1963   0.04  -0.04     0.00
  MONTH TO DATE    1.47                      1.07   0.40     1.22
  SINCE SEP 1      1.47                      1.07   0.40     1.22
  SINCE JAN 1     19.12                     16.72   2.40    11.39

DEGREE DAYS
 HEATING
  YESTERDAY        0                         3     -3
  MONTH TO DATE   56                        29     27
  SINCE SEP 1     56                        29     27
  SINCE JUL 1     66                        33     33

 COOLING
  YESTERDAY        4                         4      0
  MONTH TO DATE  127                       136     -9
  SINCE SEP 1    127                       136     -9
  SINCE JAN 1   1287                      1252     35
..................................................................


WIND (MPH)
  HIGHEST WIND SPEED    22   HIGHEST WIND DIRECTION    NE (50)
  HIGHEST GUST SPEED    27   HIGHEST GUST DIRECTION    NE (60)
  AVERAGE WIND SPEED    12.3



WEATHER CONDITIONS
 THE FOLLOWING WEATHER WAS RECORDED YESTERDAY.
  NO SIGNIFICANT WEATHER WAS OBSERVED.


RELATIVE HUMIDITY (PERCENT)
 HIGHEST    84           100 AM
 LOWEST     25           200 PM
 AVERAGE    55

..........................................................


THE GARDEN CITY REGIONAL ARPT KS CLIMATE NORMALS FOR TODAY
                         NORMAL    RECORD    YEAR
 MAXIMUM TEMPERATURE (F)   80        92      1968
 MINIMUM TEMPERATURE (F)   51        29      1995


SUNRISE AND SUNSET
SEPTEMBER 22 2014.....SUNRISE   731 AM CDT   SUNSET   740 PM CDT
SEPTEMBER 23 2014.....SUNRISE   731 AM CDT   SUNSET   738 PM CDT


-  INDICATES NEGATIVE NUMBERS.
R  INDICATES RECORD WAS SET OR TIED.
MM INDICATES DATA IS MISSING.
T  INDICATES TRACE AMOUNT.




$$
