000
CDUS43 KDDC 202326
CLIGCK


CLIMATE REPORT
NATIONAL WEATHER SERVICE DODGE CITY KS
626 PM CDT SUN APR 20 2014


...................................

...THE GARDEN CITY REGIONAL ARPT KS CLIMATE SUMMARY FOR APRIL 20 2014...
VALID TODAY AS OF 0500 PM LOCAL TIME.

CLIMATE NORMAL PERIOD 1981 TO 2010
CLIMATE RECORD PERIOD 1948 TO 2014


WEATHER ITEM   OBSERVED TIME   RECORD YEAR NORMAL DEPARTURE LAST
                VALUE   (LST)  VALUE       VALUE  FROM      YEAR
                                                  NORMAL
..................................................................
TEMPERATURE (F)
 TODAY
  MAXIMUM         81    332 PM  91    1989  69     12       65
  MINIMUM         53    559 AM  22    1966  40     13       31
  AVERAGE         67                        54     13       48

PRECIPITATION (IN)
  TODAY            0.00          1.10 1984   0.06  -0.06     0.00
  MONTH TO DATE    0.44                      1.06  -0.62     0.05
  SINCE MAR 1      0.48                      2.52  -2.04     0.13
  SINCE JAN 1      0.64                      3.40  -2.76     0.47

DEGREE DAYS
 HEATING
  TODAY            0                        11    -11       17
  MONTH TO DATE  283                       281      2      387
  SINCE MAR 1   1024                       945     79     1036
  SINCE JUL 1   5200                      4969    231     4937

 COOLING
  TODAY            2                         1      1        0
  MONTH TO DATE    8                         1      7        0
  SINCE MAR 1      8                         1      7        0
  SINCE JAN 1      8                         1      7        0
..................................................................


WIND (MPH)
  HIGHEST WIND SPEED    24   HIGHEST WIND DIRECTION     S (190)
  HIGHEST GUST SPEED    31   HIGHEST GUST DIRECTION     S (180)
  AVERAGE WIND SPEED    13.2



WEATHER CONDITIONS
 THE FOLLOWING WEATHER WAS RECORDED TODAY.
  NO SIGNIFICANT WEATHER WAS OBSERVED.


RELATIVE HUMIDITY (PERCENT)
 HIGHEST    89           500 AM
 LOWEST     27           500 PM
 AVERAGE    58

..........................................................


THE GARDEN CITY REGIONAL ARPT KS CLIMATE NORMALS FOR TOMORROW
                         NORMAL    RECORD    YEAR
 MAXIMUM TEMPERATURE (F)   69        93      1989
 MINIMUM TEMPERATURE (F)   41        23      1982


SUNRISE AND SUNSET
APRIL 20 2014.........SUNRISE   701 AM CDT   SUNSET   823 PM CDT
APRIL 21 2014.........SUNRISE   659 AM CDT   SUNSET   824 PM CDT


-  INDICATES NEGATIVE NUMBERS.
R  INDICATES RECORD WAS SET OR TIED.
MM INDICATES DATA IS MISSING.
T  INDICATES TRACE AMOUNT.




$$
