000
CDUS43 KDDC 040707
CLIGCK


CLIMATE REPORT
NATIONAL WEATHER SERVICE DODGE CITY KS
207 AM CDT WED MAY 4 2016


...................................

...THE GARDEN CITY REGIONAL ARPT KS CLIMATE SUMMARY FOR MAY 3 2016...

CLIMATE NORMAL PERIOD 1981 TO 2010
CLIMATE RECORD PERIOD 1948 TO 2016


WEATHER ITEM   OBSERVED TIME   RECORD YEAR NORMAL DEPARTURE LAST
                VALUE   (LST)  VALUE       VALUE  FROM      YEAR
                                                  NORMAL
..................................................................
TEMPERATURE (F)
 YESTERDAY
  MAXIMUM         67    328 PM  94    1996  73     -6       87
  MINIMUM         41    614 AM  26    2013  45     -4       51
  AVERAGE         54                        59     -5       69

PRECIPITATION (IN)
  YESTERDAY        0.00          1.10 1981   0.07  -0.07     0.04
  MONTH TO DATE    0.00                      0.22  -0.22     0.04
  SINCE MAR 1      4.54                      3.40   1.14     0.72
  SINCE JAN 1      4.76                      4.28   0.48     1.49

DEGREE DAYS
 HEATING
  YESTERDAY       11                         7      4
  MONTH TO DATE   51                        22     29
  SINCE MAR 1    900                      1060   -160
  SINCE JUL 1   4313                      5084   -771

 COOLING
  YESTERDAY        0                         1     -1
  MONTH TO DATE    0                         3     -3
  SINCE MAR 1      5                        15    -10
  SINCE JAN 1      6                        15     -9
..................................................................


WIND (MPH)
  HIGHEST WIND SPEED    20   HIGHEST WIND DIRECTION     N (340)
  HIGHEST GUST SPEED    23   HIGHEST GUST DIRECTION     N (340)
  AVERAGE WIND SPEED     9.5



WEATHER CONDITIONS
 THE FOLLOWING WEATHER WAS RECORDED YESTERDAY.
  NO SIGNIFICANT WEATHER WAS OBSERVED.


RELATIVE HUMIDITY (PERCENT)
 HIGHEST    83           700 AM
 LOWEST     34           400 PM
 AVERAGE    59

..........................................................


THE GARDEN CITY REGIONAL ARPT KS CLIMATE NORMALS FOR TODAY
                         NORMAL    RECORD    YEAR
 MAXIMUM TEMPERATURE (F)   73        97      2014
 MINIMUM TEMPERATURE (F)   46        27      2013


SUNRISE AND SUNSET
MAY  4 2016...........SUNRISE   643 AM CDT   SUNSET   837 PM CDT
MAY  5 2016...........SUNRISE   642 AM CDT   SUNSET   838 PM CDT


-  INDICATES NEGATIVE NUMBERS.
R  INDICATES RECORD WAS SET OR TIED.
MM INDICATES DATA IS MISSING.
T  INDICATES TRACE AMOUNT.




$$
