000
CDUS43 KDDC 231006
CLIGCK


CLIMATE REPORT
NATIONAL WEATHER SERVICE DODGE CITY KS
505 AM CDT SAT MAY 23 2015


...................................

...THE GARDEN CITY REGIONAL ARPT KS CLIMATE SUMMARY FOR MAY 22 2015...

CLIMATE NORMAL PERIOD 1981 TO 2010
CLIMATE RECORD PERIOD 1948 TO 2015


WEATHER ITEM   OBSERVED TIME   RECORD YEAR NORMAL DEPARTURE LAST
                VALUE   (LST)  VALUE       VALUE  FROM      YEAR
                                                  NORMAL
..................................................................
TEMPERATURE (F)
 YESTERDAY
  MAXIMUM         57    652 PM  99    1996  78    -21       87
  MINIMUM         48    844 AM  41    1963  52     -4       59
  AVERAGE         53                        65    -12       73

PRECIPITATION (IN)
  YESTERDAY        0.48          1.38 1991   0.10   0.38     0.59
  MONTH TO DATE    4.72                      1.92   2.80     0.60
  SINCE MAR 1      5.40                      5.10   0.30     1.11
  SINCE JAN 1      6.17                      5.98   0.19     1.27

DEGREE DAYS
 HEATING
  YESTERDAY       12                         3      9
  MONTH TO DATE  148                       110     38
  SINCE MAR 1   1028                      1148   -120
  SINCE JUL 1   4936                      5172   -236

 COOLING
  YESTERDAY        0                         3     -3
  MONTH TO DATE   17                        41    -24
  SINCE MAR 1     24                        53    -29
  SINCE JAN 1     24                        53    -29
..................................................................


WIND (MPH)
  HIGHEST WIND SPEED    25   HIGHEST WIND DIRECTION    SE (150)
  HIGHEST GUST SPEED    32   HIGHEST GUST DIRECTION    SE (150)
  AVERAGE WIND SPEED    16.8



WEATHER CONDITIONS
 THE FOLLOWING WEATHER WAS RECORDED YESTERDAY.
  RAIN
  LIGHT RAIN
  FOG


RELATIVE HUMIDITY (PERCENT)
 HIGHEST   100           200 AM
 LOWEST     86           400 PM
 AVERAGE    93

..........................................................


THE GARDEN CITY REGIONAL ARPT KS CLIMATE NORMALS FOR TODAY
                         NORMAL    RECORD    YEAR
 MAXIMUM TEMPERATURE (F)   78       101      1964
 MINIMUM TEMPERATURE (F)   53        42      1966


SUNRISE AND SUNSET
MAY 23 2015...........SUNRISE   627 AM CDT   SUNSET   853 PM CDT
MAY 24 2015...........SUNRISE   626 AM CDT   SUNSET   854 PM CDT


-  INDICATES NEGATIVE NUMBERS.
R  INDICATES RECORD WAS SET OR TIED.
MM INDICATES DATA IS MISSING.
T  INDICATES TRACE AMOUNT.




$$
