000
CDUS43 KDDC 021006
CLIGCK


CLIMATE REPORT
NATIONAL WEATHER SERVICE DODGE CITY KS
406 AM CST MON MAR 2 2015


...................................

...THE GARDEN CITY REGIONAL ARPT KS CLIMATE SUMMARY FOR MARCH 1 2015...

CLIMATE NORMAL PERIOD 1981 TO 2010
CLIMATE RECORD PERIOD 1948 TO 2015


WEATHER ITEM   OBSERVED TIME   RECORD YEAR NORMAL DEPARTURE LAST
                VALUE   (LST)  VALUE       VALUE  FROM      YEAR
                                                  NORMAL
..................................................................
TEMPERATURE (F)
 YESTERDAY
  MAXIMUM         29    531 PM  80    2008  53    -24       24
                                      1974
  MINIMUM         19    735 AM  -1    1980  25     -6        4
  AVERAGE         24                        39    -15       14

PRECIPITATION (IN)
  YESTERDAY        0.00          0.76 1993   0.03  -0.03      T
  MONTH TO DATE    0.00                      0.03  -0.03      T
  SINCE MAR 1      0.00                      0.03  -0.03      T
  SINCE JAN 1      0.77                      0.91  -0.14     0.16

DEGREE DAYS
 HEATING
  YESTERDAY       41                        26     15
  MONTH TO DATE   41                        26     15
  SINCE MAR 1     41                        26     15
  SINCE JUL 1   3949                      4050   -101

 COOLING
  YESTERDAY        0                         0      0
  MONTH TO DATE    0                         0      0
  SINCE MAR 1      0                         0      0
  SINCE JAN 1      0                         0      0
..................................................................


WIND (MPH)
  HIGHEST WIND SPEED    10   HIGHEST WIND DIRECTION     N (350)
  HIGHEST GUST SPEED    13   HIGHEST GUST DIRECTION     N (360)
  AVERAGE WIND SPEED     3.9



WEATHER CONDITIONS
 THE FOLLOWING WEATHER WAS RECORDED YESTERDAY.
  FOG
  HAZE


RELATIVE HUMIDITY (PERCENT)
 HIGHEST   100           800 AM
 LOWEST     69           400 PM
 AVERAGE    85

..........................................................


THE GARDEN CITY REGIONAL ARPT KS CLIMATE NORMALS FOR TODAY
                         NORMAL    RECORD    YEAR
 MAXIMUM TEMPERATURE (F)   53        87      1974
 MINIMUM TEMPERATURE (F)   26        -3      2014
                                             1980


SUNRISE AND SUNSET
MARCH  2 2015.........SUNRISE   713 AM CST   SUNSET   637 PM CST
MARCH  3 2015.........SUNRISE   712 AM CST   SUNSET   638 PM CST


-  INDICATES NEGATIVE NUMBERS.
R  INDICATES RECORD WAS SET OR TIED.
MM INDICATES DATA IS MISSING.
T  INDICATES TRACE AMOUNT.




$$
