000
CDUS43 KDDC 312325
CLIGCK


CLIMATE REPORT
NATIONAL WEATHER SERVICE DODGE CITY KS
625 PM CDT WED AUG 31 2016


...................................

...THE GARDEN CITY REGIONAL ARPT KS CLIMATE SUMMARY FOR AUGUST 31 2016...
VALID TODAY AS OF 0500 PM LOCAL TIME.

CLIMATE NORMAL PERIOD 1981 TO 2010
CLIMATE RECORD PERIOD 1948 TO 2016


WEATHER ITEM   OBSERVED TIME   RECORD YEAR NORMAL DEPARTURE LAST
                VALUE   (LST)  VALUE       VALUE  FROM      YEAR
                                                  NORMAL
..................................................................
TEMPERATURE (F)
 TODAY
  MAXIMUM         79    356 PM 104    2011  87     -8       97
  MINIMUM         63    527 AM  47    1993  61      2       60
  AVERAGE         71                        74     -3       79

PRECIPITATION (IN)
  TODAY            0.00          1.70 1949   0.07  -0.07     0.00
  MONTH TO DATE    1.72                      2.45  -0.73     1.89
  SINCE JUN 1     14.37                      8.71   5.66    10.97
  SINCE JAN 1     19.83                     15.65   4.18    19.79

DEGREE DAYS
 HEATING
  TODAY            0                         0      0        0
  MONTH TO DATE    0                         0      0        0
  SINCE JUN 1      2                        20    -18        0
  SINCE JUL 1      0                         4     -4        0

 COOLING
  TODAY            6                         9     -3       14
  MONTH TO DATE  320                       365    -45      349
  SINCE JUN 1   1097                      1027     70     1105
  SINCE JAN 1   1156                      1116     40     1135
..................................................................


WIND (MPH)
  HIGHEST WIND SPEED    14   HIGHEST WIND DIRECTION    NE (40)
  HIGHEST GUST SPEED    17   HIGHEST GUST DIRECTION    NE (50)
  AVERAGE WIND SPEED     5.4



WEATHER CONDITIONS
 THE FOLLOWING WEATHER WAS RECORDED TODAY.
  THUNDERSTORM
  FOG
  FOG W/VISIBILITY <= 1/4 MILE


RELATIVE HUMIDITY (PERCENT)
 HIGHEST   100           700 AM
 LOWEST     62           400 PM
 AVERAGE    81

..........................................................


THE GARDEN CITY REGIONAL ARPT KS CLIMATE NORMALS FOR TOMORROW
                         NORMAL    RECORD    YEAR
 MAXIMUM TEMPERATURE (F)   87       106      2011
 MINIMUM TEMPERATURE (F)   60        48      1949


SUNRISE AND SUNSET
AUGUST 31 2016........SUNRISE   712 AM CDT   SUNSET   813 PM CDT
SEPTEMBER  1 2016.....SUNRISE   713 AM CDT   SUNSET   811 PM CDT


-  INDICATES NEGATIVE NUMBERS.
R  INDICATES RECORD WAS SET OR TIED.
MM INDICATES DATA IS MISSING.
T  INDICATES TRACE AMOUNT.




$$
