000
CDUS41 KPHI 282130
CLIGED


CLIMATE REPORT
NATIONAL WEATHER SERVICE MOUNT HOLLY NJ
528 PM EDT SUN MAY 28 2017


...................................

...THE GEORGETOWN DE CLIMATE SUMMARY FOR MAY 28 2017...
VALID TODAY AS OF 0500 PM LOCAL TIME.

CLIMATE NORMAL PERIOD 1981 TO 2010
CLIMATE RECORD PERIOD 1948 TO 2017


WEATHER ITEM   OBSERVED TIME   RECORD YEAR NORMAL DEPARTURE LAST
                VALUE   (LST)  VALUE       VALUE  FROM      YEAR
                                                  NORMAL
..................................................................
TEMPERATURE (F)
 TODAY
  MAXIMUM         75   1156 AM  93    1965  77     -2       89
  MINIMUM         61    417 AM  39    1972  57      4       62
  AVERAGE         68                        67      1       76

PRECIPITATION (IN)
  TODAY            0.19          1.30 1968   0.12   0.07     0.00
  MONTH TO DATE    4.56                      3.16   1.40     4.97
  SINCE MAR 1     11.41                     10.84   0.57    10.33
  SINCE JAN 1     15.65                     16.55  -0.90    16.80

DEGREE DAYS
 HEATING
  TODAY            0                         2     -2        0
  MONTH TO DATE  109                       129    -20      159
  SINCE MAR 1    890                      1109   -219      981
  SINCE JUL 1   3575                      4389   -814     3659

 COOLING
  TODAY            3                         4     -1       11
  MONTH TO DATE   71                        62      9       47
  SINCE MAR 1    139                        82     57       68
  SINCE JAN 1    139                        82     57       68
..................................................................


WIND (MPH)
  HIGHEST WIND SPEED    16   HIGHEST WIND DIRECTION    SE (120)
  HIGHEST GUST SPEED    20   HIGHEST GUST DIRECTION    SE (120)
  AVERAGE WIND SPEED     5.8


SKY COVER
  POSSIBLE SUNSHINE  MM
  AVERAGE SKY COVER 0.7


WEATHER CONDITIONS
 THE FOLLOWING WEATHER WAS RECORDED TODAY.
  RAIN
  LIGHT RAIN
  FOG


RELATIVE HUMIDITY (PERCENT)
 HIGHEST    93           400 PM
 LOWEST     57           800 AM
 AVERAGE    75

..........................................................


THE GEORGETOWN DE CLIMATE NORMALS FOR TOMORROW
                         NORMAL    RECORD    YEAR
 MAXIMUM TEMPERATURE (F)   78        92      1955
 MINIMUM TEMPERATURE (F)   57        39      1997


SUNRISE AND SUNSET
MAY 28 2017...........SUNRISE   540 AM EDT   SUNSET   818 PM EDT
MAY 29 2017...........SUNRISE   540 AM EDT   SUNSET   818 PM EDT


-  INDICATES NEGATIVE NUMBERS.
R  INDICATES RECORD WAS SET OR TIED.
MM INDICATES DATA IS MISSING.
T  INDICATES TRACE AMOUNT.




$$
