316
CDUS41 KPHI 190601
CLIGED


CLIMATE REPORT
NATIONAL WEATHER SERVICE MOUNT HOLLY NJ
1259 AM EST MON FEB 19 2018


...................................

...THE GEORGETOWN DE CLIMATE SUMMARY FOR FEBRUARY 18 2018...

CLIMATE NORMAL PERIOD 1981 TO 2010
CLIMATE RECORD PERIOD 1948 TO 2018


WEATHER ITEM   OBSERVED TIME   RECORD YEAR NORMAL DEPARTURE LAST
                VALUE   (LST)  VALUE       VALUE  FROM      YEAR
                                                  NORMAL
..................................................................
TEMPERATURE (F)
 YESTERDAY
  MAXIMUM         50    348 PM  76    1976  47      3       71
  MINIMUM         31   1159 PM  -3    1979  29      2       28
  AVERAGE         41                        38      3       50

PRECIPITATION (IN)
  YESTERDAY        0.00          1.05 1967   0.10  -0.10     0.00
  MONTH TO DATE    3.82                      1.77   2.05     0.56
  SINCE DEC 1      7.63                      7.98  -0.35     6.49
  SINCE JAN 1      6.67                      4.69   1.98     3.69

DEGREE DAYS
 HEATING
  YESTERDAY       24                        27     -3       15
  MONTH TO DATE  412                       510    -98      415
  SINCE DEC 1   2211                      2236    -25     1935
  SINCE JUL 1   2828                      3020   -192     2569

 COOLING
  YESTERDAY        0                         0      0        0
  MONTH TO DATE    0                         0      0        0
  SINCE DEC 1      0                         0      0        0
  SINCE JAN 1      0                         0      0        0
..................................................................


WIND (MPH)
  HIGHEST WIND SPEED    17   HIGHEST WIND DIRECTION     N (10)
  HIGHEST GUST SPEED    27   HIGHEST GUST DIRECTION     N (20)
  AVERAGE WIND SPEED     5.0


SKY COVER
  POSSIBLE SUNSHINE  MM
  AVERAGE SKY COVER 0.3


WEATHER CONDITIONS
 THE FOLLOWING WEATHER WAS RECORDED YESTERDAY.
  HAZE


RELATIVE HUMIDITY (PERCENT)
 HIGHEST   100           500 AM
 LOWEST     46           200 PM
 AVERAGE    73

..........................................................


THE GEORGETOWN DE CLIMATE NORMALS FOR TODAY
                         NORMAL    RECORD    YEAR
 MAXIMUM TEMPERATURE (F)   48        74      1976
 MINIMUM TEMPERATURE (F)   29        10      2015


SUNRISE AND SUNSET
FEBRUARY 19 2018......SUNRISE   647 AM EST   SUNSET   544 PM EST
FEBRUARY 20 2018......SUNRISE   646 AM EST   SUNSET   545 PM EST


-  INDICATES NEGATIVE NUMBERS.
R  INDICATES RECORD WAS SET OR TIED.
MM INDICATES DATA IS MISSING.
T  INDICATES TRACE AMOUNT.




$$
