000
CDUS41 KPHI 060636
CLIGED


CLIMATE REPORT
NATIONAL WEATHER SERVICE MOUNT HOLLY NJ
135 AM EST SAT FEB 6 2016


...................................

...THE GEORGETOWN DE CLIMATE SUMMARY FOR FEBRUARY 5 2016...

CLIMATE NORMAL PERIOD 1981 TO 2010
CLIMATE RECORD PERIOD 1948 TO 2016


WEATHER ITEM   OBSERVED TIME   RECORD YEAR NORMAL DEPARTURE LAST
                VALUE   (LST)  VALUE       VALUE  FROM      YEAR
                                                  NORMAL
..................................................................
TEMPERATURE (F)
 YESTERDAY
  MAXIMUM         43    354 PM  69    1962  45     -2       42
  MINIMUM         31   1136 PM  -3    1996  27      4       21
  AVERAGE         37                        36      1       32

PRECIPITATION (IN)
  YESTERDAY        0.47          1.29 2001   0.10   0.37     0.00
  MONTH TO DATE    1.20                      0.50   0.70     0.75
  SINCE DEC 1      8.23                      6.71   1.52     8.81
  SINCE JAN 1      4.07                      3.42   0.65     5.28

SNOWFALL (IN)
  YESTERDAY       MM            MM      MM  MM     MM       MM
  MONTH TO DATE   MM                        MM     MM       MM
  SINCE DEC 1     MM                        MM     MM       MM
  SINCE JUL 1     MM                        MM     MM       MM
  SNOW DEPTH      MM

DEGREE DAYS
 HEATING
  YESTERDAY       28                        29     -1       33
  MONTH TO DATE   85                       145    -60      157
  SINCE DEC 1   1400                      1871   -471     1820
  SINCE JUL 1   2040                      2655   -615     2583

 COOLING
  YESTERDAY        0                         0      0        0
  MONTH TO DATE    0                         0      0        0
  SINCE DEC 1      9                         0      9        0
  SINCE JAN 1      0                         0      0        0
..................................................................


WIND (MPH)
  HIGHEST WIND SPEED    18   HIGHEST WIND DIRECTION     N (10)
  HIGHEST GUST SPEED    28   HIGHEST GUST DIRECTION     N (360)
  AVERAGE WIND SPEED     8.0


SKY COVER
  POSSIBLE SUNSHINE  MM
  AVERAGE SKY COVER 0.7


WEATHER CONDITIONS
 THE FOLLOWING WEATHER WAS RECORDED YESTERDAY.
  MIXED PRECIP
  RAIN
  LIGHT RAIN
  LIGHT SNOW
  FOG


RELATIVE HUMIDITY (PERCENT)
 HIGHEST    96           600 AM
 LOWEST     50           600 PM
 AVERAGE    73

..........................................................


THE GEORGETOWN DE CLIMATE NORMALS FOR TODAY
                         NORMAL    RECORD    YEAR
 MAXIMUM TEMPERATURE (F)   45        72      1991
 MINIMUM TEMPERATURE (F)   27        -8      1996


SUNRISE AND SUNSET
FEBRUARY  6 2016......SUNRISE   703 AM EST   SUNSET   528 PM EST
FEBRUARY  7 2016......SUNRISE   702 AM EST   SUNSET   530 PM EST


-  INDICATES NEGATIVE NUMBERS.
R  INDICATES RECORD WAS SET OR TIED.
MM INDICATES DATA IS MISSING.
T  INDICATES TRACE AMOUNT.




$$
