000
CDUS46 KOTX 302346
CLIGEG


CLIMATE REPORT
NATIONAL WEATHER SERVICE SPOKANE, WA
446 PM PDT THU JUL 30 2015


...................................

...THE SPOKANE WA AIRPORT CLIMATE SUMMARY FOR JULY 30 2015...
VALID AS OF 0400 PM LOCAL TIME.

CLIMATE NORMAL PERIOD 1981 TO 2010
CLIMATE RECORD PERIOD 1881 TO 2015


WEATHER ITEM   OBSERVED TIME   RECORD YEAR NORMAL DEPARTURE LAST
                VALUE   (LST)  VALUE       VALUE  FROM      YEAR
                                                  NORMAL
..................................................................
TEMPERATURE (F)
 TODAY
  MAXIMUM         95    254 PM 102    1929  86      9       99
  MINIMUM         61    421 AM  41    2001  58      3       68
  AVERAGE         78                        72      6       84

PRECIPITATION (IN)
  TODAY            0.00          0.31 1975   0.01  -0.01     0.00
  MONTH TO DATE    0.19                      0.62  -0.43     0.18
  SINCE OCT 1     11.75                     15.28  -3.53    11.75
  SINCE JAN 1      7.02                      9.50  -2.48     9.42

SNOWFALL (IN)
  TODAY            0.0           0.0  2002   0.0    0.0      0.0
                                      2001
                                      2000
  MONTH TO DATE    0.0                       0.0    0.0      0.0
  SINCE JUN 1      0.0                       0.0    0.0      0.0
  SINCE JUL 1      0.0                       0.0    0.0      0.0
  SNOW DEPTH       0

DEGREE DAYS
 HEATING
  TODAY            0                         0      0        0
  MONTH TO DATE    5                        31    -26        7
  SINCE JUN 1     30                       167   -137      113
  SINCE JUL 1      5                        31    -26        7

 COOLING
  TODAY           13                         7      6       19
  MONTH TO DATE  283                       171    112      329
  SINCE JUN 1    508                       220    288      343
  SINCE JAN 1    540                       234    306      349
..................................................................


WIND (MPH)
  HIGHEST WIND SPEED    15   HIGHEST WIND DIRECTION    SW (210)
  HIGHEST GUST SPEED    18   HIGHEST GUST DIRECTION     W (270)
  AVERAGE WIND SPEED     6.0


SKY COVER
  POSSIBLE SUNSHINE  MM
  AVERAGE SKY COVER 0.0


WEATHER CONDITIONS
 THE FOLLOWING WEATHER WAS RECORDED TODAY.
  NO SIGNIFICANT WEATHER WAS OBSERVED.


RELATIVE HUMIDITY (PERCENT)
 HIGHEST    40           600 AM
 LOWEST     10           300 PM
 AVERAGE    25

..........................................................


THE SPOKANE WA AIRPORT CLIMATE NORMALS FOR TOMORROW
                         NORMAL    RECORD    YEAR
 MAXIMUM TEMPERATURE (F)   86       103      1929
 MINIMUM TEMPERATURE (F)   58        45      2006
                                             1945


SUNRISE AND SUNSET
JULY 30 2015..........SUNRISE   525 AM PDT   SUNSET   828 PM PDT
JULY 31 2015..........SUNRISE   526 AM PDT   SUNSET   826 PM PDT


-  INDICATES NEGATIVE NUMBERS.
R  INDICATES RECORD WAS SET OR TIED.
MM INDICATES DATA IS MISSING.
T  INDICATES TRACE AMOUNT.




$$
