000
CDUS46 KOTX 090426
CLIGEG


CLIMATE REPORT
NATIONAL WEATHER SERVICE SPOKANE, WA
825 PM PST MON FEB 8 2016


...................................

...THE SPOKANE WA AIRPORT CLIMATE SUMMARY FOR FEBRUARY 8 2016...
VALID TODAY AS OF 0800 PM LOCAL TIME.

CLIMATE NORMAL PERIOD 1981 TO 2010
CLIMATE RECORD PERIOD 1881 TO 2016


WEATHER ITEM   OBSERVED TIME   RECORD YEAR NORMAL DEPARTURE LAST
                VALUE   (LST)  VALUE       VALUE  FROM      YEAR
                                                  NORMAL
..................................................................
TEMPERATURE (F)
 TODAY
  MAXIMUM         48    353 PM  54    2015  38     10       54
  MINIMUM         30    723 AM -12    1929  26      4       40
  AVERAGE         39                        32      7       47

PRECIPITATION (IN)
  TODAY            0.00          0.79 1948   0.04  -0.04      T
  MONTH TO DATE    0.14                      0.37  -0.23     0.95
  SINCE OCT 1      9.24                      7.94   1.30     7.59
  SINCE JAN 1      2.88                      2.16   0.72     2.86

DEGREE DAYS
 HEATING
  TODAY           26                        33     -7       18
  MONTH TO DATE  254                       266    -12      189
  SINCE DEC 1   2356                      2532   -176     2229
  SINCE JUL 1   3790                      4199   -409     3598

 COOLING
  TODAY            0                         0      0        0
  MONTH TO DATE    0                         0      0        0
  SINCE DEC 1      0                         0      0        0
  SINCE JAN 1      0                         0      0        0
..................................................................


WIND (MPH)
  HIGHEST WIND SPEED     9   HIGHEST WIND DIRECTION    NE (50)
  HIGHEST GUST SPEED    11   HIGHEST GUST DIRECTION    NE (50)
  AVERAGE WIND SPEED     5.6


SKY COVER
  POSSIBLE SUNSHINE  MM
  AVERAGE SKY COVER 0.6


WEATHER CONDITIONS
 THE FOLLOWING WEATHER WAS RECORDED TODAY.
  NO SIGNIFICANT WEATHER WAS OBSERVED.


RELATIVE HUMIDITY (PERCENT)
 HIGHEST    92           200 AM
 LOWEST     54           300 PM
 AVERAGE    73

..........................................................


THE SPOKANE WA AIRPORT CLIMATE NORMALS FOR TOMORROW
                         NORMAL    RECORD    YEAR
 MAXIMUM TEMPERATURE (F)   38        53      1918
 MINIMUM TEMPERATURE (F)   26       -17      1933


SUNRISE AND SUNSET
FEBRUARY  8 2016......SUNRISE   707 AM PST   SUNSET   502 PM PST
FEBRUARY  9 2016......SUNRISE   706 AM PST   SUNSET   503 PM PST


-  INDICATES NEGATIVE NUMBERS.
R  INDICATES RECORD WAS SET OR TIED.
MM INDICATES DATA IS MISSING.
T  INDICATES TRACE AMOUNT.




$$
