000
CDUS46 KOTX 210840
CLIGEG


CLIMATE REPORT
NATIONAL WEATHER SERVICE SPOKANE, WA
136 AM PDT TUE OCT 21 2014


...................................

...THE SPOKANE WA AIRPORT CLIMATE SUMMARY FOR OCTOBER 20 2014...

CLIMATE NORMAL PERIOD 1981 TO 2010
CLIMATE RECORD PERIOD 1881 TO 2014


WEATHER ITEM   OBSERVED TIME   RECORD YEAR NORMAL DEPARTURE LAST
                VALUE   (LST)  VALUE       VALUE  FROM      YEAR
                                                  NORMAL
..................................................................
TEMPERATURE (F)
 YESTERDAY
  MAXIMUM         70   1235 PM  77    1940  56     14       63
  MINIMUM         47    702 AM  18    1984  36     11       36
  AVERAGE         59                        46     13       50

PRECIPITATION (IN)
  YESTERDAY        0.01        0.89   1947  0.04  -0.03     0.00
  MONTH TO DATE    0.32                     0.61  -0.29     0.08
  SINCE OCT 1      0.32                     0.61  -0.29     0.08
  SINCE JAN 1     10.58                    11.39  -0.81     9.11

SNOWFALL (IN)
  YESTERDAY        0.0         0.1    1933  0.0    0.0      0.0
  MONTH TO DATE    0.0                      0.0    0.0      0.0
  SINCE SEP 1      0.0                      0.0    0.0      0.0
  SINCE JUL 1      0.0                      0.0    0.0      0.0
  SNOW DEPTH       0

DEGREE DAYS
 HEATING
  YESTERDAY        6                        19    -13       15
  MONTH TO DATE  176                       304   -128      367
  SINCE SEP 1    270                       487   -217      527
  SINCE JUL 1    282                       552   -270      534

 COOLING
  YESTERDAY        0                         0      0        0
  MONTH TO DATE    1                         0      1        0
  SINCE SEP 1     48                        38     10      108
  SINCE JAN 1    654                       449    205      709
..................................................................


WIND (MPH)
  HIGHEST WIND SPEED    22   HIGHEST WIND DIRECTION    SW (240)
  HIGHEST GUST SPEED    28   HIGHEST GUST DIRECTION    SW (240)
  AVERAGE WIND SPEED     9.4


SKY COVER
  POSSIBLE SUNSHINE  MM
  AVERAGE SKY COVER 0.5


WEATHER CONDITIONS
 THE FOLLOWING WEATHER WAS RECORDED YESTERDAY.
  LIGHT RAIN


RELATIVE HUMIDITY (PERCENT)
 HIGHEST    93           400 AM
 LOWEST     42          1200 PM
 AVERAGE    68

..........................................................


THE SPOKANE WA AIRPORT CLIMATE NORMALS FOR TODAY
                         NORMAL    RECORD    YEAR
 MAXIMUM TEMPERATURE (F)   55        77      2003
 MINIMUM TEMPERATURE (F)   36        18      1984


SUNRISE AND SUNSET
OCTOBER 21 2014.......SUNRISE   718 AM PDT   SUNSET   551 PM PDT
OCTOBER 22 2014.......SUNRISE   719 AM PDT   SUNSET   549 PM PDT


-  INDICATES NEGATIVE NUMBERS.
R  INDICATES RECORD WAS SET OR TIED.
MM INDICATES DATA IS MISSING.
T  INDICATES TRACE AMOUNT.

$$
