000
CDUS46 KOTX 220826
CLIGEG


CLIMATE REPORT
NATIONAL WEATHER SERVICE SPOKANE, WA
126 AM PDT MON MAY 22 2017


...................................

...THE SPOKANE WA AIRPORT CLIMATE SUMMARY FOR MAY 21 2017...

CLIMATE NORMAL PERIOD 1981 TO 2010
CLIMATE RECORD PERIOD 1881 TO 2017


WEATHER ITEM   OBSERVED TIME   RECORD YEAR NORMAL DEPARTURE LAST
                VALUE   (LST)  VALUE       VALUE  FROM      YEAR
                                                  NORMAL
..................................................................
TEMPERATURE (F)
 YESTERDAY
  MAXIMUM         78    300 PM  92    1928  68     10       63
  MINIMUM         49    439 AM  33    2010  45      4       47
                                      1973
                                      1960
  AVERAGE         64                        57      7       55

PRECIPITATION (IN)
  YESTERDAY        0.00          2.19 2004   0.05  -0.05     0.09
  MONTH TO DATE    1.31                      1.01   0.30     0.47
  SINCE OCT 1     22.55                     12.80   9.75    13.91
  SINCE JAN 1     13.26                      7.02   6.24     7.55

SNOWFALL (IN)
  YESTERDAY        0.0           T    1977   0.0    0.0      0.0
  MONTH TO DATE    0.0                       0.1   -0.1      0.0
  SINCE MAR 1      5.9                       4.6    1.3      0.6
  SINCE JUL 1     61.5                      44.9   16.6     34.2
  SNOW DEPTH       0

DEGREE DAYS
 HEATING
  YESTERDAY        1                         9     -8       10
  MONTH TO DATE  247                       243      4      113
  SINCE MAR 1   1544                      1550     -6     1104
  SINCE JUL 1   6537                      6379    158     5393

 COOLING
  YESTERDAY        0                         0      0        0
  MONTH TO DATE    2                         0      2        6
  SINCE MAR 1      2                         0      2       12
  SINCE JAN 1      2                         0      2       12
..................................................................


WIND (MPH)
  HIGHEST WIND SPEED    14   HIGHEST WIND DIRECTION     W (270)
  HIGHEST GUST SPEED    16   HIGHEST GUST DIRECTION     W (280)
  AVERAGE WIND SPEED     5.1


SKY COVER
  POSSIBLE SUNSHINE  MM
  AVERAGE SKY COVER 0.4


WEATHER CONDITIONS
 THE FOLLOWING WEATHER WAS RECORDED YESTERDAY.
  FOG


RELATIVE HUMIDITY (PERCENT)
 HIGHEST    93           400 AM
 LOWEST     23           400 PM
 AVERAGE    58

..........................................................


THE SPOKANE WA AIRPORT CLIMATE NORMALS FOR TODAY
                         NORMAL    RECORD    YEAR
 MAXIMUM TEMPERATURE (F)   68        89      1958
 MINIMUM TEMPERATURE (F)   46        31      1966
                                             1960


SUNRISE AND SUNSET
MAY 22 2017...........SUNRISE   504 AM PDT   SUNSET   830 PM PDT
MAY 23 2017...........SUNRISE   503 AM PDT   SUNSET   831 PM PDT


-  INDICATES NEGATIVE NUMBERS.
R  INDICATES RECORD WAS SET OR TIED.
MM INDICATES DATA IS MISSING.
T  INDICATES TRACE AMOUNT.




$$
