000
CDUS46 KOTX 230827
CLIGEG


CLIMATE REPORT
NATIONAL WEATHER SERVICE SPOKANE, WA
1227 AM PST THU NOV 23 2017


...................................

...THE SPOKANE WA AIRPORT CLIMATE SUMMARY FOR NOVEMBER 22 2017...

CLIMATE NORMAL PERIOD 1981 TO 2010
CLIMATE RECORD PERIOD 1881 TO 2017


WEATHER ITEM   OBSERVED TIME   RECORD YEAR NORMAL DEPARTURE LAST
                VALUE   (LST)  VALUE       VALUE  FROM      YEAR
                                                  NORMAL
..................................................................
TEMPERATURE (F)
 YESTERDAY
  MAXIMUM         55   1138 PM  57    1933  38     17       47
                                      1909
  MINIMUM         44    815 AM  -5    2003  28     16       34
  AVERAGE         50                        33     17       41

PRECIPITATION (IN)
  YESTERDAY        0.01          1.03 1901   0.08  -0.07     0.00
  MONTH TO DATE    2.37                      1.64   0.73     0.97
  SINCE OCT 1      3.77                      2.82   0.95     7.20
  SINCE JAN 1     18.95                     13.60   5.35    16.21

SNOWFALL (IN)
  YESTERDAY       MM             7.5  2010   0.4   MM        0.0
  MONTH TO DATE    7.2                       4.4    2.8      0.7
  SINCE SEP 1      7.2                       4.5    2.7      0.7
  SINCE JUL 1      7.2                       4.5    2.7      0.7
  SNOW DEPTH       0

DEGREE DAYS
 HEATING
  YESTERDAY       15                        32    -17       24
  MONTH TO DATE  606                       611     -5      421
  SINCE SEP 1   1332                      1334     -2     1087
  SINCE JUL 1   1335                      1399    -64     1117

 COOLING
  YESTERDAY        0                         0      0        0
  MONTH TO DATE    0                         0      0        0
  SINCE SEP 1     89                        39     50        7
  SINCE JAN 1    794                       450    344      494
..................................................................


WIND (MPH)
  HIGHEST WIND SPEED    15   HIGHEST WIND DIRECTION     S (200)
  HIGHEST GUST SPEED    21   HIGHEST GUST DIRECTION     S (180)
  AVERAGE WIND SPEED     6.2


SKY COVER
  POSSIBLE SUNSHINE  MM
  AVERAGE SKY COVER 0.8


WEATHER CONDITIONS
 THE FOLLOWING WEATHER WAS RECORDED YESTERDAY.
  LIGHT RAIN
  FOG


RELATIVE HUMIDITY (PERCENT)
 HIGHEST   100           700 AM
 LOWEST     86           700 PM
 AVERAGE    93

..........................................................


THE SPOKANE WA AIRPORT CLIMATE NORMALS FOR TODAY
                         NORMAL    RECORD    YEAR
 MAXIMUM TEMPERATURE (F)   38        60      1933
 MINIMUM TEMPERATURE (F)   28       -21      1985


SUNRISE AND SUNSET
NOVEMBER 23 2017......SUNRISE   707 AM PST   SUNSET   406 PM PST
NOVEMBER 24 2017......SUNRISE   709 AM PST   SUNSET   405 PM PST


-  INDICATES NEGATIVE NUMBERS.
R  INDICATES RECORD WAS SET OR TIED.
MM INDICATES DATA IS MISSING.
T  INDICATES TRACE AMOUNT.




$$
