000
CDUS46 KOTX 270824
CLIGEG


CLIMATE REPORT
NATIONAL WEATHER SERVICE SPOKANE, WA
123 AM PDT TUE JUN 27 2017


...................................

...THE SPOKANE WA AIRPORT CLIMATE SUMMARY FOR JUNE 26 2017...

CLIMATE NORMAL PERIOD 1981 TO 2010
CLIMATE RECORD PERIOD 1881 TO 2017


WEATHER ITEM   OBSERVED TIME   RECORD YEAR NORMAL DEPARTURE LAST
                VALUE   (LST)  VALUE       VALUE  FROM      YEAR
                                                  NORMAL
..................................................................
TEMPERATURE (F)
 YESTERDAY
  MAXIMUM         89    448 PM 100    1925  77     12       82
  MINIMUM         63   1129 PM  38    1976  52     11       53
  AVERAGE         76                        64     12       68

PRECIPITATION (IN)
  YESTERDAY        0.14          0.67 1952   0.03   0.11     0.00
  MONTH TO DATE    0.64                      1.14  -0.50     0.51
  SINCE OCT 1     23.19                     14.55   8.64    14.73
  SINCE JAN 1     13.90                      8.77   5.13     8.37

SNOWFALL (IN)
  YESTERDAY        0.0           T    1952   0.0    0.0      0.0
  MONTH TO DATE    0.0                       0.0    0.0      0.0
  SINCE JUN 1      0.0                       0.0    0.0      0.0
  SINCE JUL 1     61.5                      44.9   16.6     34.2
  SNOW DEPTH       0

DEGREE DAYS
 HEATING
  YESTERDAY        0                         3     -3        0
  MONTH TO DATE   66                       125    -59      110
  SINCE JUN 1     66                       125    -59      110
  SINCE JUL 1   6628                      6582     46     5588

 COOLING
  YESTERDAY       11                         3      8        3
  MONTH TO DATE   73                        37     36       68
  SINCE JUN 1     73                        37     36       68
  SINCE JAN 1    108                        51     57       80
..................................................................


WIND (MPH)
  HIGHEST WIND SPEED    36   HIGHEST WIND DIRECTION    SW (230)
  HIGHEST GUST SPEED    45   HIGHEST GUST DIRECTION    SW (230)
  AVERAGE WIND SPEED     8.6


SKY COVER
  POSSIBLE SUNSHINE  MM
  AVERAGE SKY COVER 0.7


WEATHER CONDITIONS
 THE FOLLOWING WEATHER WAS RECORDED YESTERDAY.
  THUNDERSTORM
  RAIN
  LIGHT RAIN


RELATIVE HUMIDITY (PERCENT)
 HIGHEST    78          1100 PM
 LOWEST     24           300 PM
 AVERAGE    51

..........................................................


THE SPOKANE WA AIRPORT CLIMATE NORMALS FOR TODAY
                         NORMAL    RECORD    YEAR
 MAXIMUM TEMPERATURE (F)   77       102      2015
 MINIMUM TEMPERATURE (F)   53        41      1975
                                             1965


SUNRISE AND SUNSET
JUNE 27 2017..........SUNRISE   454 AM PDT   SUNSET   852 PM PDT
JUNE 28 2017..........SUNRISE   455 AM PDT   SUNSET   852 PM PDT


-  INDICATES NEGATIVE NUMBERS.
R  INDICATES RECORD WAS SET OR TIED.
MM INDICATES DATA IS MISSING.
T  INDICATES TRACE AMOUNT.




$$
