000
CDUS46 KOTX 230819
CLIGEG


CLIMATE REPORT
NATIONAL WEATHER SERVICE SPOKANE, WA
118 AM PDT SAT MAY 23 2015


...................................

...THE SPOKANE WA AIRPORT CLIMATE SUMMARY FOR MAY 22 2015...

CLIMATE NORMAL PERIOD 1981 TO 2010
CLIMATE RECORD PERIOD 1881 TO 2015


WEATHER ITEM   OBSERVED TIME   RECORD YEAR NORMAL DEPARTURE LAST
                VALUE   (LST)  VALUE       VALUE  FROM      YEAR
                                                  NORMAL
..................................................................
TEMPERATURE (F)
 YESTERDAY
  MAXIMUM         81        MM  89    1958  68     13       79
  MINIMUM         59        MM  31    1966  46     13       51
                                      1960
  AVERAGE         70                        57     13       65

PRECIPITATION (IN)
  YESTERDAY        0.15          0.95 1932   0.06   0.09     0.00
  MONTH TO DATE    0.51                      1.07  -0.56     0.46
  SINCE OCT 1     11.15                     12.86  -1.71     9.63
  SINCE JAN 1      6.42                      7.08  -0.66     7.30

SNOWFALL (IN)
  YESTERDAY        0.0           T    1944   0.0    0.0      0.0
  MONTH TO DATE    0.0                       0.1   -0.1      0.0
  SINCE MAR 1      1.9                       4.6   -2.7      5.8
  SINCE JUL 1     17.6                      44.9  -27.3     37.6
  SNOW DEPTH       0

DEGREE DAYS
 HEATING
  YESTERDAY        0                         9     -9        0
  MONTH TO DATE  141                       252   -111      174
  SINCE MAR 1   1257                      1559   -302     1491
  SINCE JUL 1   5379                      6388  -1009     6534

 COOLING
  YESTERDAY        5                         1      4        0
  MONTH TO DATE    9                         1      8        3
  SINCE MAR 1      9                         1      8        3
  SINCE JAN 1      9                         1      8        3
..................................................................


WIND (MPH)
  HIGHEST WIND SPEED    13   HIGHEST WIND DIRECTION    SW (230)
  HIGHEST GUST SPEED    16   HIGHEST GUST DIRECTION    NW (300)
  AVERAGE WIND SPEED     5.9


SKY COVER
  POSSIBLE SUNSHINE  MM
  AVERAGE SKY COVER 0.7


WEATHER CONDITIONS
 THE FOLLOWING WEATHER WAS RECORDED YESTERDAY.
  THUNDERSTORM
  LIGHT RAIN


RELATIVE HUMIDITY (PERCENT)
 HIGHEST    69           600 AM
 LOWEST     28           200 PM
 AVERAGE    49

..........................................................


THE SPOKANE WA AIRPORT CLIMATE NORMALS FOR TODAY
                         NORMAL    RECORD    YEAR
 MAXIMUM TEMPERATURE (F)   69        90      2001
 MINIMUM TEMPERATURE (F)   46        32      1964


SUNRISE AND SUNSET
MAY 23 2015...........SUNRISE   504 AM PDT   SUNSET   831 PM PDT
MAY 24 2015...........SUNRISE   503 AM PDT   SUNSET   832 PM PDT


-  INDICATES NEGATIVE NUMBERS.
R  INDICATES RECORD WAS SET OR TIED.
MM INDICATES DATA IS MISSING.
T  INDICATES TRACE AMOUNT.




$$
