000
CDUS46 KOTX 310826
CLIGEG


CLIMATE REPORT
NATIONAL WEATHER SERVICE SPOKANE, WA
125 AM PDT TUE MAY 31 2016


...................................

...THE SPOKANE WA AIRPORT CLIMATE SUMMARY FOR MAY 30 2016...

CLIMATE NORMAL PERIOD 1981 TO 2010
CLIMATE RECORD PERIOD 1881 TO 2016


WEATHER ITEM   OBSERVED TIME   RECORD YEAR NORMAL DEPARTURE LAST
                VALUE   (LST)  VALUE       VALUE  FROM      YEAR
                                                  NORMAL
..................................................................
TEMPERATURE (F)
 YESTERDAY
  MAXIMUM         71    520 PM  95    1986  70      1       82
                                      1887
  MINIMUM         42    452 AM  34    1978  48     -6       59
  AVERAGE         57                        59     -2       71

PRECIPITATION (IN)
  YESTERDAY        0.00          1.08 2003   0.06  -0.06      T
  MONTH TO DATE    0.78                      1.56  -0.78     0.85
  SINCE OCT 1     14.22                     13.35   0.87    11.49
  SINCE JAN 1      7.86                      7.57   0.29     6.76

SNOWFALL (IN)
  YESTERDAY        0.0           T    1955   0.0    0.0      0.0
  MONTH TO DATE    0.0                       0.1   -0.1      0.0
  SINCE MAR 1      0.6                       4.6   -4.0      1.9
  SINCE JUL 1     34.2                      44.9  -10.7     17.6
  SNOW DEPTH       0

DEGREE DAYS
 HEATING
  YESTERDAY        8                         7      1        0
  MONTH TO DATE  196                       313   -117      157
  SINCE MAR 1   1187                      1620   -433     1273
  SINCE JUL 1   5476                      6449   -973     5395

 COOLING
  YESTERDAY        0                         1     -1        6
  MONTH TO DATE    6                         9     -3       26
  SINCE MAR 1     12                         9      3       26
  SINCE JAN 1     12                         9      3       26
..................................................................


WIND (MPH)
  HIGHEST WIND SPEED    13   HIGHEST WIND DIRECTION    NW (310)
  HIGHEST GUST SPEED    19   HIGHEST GUST DIRECTION     W (290)
  AVERAGE WIND SPEED     5.7


SKY COVER
  POSSIBLE SUNSHINE  MM
  AVERAGE SKY COVER 0.3


WEATHER CONDITIONS
 THE FOLLOWING WEATHER WAS RECORDED YESTERDAY.
  NO SIGNIFICANT WEATHER WAS OBSERVED.


RELATIVE HUMIDITY (PERCENT)
 HIGHEST    76           300 AM
 LOWEST     16           400 PM
 AVERAGE    46

..........................................................


THE SPOKANE WA AIRPORT CLIMATE NORMALS FOR TODAY
                         NORMAL    RECORD    YEAR
 MAXIMUM TEMPERATURE (F)   70        96      1986
 MINIMUM TEMPERATURE (F)   48        33      1882


SUNRISE AND SUNSET
MAY 31 2016...........SUNRISE   457 AM PDT   SUNSET   840 PM PDT
JUNE  1 2016..........SUNRISE   456 AM PDT   SUNSET   841 PM PDT


-  INDICATES NEGATIVE NUMBERS.
R  INDICATES RECORD WAS SET OR TIED.
MM INDICATES DATA IS MISSING.
T  INDICATES TRACE AMOUNT.




$$
