000
CDUS45 KRIW 260730
CLIGEY


CLIMATE REPORT
NATIONAL WEATHER SERVICE RIVERTON WY
1230 AM MST MON JAN 26 2015


...................................

...THE GREYBULL WY CLIMATE SUMMARY FOR JANUARY 25 2015...

CLIMATE NORMAL PERIOD 1981 TO 2010
CLIMATE RECORD PERIOD 1998 TO 2015


WEATHER ITEM   OBSERVED TIME   RECORD YEAR NORMAL DEPARTURE LAST
                VALUE   (LST)  VALUE       VALUE  FROM      YEAR
                                                  NORMAL
..................................................................
TEMPERATURE (F)
 YESTERDAY
  MAXIMUM         38    341 PM  54    2006  29      9       41
  MINIMUM         13   1248 AM -17    2008   5      8        8
  AVERAGE         26                        17      9       25

PRECIPITATION (IN)
  YESTERDAY        0.00          0.02 2009   0.00   0.00     0.00
  MONTH TO DATE    0.01                      0.18  -0.17     0.02
  SINCE DEC 1      0.22                      0.46  -0.24     0.05
  SINCE JAN 1      0.01                      0.18  -0.17     0.02

DEGREE DAYS
 HEATING
  YESTERDAY       39                        48     -9       40
  MONTH TO DATE 1247                      1211     36     1063
  SINCE DEC 1   2689                      2677     12     2370
  SINCE JUL 1   4522                      4534    -12     4178

 COOLING
  YESTERDAY        0                         0      0        0
  MONTH TO DATE    0                         0      0        0
  SINCE DEC 1      0                         0      0        0
  SINCE JAN 1      0                         0      0        0
..................................................................


WIND (MPH)
  HIGHEST WIND SPEED     9   HIGHEST WIND DIRECTION     W (250)
  HIGHEST GUST SPEED     9   HIGHEST GUST DIRECTION     W (250)
  AVERAGE WIND SPEED     2.4


SKY COVER
  POSSIBLE SUNSHINE  MM
  AVERAGE SKY COVER 0.2


WEATHER CONDITIONS
 THE FOLLOWING WEATHER WAS RECORDED YESTERDAY.
  FOG


RELATIVE HUMIDITY (PERCENT)
 HIGHEST   100           200 AM
 LOWEST     70           200 PM
 AVERAGE    85

..........................................................


THE GREYBULL WY CLIMATE NORMALS FOR TODAY
                         NORMAL    RECORD    YEAR
 MAXIMUM TEMPERATURE (F)   30        51      2006
 MINIMUM TEMPERATURE (F)    6       -27      2009


SUNRISE AND SUNSET
JANUARY 26 2015.......SUNRISE   737 AM MST   SUNSET   513 PM MST
JANUARY 27 2015.......SUNRISE   736 AM MST   SUNSET   514 PM MST


-  INDICATES NEGATIVE NUMBERS.
R  INDICATES RECORD WAS SET OR TIED.
MM INDICATES DATA IS MISSING.
T  INDICATES TRACE AMOUNT.




$$
