000
CDUS45 KRIW 040032
CLIGEY


CLIMATE REPORT
NATIONAL WEATHER SERVICE RIVERTON WY
632 PM MDT MON AUG 3 2015


...................................

...THE GREYBULL WY CLIMATE SUMMARY FOR AUGUST 3 2015...
VALID TODAY AS OF 0500 PM LOCAL TIME.

CLIMATE NORMAL PERIOD 1981 TO 2010
CLIMATE RECORD PERIOD 1998 TO 2015


WEATHER ITEM   OBSERVED TIME   RECORD YEAR NORMAL DEPARTURE LAST
                VALUE   (LST)  VALUE       VALUE  FROM      YEAR
                                                  NORMAL
..................................................................
TEMPERATURE (F)
 TODAY
  MAXIMUM         92        MM 105    2001  92      0       95
  MINIMUM         56        MM  52    2006  58     -2       59
  AVERAGE         74

PRECIPITATION (IN)
  TODAY            0.00          0.03 2004   0.01  -0.01     0.00
  MONTH TO DATE    0.00                      0.03  -0.03      T
  SINCE JUN 1      0.25                      1.89  -1.64     1.15
  SINCE JAN 1      1.83                      5.06  -3.23     2.85

DEGREE DAYS
 HEATING
  TODAY            0                         0      0        0
  MONTH TO DATE    0                         0      0        0
  SINCE JUN 1      3                        76    -73       56
  SINCE JUL 1      3                         6     -3        0

 COOLING
  TODAY            9                        10     -1       12
  MONTH TO DATE   35                        30      5       38
  SINCE JUN 1    542                       413    129      431
  SINCE JAN 1    547                       433    114      473
..................................................................


WIND (MPH)
  HIGHEST WIND SPEED     9   HIGHEST WIND DIRECTION     S (160)
  HIGHEST GUST SPEED    MM   HIGHEST GUST DIRECTION    MM
  AVERAGE WIND SPEED     3.6


SKY COVER
  POSSIBLE SUNSHINE  MM
  AVERAGE SKY COVER 0.0


WEATHER CONDITIONS
 THE FOLLOWING WEATHER WAS RECORDED TODAY.
  NO SIGNIFICANT WEATHER WAS OBSERVED.


RELATIVE HUMIDITY (PERCENT)
 HIGHEST    61           500 AM
 LOWEST     18           300 PM
 AVERAGE    40

..........................................................


THE GREYBULL WY CLIMATE NORMALS FOR TOMORROW
                         NORMAL    RECORD    YEAR
 MAXIMUM TEMPERATURE (F)   92       100      2001
 MINIMUM TEMPERATURE (F)   58        44      2012


SUNRISE AND SUNSET
AUGUST  3 2015........SUNRISE   601 AM MDT   SUNSET   835 PM MDT
AUGUST  4 2015........SUNRISE   602 AM MDT   SUNSET   834 PM MDT


-  INDICATES NEGATIVE NUMBERS.
R  INDICATES RECORD WAS SET OR TIED.
MM INDICATES DATA IS MISSING.
T  INDICATES TRACE AMOUNT.




$$
