000
CDUS43 KIND 290533
CLIGEZ


CLIMATE REPORT
NATIONAL WEATHER SERVICE INDIANAPOLIS IN
132 AM EDT SUN MAR 29 2015


...................................

...THE SHELBYVILLE IN CLIMATE SUMMARY FOR MARCH 28 2015...

CLIMATE NORMAL PERIOD 1981 TO 2010
CLIMATE RECORD PERIOD 9999 TO 9999


WEATHER ITEM   OBSERVED TIME   NORMAL DEPARTURE LAST
                VALUE   (LST)  VALUE  FROM      YEAR
                                      NORMAL
......................................................
TEMPERATURE (F)
 YESTERDAY
  MAXIMUM         39    548 PM  57    -18       54
  MINIMUM         19    646 AM  36    -17       41
  AVERAGE         29            47    -18       48

PRECIPITATION (IN)
  YESTERDAY        0.00          0.13  -0.13     0.20
  MONTH TO DATE    3.81          3.00   0.81     1.25
  SINCE MAR 1      3.81          3.00   0.81     1.25
  SINCE JAN 1      6.83          7.75  -0.92     5.13

DEGREE DAYS
 HEATING
  YESTERDAY       36            19     17       17
  MONTH TO DATE  713           667     46      758
  SINCE MAR 1    713           667     46      758
  SINCE JUL 1   5154          4830    324     5256

 COOLING
  YESTERDAY        0             0      0        0
  MONTH TO DATE    0             0      0        0
  SINCE MAR 1      0             0      0        0
  SINCE JAN 1      0             0      0        0
......................................................


WIND (MPH)
  HIGHEST WIND SPEED    15   HIGHEST WIND DIRECTION     N (360)
  HIGHEST GUST SPEED    20   HIGHEST GUST DIRECTION     N (360)
  AVERAGE WIND SPEED     5.6


SKY COVER
  AVERAGE SKY COVER 0.0


WEATHER CONDITIONS
 THE FOLLOWING WEATHER WAS RECORDED YESTERDAY.
  NO SIGNIFICANT WEATHER WAS OBSERVED.


RELATIVE HUMIDITY (PERCENT)
 HIGHEST    77           500 AM
 LOWEST     34           500 PM
 AVERAGE    56

..........................................................


THE SHELBYVILLE IN CLIMATE NORMALS FOR TODAY
                         NORMAL
 MAXIMUM TEMPERATURE (F)   57
 MINIMUM TEMPERATURE (F)   37


SUNRISE AND SUNSET
MARCH 29 2015.........SUNRISE   733 AM EDT   SUNSET   804 PM EDT
MARCH 30 2015.........SUNRISE   731 AM EDT   SUNSET   805 PM EDT


-  INDICATES NEGATIVE NUMBERS.
R  INDICATES RECORD WAS SET OR TIED.
MM INDICATES DATA IS MISSING.
T  INDICATES TRACE AMOUNT.




$$
