000
CDUS43 KIND 030534
CLIGEZ


CLIMATE REPORT
NATIONAL WEATHER SERVICE INDIANAPOLIS IN
1233 AM EST TUE MAR 3 2015


...................................

...THE SHELBYVILLE IN CLIMATE SUMMARY FOR MARCH 2 2015...

CLIMATE NORMAL PERIOD 1981 TO 2010
CLIMATE RECORD PERIOD 9999 TO 9999


WEATHER ITEM   OBSERVED TIME   NORMAL DEPARTURE LAST
                VALUE   (LST)  VALUE  FROM      YEAR
                                      NORMAL
......................................................
TEMPERATURE (F)
 YESTERDAY
  MAXIMUM         31    426 PM  45    -14       30
  MINIMUM         14    806 AM  27    -13       18
  AVERAGE         23            36    -13       24

PRECIPITATION (IN)
  YESTERDAY        0.00          0.08  -0.08     0.19
  MONTH TO DATE    0.48          0.16   0.32     0.19
  SINCE MAR 1      0.48          0.16   0.32     0.19
  SINCE JAN 1      3.50          4.91  -1.41     4.07

DEGREE DAYS
 HEATING
  YESTERDAY       42            29     13       41
  MONTH TO DATE   78            58     20       65
  SINCE MAR 1     78            58     20       65
  SINCE JUL 1   4519          4221    298     4563

 COOLING
  YESTERDAY        0             0      0        0
  MONTH TO DATE    0             0      0        0
  SINCE MAR 1      0             0      0        0
  SINCE JAN 1      0             0      0        0
......................................................


WIND (MPH)
  HIGHEST WIND SPEED    20   HIGHEST WIND DIRECTION    NW (320)
  HIGHEST GUST SPEED    23   HIGHEST GUST DIRECTION    NW (320)
  AVERAGE WIND SPEED     5.5


SKY COVER
  AVERAGE SKY COVER 0.2


WEATHER CONDITIONS
 THE FOLLOWING WEATHER WAS RECORDED YESTERDAY.
  NO SIGNIFICANT WEATHER WAS OBSERVED.


RELATIVE HUMIDITY (PERCENT)
 HIGHEST    75          1200 AM
 LOWEST     49           300 PM
 AVERAGE    62

..........................................................


THE SHELBYVILLE IN CLIMATE NORMALS FOR TODAY
                         NORMAL
 MAXIMUM TEMPERATURE (F)   46
 MINIMUM TEMPERATURE (F)   27


SUNRISE AND SUNSET
MARCH  3 2015.........SUNRISE   714 AM EST   SUNSET   637 PM EST
MARCH  4 2015.........SUNRISE   712 AM EST   SUNSET   638 PM EST


-  INDICATES NEGATIVE NUMBERS.
R  INDICATES RECORD WAS SET OR TIED.
MM INDICATES DATA IS MISSING.
T  INDICATES TRACE AMOUNT.




$$
