000
CDUS43 KIND 170533
CLIGEZ


CLIMATE REPORT
NATIONAL WEATHER SERVICE INDIANAPOLIS IN
132 AM EDT WED SEP 17 2014


...................................

...THE SHELBYVILLE IN CLIMATE SUMMARY FOR SEPTEMBER 16 2014...

CLIMATE NORMAL PERIOD 1981 TO 2010
CLIMATE RECORD PERIOD 9999 TO 9999


WEATHER ITEM   OBSERVED TIME   NORMAL DEPARTURE LAST
                VALUE   (LST)  VALUE  FROM      YEAR
                                      NORMAL
......................................................
TEMPERATURE (F)
 YESTERDAY
  MAXIMUM         65    454 PM  78    -13       72
  MINIMUM         48   1159 PM  53     -5       53
  AVERAGE         57            66     -9       63

PRECIPITATION (IN)
  YESTERDAY        0.00          0.09  -0.09     0.00
  MONTH TO DATE    2.64          1.74   0.90     0.66
  SINCE SEP 1      2.64          1.74   0.90     0.66
  SINCE JAN 1     29.55         32.02  -2.47    22.07

DEGREE DAYS
 HEATING
  YESTERDAY        8             2      6        2
  MONTH TO DATE   33            17     16       17
  SINCE SEP 1     33            17     16       17
  SINCE JUL 1     38            23     15       25

 COOLING
  YESTERDAY        0             3     -3        0
  MONTH TO DATE   76            68      8      122
  SINCE SEP 1     76            68      8      122
  SINCE JAN 1   1046           874    172     1107
......................................................


WIND (MPH)
  HIGHEST WIND SPEED    10   HIGHEST WIND DIRECTION     N (360)
  HIGHEST GUST SPEED    14   HIGHEST GUST DIRECTION    NE (60)
  AVERAGE WIND SPEED     3.1


SKY COVER
  AVERAGE SKY COVER 0.7


WEATHER CONDITIONS
 THE FOLLOWING WEATHER WAS RECORDED YESTERDAY.
  FOG
  HAZE


RELATIVE HUMIDITY (PERCENT)
 HIGHEST    93           100 AM
 LOWEST     60           200 PM
 AVERAGE    77

..........................................................


THE SHELBYVILLE IN CLIMATE NORMALS FOR TODAY
                         NORMAL
 MAXIMUM TEMPERATURE (F)   78
 MINIMUM TEMPERATURE (F)   53


SUNRISE AND SUNSET
SEPTEMBER 17 2014.....SUNRISE   726 AM EDT   SUNSET   748 PM EDT
SEPTEMBER 18 2014.....SUNRISE   727 AM EDT   SUNSET   747 PM EDT


-  INDICATES NEGATIVE NUMBERS.
R  INDICATES RECORD WAS SET OR TIED.
MM INDICATES DATA IS MISSING.
T  INDICATES TRACE AMOUNT.




$$
