230
CDUS43 KIND 200538
CLIGEZ


CLIMATE REPORT
NATIONAL WEATHER SERVICE INDIANAPOLIS IN
1237 AM EST SAT JAN 20 2018


...................................

...THE SHELBYVILLE IN CLIMATE SUMMARY FOR JANUARY 19 2018...

CLIMATE NORMAL PERIOD 1981 TO 2010
CLIMATE RECORD PERIOD 9999 TO 9999


WEATHER ITEM   OBSERVED TIME   NORMAL DEPARTURE LAST
                VALUE   (LST)  VALUE  FROM      YEAR
                                      NORMAL
......................................................
TEMPERATURE (F)
 YESTERDAY
  MAXIMUM         37    531 PM  36      1       47
  MINIMUM         18    230 AM  21     -3       36
  AVERAGE         28            29     -1       42

PRECIPITATION (IN)
  YESTERDAY        0.00          0.08  -0.08     0.83
  MONTH TO DATE    1.92          1.72   0.20     3.41
  SINCE DEC 1      3.04          4.99  -1.95     5.60
  SINCE JAN 1      1.92          1.72   0.20     3.41

DEGREE DAYS
 HEATING
  YESTERDAY       37            36      1       23
  MONTH TO DATE  879           684    195      588
  SINCE DEC 1   1948          1713    235     1617
  SINCE JUL 1   2841          2788     53     2303

 COOLING
  YESTERDAY        0             0      0        0
  MONTH TO DATE    0             0      0        0
  SINCE DEC 1      0             0      0        0
  SINCE JAN 1      0             0      0        0
......................................................


WIND (MPH)
  HIGHEST WIND SPEED    20   HIGHEST WIND DIRECTION     S (180)
  HIGHEST GUST SPEED    23   HIGHEST GUST DIRECTION     S (180)
  AVERAGE WIND SPEED    13.3


SKY COVER
  AVERAGE SKY COVER 0.0


WEATHER CONDITIONS
 THE FOLLOWING WEATHER WAS RECORDED YESTERDAY.
  NO SIGNIFICANT WEATHER WAS OBSERVED.


RELATIVE HUMIDITY (PERCENT)
 HIGHEST    67           100 AM
 LOWEST     52           500 PM
 AVERAGE    60

..........................................................


THE SHELBYVILLE IN CLIMATE NORMALS FOR TODAY
                         NORMAL
 MAXIMUM TEMPERATURE (F)   36
 MINIMUM TEMPERATURE (F)   21


SUNRISE AND SUNSET
JANUARY 20 2018.......SUNRISE   800 AM EST   SUNSET   549 PM EST
JANUARY 21 2018.......SUNRISE   759 AM EST   SUNSET   550 PM EST


-  INDICATES NEGATIVE NUMBERS.
R  INDICATES RECORD WAS SET OR TIED.
MM INDICATES DATA IS MISSING.
T  INDICATES TRACE AMOUNT.




$$
