000
CDUS43 KIND 040534
CLIGEZ


CLIMATE REPORT
NATIONAL WEATHER SERVICE INDIANAPOLIS IN
1231 AM EST SUN DEC 4 2016


...................................

...THE SHELBYVILLE IN CLIMATE SUMMARY FOR DECEMBER 3 2016...

CLIMATE NORMAL PERIOD 1981 TO 2010
CLIMATE RECORD PERIOD 9999 TO 9999


WEATHER ITEM   OBSERVED TIME   NORMAL DEPARTURE LAST
                VALUE   (LST)  VALUE  FROM      YEAR
                                      NORMAL
......................................................
TEMPERATURE (F)
 YESTERDAY
  MAXIMUM         40    311 PM  44     -4       42
  MINIMUM         31   1155 PM  28      3       27
  AVERAGE         36            36      0       35

PRECIPITATION (IN)
  YESTERDAY        0.00          0.11  -0.11     0.00
  MONTH TO DATE    T             0.32  -0.32     0.23
  SINCE DEC 1      T             0.32  -0.32     0.23
  SINCE JAN 1     41.35         40.61   0.74    39.30

DEGREE DAYS
 HEATING
  YESTERDAY       29            29      0       30
  MONTH TO DATE   80            86     -6       83
  SINCE DEC 1     80            86     -6       83
  SINCE JUL 1    766          1161   -395      810

 COOLING
  YESTERDAY        0             0      0        0
  MONTH TO DATE    0             0      0        0
  SINCE DEC 1      0             0      0        0
  SINCE JAN 1   1470           913    557     1229
......................................................


WIND (MPH)
  HIGHEST WIND SPEED    12   HIGHEST WIND DIRECTION     W (290)
  HIGHEST GUST SPEED    15   HIGHEST GUST DIRECTION     W (280)
  AVERAGE WIND SPEED     5.3


SKY COVER
  AVERAGE SKY COVER 0.8


WEATHER CONDITIONS
 THE FOLLOWING WEATHER WAS RECORDED YESTERDAY.
  NO SIGNIFICANT WEATHER WAS OBSERVED.


RELATIVE HUMIDITY (PERCENT)
 HIGHEST    85          1200 AM
 LOWEST     59           200 PM
 AVERAGE    72

..........................................................


THE SHELBYVILLE IN CLIMATE NORMALS FOR TODAY
                         NORMAL
 MAXIMUM TEMPERATURE (F)   43
 MINIMUM TEMPERATURE (F)   28


SUNRISE AND SUNSET
DECEMBER  4 2016......SUNRISE   748 AM EST   SUNSET   519 PM EST
DECEMBER  5 2016......SUNRISE   749 AM EST   SUNSET   519 PM EST


-  INDICATES NEGATIVE NUMBERS.
R  INDICATES RECORD WAS SET OR TIED.
MM INDICATES DATA IS MISSING.
T  INDICATES TRACE AMOUNT.




$$
