000
CDUS43 KFGF 230631
CLIGFK


CLIMATE REPORT
NATIONAL WEATHER SERVICE EASTERN NORTH DAKOTA/GRAND FORKS
131 AM CDT SUN JUL 23 2017


...................................

...THE GRAND FORKS INTL AP ND CLIMATE SUMMARY FOR JULY 22 2017...

CLIMATE NORMAL PERIOD 1981 TO 2010
CLIMATE RECORD PERIOD 1948 TO 2017


WEATHER ITEM   OBSERVED TIME   RECORD YEAR NORMAL DEPARTURE LAST
                VALUE   (LST)  VALUE       VALUE  FROM      YEAR
                                                  NORMAL
..................................................................
TEMPERATURE (F)
 YESTERDAY
  MAXIMUM         82    355 PM  97    1976  82      0       87
  MINIMUM         63   1159 PM  45    1985  57      6       64
                                      1973
                                      1949
  AVERAGE         73                        69      4       76

PRECIPITATION (IN)
  YESTERDAY        0.02          0.70 1964   0.09  -0.07     0.00
  MONTH TO DATE    1.17                      2.36  -1.19     4.47
  SINCE JUN 1      5.74                      5.84  -0.10     7.77
  SINCE JAN 1      9.89                     11.56  -1.67    14.16

SNOWFALL (IN)
  YESTERDAY        0.0          MM      MM   0.0    0.0      0.0
  MONTH TO DATE    0.0                       0.0    0.0      0.0
  SINCE JUN 1      0.0                       0.0    0.0      0.0
  SINCE JUL 1      0.0                       0.0    0.0      0.0
  SNOW DEPTH       0

DEGREE DAYS
 HEATING
  YESTERDAY        0                         1     -1        0
  MONTH TO DATE    8                        23    -15       12
  SINCE JUN 1     53                       126    -73       66
  SINCE JUL 1      8                        23    -15       12

 COOLING
  YESTERDAY        8                         5      3       11
  MONTH TO DATE  132                       100     32      110
  SINCE JUN 1    230                       175     55      188
  SINCE JAN 1    232                       192     40      210
..................................................................


WIND (MPH)
  HIGHEST WIND SPEED    24   HIGHEST WIND DIRECTION     W (290)
  HIGHEST GUST SPEED    30   HIGHEST GUST DIRECTION    NW (300)
  AVERAGE WIND SPEED    11.7


SKY COVER
  POSSIBLE SUNSHINE  MM
  AVERAGE SKY COVER 0.3


WEATHER CONDITIONS
 THE FOLLOWING WEATHER WAS RECORDED YESTERDAY.
  LIGHT RAIN
  FOG
  FOG W/VISIBILITY <= 1/4 MILE


RELATIVE HUMIDITY (PERCENT)
 HIGHEST   100          1200 AM
 LOWEST     40           200 PM
 AVERAGE    70

..........................................................


THE GRAND FORKS INTL AP ND CLIMATE NORMALS FOR TODAY
                         NORMAL    RECORD    YEAR
 MAXIMUM TEMPERATURE (F)   82        94      2007
 MINIMUM TEMPERATURE (F)   57        45      2004
                                             1953


SUNRISE AND SUNSET
JULY 23 2017..........SUNRISE   554 AM CDT   SUNSET   915 PM CDT
JULY 24 2017..........SUNRISE   556 AM CDT   SUNSET   914 PM CDT


-  INDICATES NEGATIVE NUMBERS.
R  INDICATES RECORD WAS SET OR TIED.
MM INDICATES DATA IS MISSING.
T  INDICATES TRACE AMOUNT.




$$
