000
CDUS43 KFGF 200635
CLIGFK


CLIMATE REPORT
NATIONAL WEATHER SERVICE EASTERN NORTH DAKOTA/GRAND FORKS
1233 AM CST MON NOV 20 2017


...................................

...THE GRAND FORKS INTL AP ND CLIMATE SUMMARY FOR NOVEMBER 19 2017...

CLIMATE NORMAL PERIOD 1981 TO 2010
CLIMATE RECORD PERIOD 1948 TO 2017


WEATHER ITEM   OBSERVED TIME   RECORD YEAR NORMAL DEPARTURE LAST
                VALUE   (LST)  VALUE       VALUE  FROM      YEAR
                                                  NORMAL
..................................................................
TEMPERATURE (F)
 YESTERDAY
  MAXIMUM         35    308 PM  58    1989  33      2       33
  MINIMUM         10    339 AM -12    1978  15     -5       16
  AVERAGE         23                        24     -1       25

PRECIPITATION (IN)
  YESTERDAY        0.00          0.31 1965   0.03  -0.03     0.00
  MONTH TO DATE    0.83                      0.70   0.13     0.01
  SINCE SEP 1      5.40                      4.72   0.68     5.27
  SINCE JAN 1     16.45                     19.95  -3.50    23.79

SNOWFALL (IN)
  YESTERDAY        0.0           4.9  1985   0.3   -0.3      0.0
  MONTH TO DATE    4.1                       4.2   -0.1      0.0
  SINCE SEP 1      4.3                       5.7   -1.4      0.0
  SINCE JUL 1      4.3                       5.7   -1.4      0.0
  SNOW DEPTH       3

DEGREE DAYS
 HEATING
  YESTERDAY       42                        41      1       40
  MONTH TO DATE  833                       677    156      385
  SINCE SEP 1   1576                      1626    -50     1109
  SINCE JUL 1   1595                      1708   -113     1137

 COOLING
  YESTERDAY        0                         0      0        0
  MONTH TO DATE    0                         0      0        0
  SINCE SEP 1     36                        27      9       30
  SINCE JAN 1    411                       379     32      434
..................................................................


WIND (MPH)
  HIGHEST WIND SPEED    14   HIGHEST WIND DIRECTION     W (270)
  HIGHEST GUST SPEED    16   HIGHEST GUST DIRECTION     W (270)
  AVERAGE WIND SPEED     4.6


SKY COVER
  POSSIBLE SUNSHINE  MM
  AVERAGE SKY COVER 0.2


WEATHER CONDITIONS
 THE FOLLOWING WEATHER WAS RECORDED YESTERDAY.
  FOG


RELATIVE HUMIDITY (PERCENT)
 HIGHEST   100           700 PM
 LOWEST     69           200 PM
 AVERAGE    85

..........................................................


THE GRAND FORKS INTL AP ND CLIMATE NORMALS FOR TODAY
                         NORMAL    RECORD    YEAR
 MAXIMUM TEMPERATURE (F)   32        55      2001
 MINIMUM TEMPERATURE (F)   14       -14      1978


SUNRISE AND SUNSET
NOVEMBER 20 2017......SUNRISE   743 AM CST   SUNSET   446 PM CST
NOVEMBER 21 2017......SUNRISE   744 AM CST   SUNSET   445 PM CST


-  INDICATES NEGATIVE NUMBERS.
R  INDICATES RECORD WAS SET OR TIED.
MM INDICATES DATA IS MISSING.
T  INDICATES TRACE AMOUNT.




$$
