000
CDUS43 KFGF 300725
CLIGFK


CLIMATE REPORT
NATIONAL WEATHER SERVICE EASTERN NORTH DAKOTA/GRAND FORKS
225 AM CDT THU MAR 30 2017


...................................

...THE GRAND FORKS INTL AP ND CLIMATE SUMMARY FOR MARCH 29 2017...

CLIMATE NORMAL PERIOD 1981 TO 2010
CLIMATE RECORD PERIOD 1941 TO 2017


WEATHER ITEM   OBSERVED TIME   RECORD YEAR NORMAL DEPARTURE LAST
                VALUE   (LST)  VALUE       VALUE  FROM      YEAR
                                                  NORMAL
..................................................................
TEMPERATURE (F)
 YESTERDAY
  MAXIMUM         62    415 PM  69    1986  42     20       57
  MINIMUM         30    535 AM -16    1969  23      7       28
  AVERAGE         46                        32     14       43

PRECIPITATION (IN)
  YESTERDAY        0.00          0.64 1989   0.04  -0.04      T
  MONTH TO DATE    0.79                      0.90  -0.11     0.53
  SINCE MAR 1      0.79                      0.90  -0.11     0.53
  SINCE JAN 1      1.64                      1.97  -0.33     1.11

SNOWFALL (IN)
  YESTERDAY        0.0           6.8  1989   0.1   -0.1      0.0
  MONTH TO DATE    0.2                       6.9   -6.7      2.2
  SINCE MAR 1      0.2                       6.9   -6.7      2.2
  SINCE JUL 1     38.5                      44.1   -5.6     28.1
  SNOW DEPTH       0

DEGREE DAYS
 HEATING
  YESTERDAY       19                        33    -14       22
  MONTH TO DATE 1118                      1173    -55      841
  SINCE MAR 1   1118                      1173    -55      841
  SINCE JUL 1   7087                      8323  -1236     6820

 COOLING
  YESTERDAY        0                         0      0        0
  MONTH TO DATE    0                         0      0        0
  SINCE MAR 1      0                         0      0        0
  SINCE JAN 1      0                         0      0        0
..................................................................


WIND (MPH)
  HIGHEST WIND SPEED    24   HIGHEST WIND DIRECTION     S (180)
  HIGHEST GUST SPEED    31   HIGHEST GUST DIRECTION     S (180)
  AVERAGE WIND SPEED     9.4


SKY COVER
  POSSIBLE SUNSHINE  MM
  AVERAGE SKY COVER 0.4


WEATHER CONDITIONS
 THE FOLLOWING WEATHER WAS RECORDED YESTERDAY.
  FOG


RELATIVE HUMIDITY (PERCENT)
 HIGHEST   100          1200 AM
 LOWEST     55           500 PM
 AVERAGE    78

..........................................................


THE GRAND FORKS INTL AP ND CLIMATE NORMALS FOR TODAY
                         NORMAL    RECORD    YEAR
 MAXIMUM TEMPERATURE (F)   43        68      1967
 MINIMUM TEMPERATURE (F)   23       -15      1975


SUNRISE AND SUNSET
MARCH 30 2017.........SUNRISE   711 AM CDT   SUNSET   756 PM CDT
MARCH 31 2017.........SUNRISE   709 AM CDT   SUNSET   758 PM CDT


-  INDICATES NEGATIVE NUMBERS.
R  INDICATES RECORD WAS SET OR TIED.
MM INDICATES DATA IS MISSING.
T  INDICATES TRACE AMOUNT.




$$
