000
CDUS43 KFGF 230639
CLIGFK


CLIMATE REPORT
NATIONAL WEATHER SERVICE EASTERN NORTH DAKOTA/GRAND FORKS
138 AM CDT TUE SEP 23 2014


...................................

...THE GRAND FORKS INTL AP ND CLIMATE SUMMARY FOR SEPTEMBER 22 2014...

CLIMATE NORMAL PERIOD 1981 TO 2010
CLIMATE RECORD PERIOD 1941 TO 2014


WEATHER ITEM   OBSERVED TIME   RECORD YEAR NORMAL DEPARTURE LAST
                VALUE   (LST)  VALUE       VALUE  FROM      YEAR
                                                  NORMAL
..................................................................
TEMPERATURE (F)
 YESTERDAY
  MAXIMUM         78    339 PM  84    1999  67     11       78
  MINIMUM         44    627 AM  20    1974  41      3       45
  AVERAGE         61                        54      7       62

PRECIPITATION (IN)
  YESTERDAY        0.00          0.78 2000   0.07  -0.07     0.00
  MONTH TO DATE    1.04                      1.54  -0.50     0.69
  SINCE SEP 1      1.04                      1.54  -0.50     0.69
  SINCE JAN 1     21.72                     16.77   4.95    14.92

SNOWFALL (IN)
  YESTERDAY        0.0          MM      MM   0.0    0.0      0.0
  MONTH TO DATE    0.0                       0.0    0.0      0.0
  SINCE SEP 1      0.0                       0.0    0.0      0.0
  SINCE JUL 1      0.0                       0.0    0.0      0.0
  SNOW DEPTH       0

DEGREE DAYS
 HEATING
  YESTERDAY        4                        11     -7        3
  MONTH TO DATE  157                       162     -5       98
  SINCE SEP 1    157                       162     -5       98
  SINCE JUL 1    211                       244    -33      180

 COOLING
  YESTERDAY        0                         0      0        0
  MONTH TO DATE   12                        24    -12       32
  SINCE SEP 1     12                        24    -12       32
  SINCE JAN 1    373                       376     -3      480
..................................................................


WIND (MPH)
  HIGHEST WIND SPEED    15   HIGHEST WIND DIRECTION     S (200)
  HIGHEST GUST SPEED    18   HIGHEST GUST DIRECTION     S (200)
  AVERAGE WIND SPEED     7.7


SKY COVER
  POSSIBLE SUNSHINE  MM
  AVERAGE SKY COVER 0.0


WEATHER CONDITIONS
 THE FOLLOWING WEATHER WAS RECORDED YESTERDAY.
  NO SIGNIFICANT WEATHER WAS OBSERVED.


RELATIVE HUMIDITY (PERCENT)
 HIGHEST   100           400 AM
 LOWEST     33           100 PM
 AVERAGE    67

..........................................................


THE GRAND FORKS INTL AP ND CLIMATE NORMALS FOR TODAY
                         NORMAL    RECORD    YEAR
 MAXIMUM TEMPERATURE (F)   66        93      2007
 MINIMUM TEMPERATURE (F)   41        24      1989


SUNRISE AND SUNSET
SEPTEMBER 23 2014.....SUNRISE   717 AM CDT   SUNSET   724 PM CDT
SEPTEMBER 24 2014.....SUNRISE   718 AM CDT   SUNSET   722 PM CDT


-  INDICATES NEGATIVE NUMBERS.
R  INDICATES RECORD WAS SET OR TIED.
MM INDICATES DATA IS MISSING.
T  INDICATES TRACE AMOUNT.




$$
