000
CDUS43 KFGF 210635
CLIGFK


CLIMATE REPORT
NATIONAL WEATHER SERVICE EASTERN NORTH DAKOTA/GRAND FORKS
135 AM CDT THU AUG 21 2014


...................................

...THE GRAND FORKS INTL AP ND CLIMATE SUMMARY FOR AUGUST 20 2014...

CLIMATE NORMAL PERIOD 1981 TO 2010
CLIMATE RECORD PERIOD 1941 TO 2014


WEATHER ITEM   OBSERVED TIME   RECORD YEAR NORMAL DEPARTURE LAST
                VALUE   (LST)  VALUE       VALUE  FROM      YEAR
                                                  NORMAL
..................................................................
TEMPERATURE (F)
 YESTERDAY
  MAXIMUM         84    435 PM 100    1976  80      4       97
  MINIMUM         62    520 AM  32    2004  54      8       66
  AVERAGE         73                        67      6       82

PRECIPITATION (IN)
  YESTERDAY        0.00          0.78 1980   0.09  -0.09     0.06
  MONTH TO DATE    1.27                      1.85  -0.58     0.23
  SINCE JUN 1     11.57                      8.48   3.09     5.41
  SINCE JAN 1     18.75                     14.20   4.55    13.58

SNOWFALL (IN)
  YESTERDAY        0.0          MM      MM   0.0    0.0      0.0
  MONTH TO DATE    0.0                       0.0    0.0      0.0
  SINCE JUN 1      0.0                       0.0    0.0      0.0
  SINCE JUL 1      0.0                       0.0    0.0      0.0
  SNOW DEPTH       0

DEGREE DAYS
 HEATING
  YESTERDAY        0                         2     -2        0
  MONTH TO DATE    0                        24    -24       52
  SINCE JUN 1     75                       155    -80      158
  SINCE JUL 1     29                        52    -23       81

 COOLING
  YESTERDAY        8                         4      4       17
  MONTH TO DATE  106                        91     15       53
  SINCE JUN 1    284                       307    -23      332
  SINCE JAN 1    337                       324     13      341
..................................................................


WIND (MPH)
  HIGHEST WIND SPEED    17   HIGHEST WIND DIRECTION    SE (150)
  HIGHEST GUST SPEED    21   HIGHEST GUST DIRECTION    SE (150)
  AVERAGE WIND SPEED     8.9


SKY COVER
  POSSIBLE SUNSHINE  MM
  AVERAGE SKY COVER 0.5


WEATHER CONDITIONS
 THE FOLLOWING WEATHER WAS RECORDED YESTERDAY.
  NO SIGNIFICANT WEATHER WAS OBSERVED.


RELATIVE HUMIDITY (PERCENT)
 HIGHEST    93           200 AM
 LOWEST     58           100 PM
 AVERAGE    76

..........................................................


THE GRAND FORKS INTL AP ND CLIMATE NORMALS FOR TODAY
                         NORMAL    RECORD    YEAR
 MAXIMUM TEMPERATURE (F)   80        99      1947
 MINIMUM TEMPERATURE (F)   53        38      2004
                                             1986
                                             1967


SUNRISE AND SUNSET
AUGUST 21 2014........SUNRISE   632 AM CDT   SUNSET   831 PM CDT
AUGUST 22 2014........SUNRISE   633 AM CDT   SUNSET   829 PM CDT


-  INDICATES NEGATIVE NUMBERS.
R  INDICATES RECORD WAS SET OR TIED.
MM INDICATES DATA IS MISSING.
T  INDICATES TRACE AMOUNT.




$$
