000
CDUS43 KFGF 310642
CLIGFK


CLIMATE REPORT
NATIONAL WEATHER SERVICE EASTERN NORTH DAKOTA/GRAND FORKS
139 AM CDT THU JUL 31 2014


...................................

...THE GRAND FORKS INTL AP ND CLIMATE SUMMARY FOR JULY 30 2014...

CLIMATE NORMAL PERIOD 1981 TO 2010
CLIMATE RECORD PERIOD 1941 TO 2014


WEATHER ITEM   OBSERVED TIME   RECORD YEAR NORMAL DEPARTURE LAST
                VALUE   (LST)  VALUE       VALUE  FROM      YEAR
                                                  NORMAL
..................................................................
TEMPERATURE (F)
 YESTERDAY
  MAXIMUM         82    347 PM  99    1955  82      0       74
  MINIMUM         53    526 AM  41    1971  56     -3       59
                                      1960
  AVERAGE         68                        69     -1       67

PRECIPITATION (IN)
  YESTERDAY        0.00          1.29 1983   0.09  -0.09     0.02
  MONTH TO DATE    3.70                      3.07   0.63     2.07
  SINCE JUN 1     10.30                      6.55   3.75     5.17
  SINCE JAN 1     17.48                     12.27   5.21    13.34

SNOWFALL (IN)
  YESTERDAY        0.0          MM      MM   0.0    0.0      0.0
  MONTH TO DATE    0.0                       0.0    0.0      0.0
  SINCE JUN 1      0.0                       0.0    0.0      0.0
  SINCE JUL 1      0.0                       0.0    0.0      0.0
  SNOW DEPTH       0

DEGREE DAYS
 HEATING
  YESTERDAY        0                         1     -1        0
  MONTH TO DATE   29                        31     -2       28
  SINCE JUN 1     75                       134    -59      105
  SINCE JUL 1     29                        31     -2       28

 COOLING
  YESTERDAY        3                         5     -2        2
  MONTH TO DATE  105                       140    -35      166
  SINCE JUN 1    172                       215    -43      279
  SINCE JAN 1    225                       232     -7      288
..................................................................


WIND (MPH)
  HIGHEST WIND SPEED    13   HIGHEST WIND DIRECTION    NW (310)
  HIGHEST GUST SPEED    16   HIGHEST GUST DIRECTION     N (350)
  AVERAGE WIND SPEED     4.7


SKY COVER
  POSSIBLE SUNSHINE  MM
  AVERAGE SKY COVER 0.1


WEATHER CONDITIONS
 THE FOLLOWING WEATHER WAS RECORDED YESTERDAY.
  NO SIGNIFICANT WEATHER WAS OBSERVED.


RELATIVE HUMIDITY (PERCENT)
 HIGHEST   100           300 AM
 LOWEST     42           200 PM
 AVERAGE    71

..........................................................


THE GRAND FORKS INTL AP ND CLIMATE NORMALS FOR TODAY
                         NORMAL    RECORD    YEAR
 MAXIMUM TEMPERATURE (F)   82        96      1957
 MINIMUM TEMPERATURE (F)   56        43      1985


SUNRISE AND SUNSET
JULY 31 2014..........SUNRISE   604 AM CDT   SUNSET   906 PM CDT
AUGUST  1 2014........SUNRISE   605 AM CDT   SUNSET   904 PM CDT


-  INDICATES NEGATIVE NUMBERS.
R  INDICATES RECORD WAS SET OR TIED.
MM INDICATES DATA IS MISSING.
T  INDICATES TRACE AMOUNT.




$$
