000
CDUS43 KFGF 240632
CLIGFK


CLIMATE REPORT
NATIONAL WEATHER SERVICE EASTERN NORTH DAKOTA/GRAND FORKS
132 AM CDT FRI OCT 24 2014


...................................

...THE GRAND FORKS INTL AP ND CLIMATE SUMMARY FOR OCTOBER 23 2014...

CLIMATE NORMAL PERIOD 1981 TO 2010
CLIMATE RECORD PERIOD 1941 TO 2014


WEATHER ITEM   OBSERVED TIME   RECORD YEAR NORMAL DEPARTURE LAST
                VALUE   (LST)  VALUE       VALUE  FROM      YEAR
                                                  NORMAL
..................................................................
TEMPERATURE (F)
 YESTERDAY
  MAXIMUM         71    303 PM  78    1963  51     20       38
  MINIMUM         40    742 AM   7    1976  29     11       27
  AVERAGE         56                        40     16       33

PRECIPITATION (IN)
  YESTERDAY        0.00          0.33 2012   0.06  -0.06      T
  MONTH TO DATE    0.37                      1.55  -1.18     2.48
  SINCE SEP 1      1.66                      3.60  -1.94     4.45
  SINCE JAN 1     22.34                     18.83   3.51    18.68

SNOWFALL (IN)
  YESTERDAY        0.0           3.0  1991   0.0    0.0       T
  MONTH TO DATE    0.0                       0.8   -0.8       T
  SINCE SEP 1      0.0                       0.8   -0.8       T
  SINCE JUL 1      0.0                       0.8   -0.8       T
  SNOW DEPTH       0

DEGREE DAYS
 HEATING
  YESTERDAY        9                        25    -16       32
  MONTH TO DATE  380                       460    -80      452
  SINCE SEP 1    572                       729   -157      584
  SINCE JUL 1    626                       811   -185      666

 COOLING
  YESTERDAY        0                         0      0        0
  MONTH TO DATE    0                         0      0        0
  SINCE SEP 1     34                        26      8       39
  SINCE JAN 1    395                       378     17      487
..................................................................


WIND (MPH)
  HIGHEST WIND SPEED    15   HIGHEST WIND DIRECTION    SW (210)
  HIGHEST GUST SPEED    20   HIGHEST GUST DIRECTION    SW (240)
  AVERAGE WIND SPEED     7.4


SKY COVER
  POSSIBLE SUNSHINE  MM
  AVERAGE SKY COVER 0.4


WEATHER CONDITIONS
 THE FOLLOWING WEATHER WAS RECORDED YESTERDAY.
  NO SIGNIFICANT WEATHER WAS OBSERVED.


RELATIVE HUMIDITY (PERCENT)
 HIGHEST   100           100 AM
 LOWEST     28           100 PM
 AVERAGE    64

..........................................................


THE GRAND FORKS INTL AP ND CLIMATE NORMALS FOR TODAY
                         NORMAL    RECORD    YEAR
 MAXIMUM TEMPERATURE (F)   50        78      1989
 MINIMUM TEMPERATURE (F)   29        12      1955


SUNRISE AND SUNSET
OCTOBER 24 2014.......SUNRISE   801 AM CDT   SUNSET   624 PM CDT
OCTOBER 25 2014.......SUNRISE   803 AM CDT   SUNSET   622 PM CDT


-  INDICATES NEGATIVE NUMBERS.
R  INDICATES RECORD WAS SET OR TIED.
MM INDICATES DATA IS MISSING.
T  INDICATES TRACE AMOUNT.




$$
