000
CDUS43 KFGF 292208
CLIGFK


CLIMATE REPORT
NATIONAL WEATHER SERVICE EASTERN NORTH DAKOTA/GRAND FORKS
505 PM CDT SAT AUG 29 2015


...................................

...THE GRAND FORKS INTL AP ND CLIMATE SUMMARY FOR AUGUST 29 2015...
VALID TODAY AS OF 0400 PM LOCAL TIME.

CLIMATE NORMAL PERIOD 1981 TO 2010
CLIMATE RECORD PERIOD 1941 TO 2015


WEATHER ITEM   OBSERVED TIME   RECORD YEAR NORMAL DEPARTURE LAST
                VALUE   (LST)  VALUE       VALUE  FROM      YEAR
                                                  NORMAL
..................................................................
TEMPERATURE (F)
 TODAY
  MAXIMUM         81    248 PM  97    2012  77      4       76
  MINIMUM         61    521 AM  37    1988  51     10       56
  AVERAGE         71                        64      7       66

PRECIPITATION (IN)
  TODAY            0.00          2.41 1993   0.09  -0.09      T
  MONTH TO DATE    2.89                      2.70   0.19     3.05
  SINCE JUN 1     10.50                      9.33   1.17    13.35
  SINCE JAN 1     16.81                     15.05   1.76    20.53

SNOWFALL (IN)
  TODAY            0.0          MM      MM   0.0    0.0      0.0
  MONTH TO DATE    0.0                       0.0    0.0      0.0
  SINCE JUN 1      0.0                       0.0    0.0      0.0
  SINCE JUL 1      0.0                       0.0    0.0      0.0
  SNOW DEPTH       0

DEGREE DAYS
 HEATING
  TODAY            0                         3     -3        0
  MONTH TO DATE   50                        47      3       21
  SINCE JUN 1    122                       178    -56       96
  SINCE JUL 1     64                        75    -11       50

 COOLING
  TODAY            6                         2      4        1
  MONTH TO DATE  114                       117     -3      130
  SINCE JUN 1    374                       333     41      308
  SINCE JAN 1    380                       350     30      361
..................................................................


WIND (MPH)
  HIGHEST WIND SPEED    15   HIGHEST WIND DIRECTION     S (190)
  HIGHEST GUST SPEED    18   HIGHEST GUST DIRECTION     S (180)
  AVERAGE WIND SPEED     7.0


SKY COVER
  POSSIBLE SUNSHINE  MM
  AVERAGE SKY COVER 0.4


WEATHER CONDITIONS
 THE FOLLOWING WEATHER WAS RECORDED TODAY.
  FOG


RELATIVE HUMIDITY (PERCENT)
 HIGHEST   100           100 AM
 LOWEST     67           300 PM
 AVERAGE    84

..........................................................


THE GRAND FORKS INTL AP ND CLIMATE NORMALS FOR TOMORROW
                         NORMAL    RECORD    YEAR
 MAXIMUM TEMPERATURE (F)   77        93      1961
 MINIMUM TEMPERATURE (F)   51        38      2009
                                             1982


SUNRISE AND SUNSET
AUGUST 29 2015........SUNRISE   642 AM CDT   SUNSET   816 PM CDT
AUGUST 30 2015........SUNRISE   644 AM CDT   SUNSET   814 PM CDT


-  INDICATES NEGATIVE NUMBERS.
R  INDICATES RECORD WAS SET OR TIED.
MM INDICATES DATA IS MISSING.
T  INDICATES TRACE AMOUNT.




$$
