000
CDUS43 KFGF 260642
CLIGFK


CLIMATE REPORT
NATIONAL WEATHER SERVICE EASTERN NORTH DAKOTA/GRAND FORKS
1241 AM CST WED NOV 26 2014


...................................

...THE GRAND FORKS INTL AP ND CLIMATE SUMMARY FOR NOVEMBER 25 2014...

CLIMATE NORMAL PERIOD 1981 TO 2010
CLIMATE RECORD PERIOD 1941 TO 2014


WEATHER ITEM   OBSERVED TIME   RECORD YEAR NORMAL DEPARTURE LAST
                VALUE   (LST)  VALUE       VALUE  FROM      YEAR
                                                  NORMAL
..................................................................
TEMPERATURE (F)
 YESTERDAY
  MAXIMUM         22    313 PM  51    1984  29     -7       35
  MINIMUM          9    803 AM -19    1996  12     -3       18
  AVERAGE         16                        20     -4       27

PRECIPITATION (IN)
  YESTERDAY        0.02          0.60 1958   0.02   0.00      T
  MONTH TO DATE    0.26                      0.84  -0.58     0.15
  SINCE SEP 1      1.92                      4.86  -2.94     4.60
  SINCE JAN 1     22.60                     20.09   2.51    18.83

SNOWFALL (IN)
  YESTERDAY        0.6          11.3  1985   0.4    0.2       T
  MONTH TO DATE    3.4                       6.1   -2.7      1.6
  SINCE SEP 1      3.4                       7.6   -4.2      1.6
  SINCE JUL 1      3.4                       7.6   -4.2      1.6
  SNOW DEPTH       1

DEGREE DAYS
 HEATING
  YESTERDAY       49                        45      4       38
  MONTH TO DATE 1018                       937     81      949
  SINCE SEP 1   1787                      1886    -99     1770
  SINCE JUL 1   1841                      1968   -127     1852

 COOLING
  YESTERDAY        0                         0      0        0
  MONTH TO DATE    0                         0      0        0
  SINCE SEP 1     34                        27      7       39
  SINCE JAN 1    395                       379     16      487
..................................................................


WIND (MPH)
  HIGHEST WIND SPEED    21   HIGHEST WIND DIRECTION     N (10)
  HIGHEST GUST SPEED    24   HIGHEST GUST DIRECTION     N (360)
  AVERAGE WIND SPEED     8.4


SKY COVER
  POSSIBLE SUNSHINE  MM
  AVERAGE SKY COVER 1.0


WEATHER CONDITIONS
 THE FOLLOWING WEATHER WAS RECORDED YESTERDAY.
  LIGHT SNOW
  FOG


RELATIVE HUMIDITY (PERCENT)
 HIGHEST    88           900 PM
 LOWEST     73           100 AM
 AVERAGE    81

..........................................................


THE GRAND FORKS INTL AP ND CLIMATE NORMALS FOR TODAY
                         NORMAL    RECORD    YEAR
 MAXIMUM TEMPERATURE (F)   28        50      1962
 MINIMUM TEMPERATURE (F)   11       -17      1985


SUNRISE AND SUNSET
NOVEMBER 26 2014......SUNRISE   751 AM CST   SUNSET   441 PM CST
NOVEMBER 27 2014......SUNRISE   752 AM CST   SUNSET   440 PM CST


-  INDICATES NEGATIVE NUMBERS.
R  INDICATES RECORD WAS SET OR TIED.
MM INDICATES DATA IS MISSING.
T  INDICATES TRACE AMOUNT.




$$
