000
CDUS43 KFGF 280638
CLIGFK


CLIMATE REPORT
NATIONAL WEATHER SERVICE EASTERN NORTH DAKOTA/GRAND FORKS
135 AM CDT SUN AUG 28 2016


...................................

...THE GRAND FORKS INTL AP ND CLIMATE SUMMARY FOR AUGUST 27 2016...

CLIMATE NORMAL PERIOD 1981 TO 2010
CLIMATE RECORD PERIOD 1941 TO 2016


WEATHER ITEM   OBSERVED TIME   RECORD YEAR NORMAL DEPARTURE LAST
                VALUE   (LST)  VALUE       VALUE  FROM      YEAR
                                                  NORMAL
..................................................................
TEMPERATURE (F)
 YESTERDAY
  MAXIMUM         71    223 PM  98    1991  78     -7       79
  MINIMUM         55   1224 AM  32    1982  52      3       52
  AVERAGE         63                        65     -2       66

PRECIPITATION (IN)
  YESTERDAY        0.32          0.71 1995   0.09   0.23     0.00
  MONTH TO DATE    3.53                      2.52   1.01     2.89
  SINCE JUN 1     12.13                      9.15   2.98    10.50
  SINCE JAN 1     18.52                     14.87   3.65    16.81

SNOWFALL (IN)
  YESTERDAY        0.0          MM      MM   0.0    0.0      0.0
  MONTH TO DATE    0.0                       0.0    0.0      0.0
  SINCE JUN 1      0.0                       0.0    0.0      0.0
  SINCE JUL 1      0.0                       0.0    0.0      0.0
  SNOW DEPTH       0

DEGREE DAYS
 HEATING
  YESTERDAY        2                         3     -1        0
  MONTH TO DATE   15                        41    -26       50
  SINCE JUN 1     81                       172    -91      122
  SINCE JUL 1     27                        69    -42       64

 COOLING
  YESTERDAY        0                         3     -3        1
  MONTH TO DATE  129                       112     17       99
  SINCE JUN 1    374                       328     46      359
  SINCE JAN 1    396                       345     51      365
..................................................................


WIND (MPH)
  HIGHEST WIND SPEED    20   HIGHEST WIND DIRECTION    SE (150)
  HIGHEST GUST SPEED    25   HIGHEST GUST DIRECTION    SE (140)
  AVERAGE WIND SPEED     9.5


SKY COVER
  POSSIBLE SUNSHINE  MM
  AVERAGE SKY COVER 0.7


WEATHER CONDITIONS
 THE FOLLOWING WEATHER WAS RECORDED YESTERDAY.
  THUNDERSTORM
  HEAVY RAIN
  RAIN
  LIGHT RAIN
  FOG


RELATIVE HUMIDITY (PERCENT)
 HIGHEST    93           400 AM
 LOWEST     73           200 PM
 AVERAGE    83

..........................................................


THE GRAND FORKS INTL AP ND CLIMATE NORMALS FOR TODAY
                         NORMAL    RECORD    YEAR
 MAXIMUM TEMPERATURE (F)   78        99      1991
 MINIMUM TEMPERATURE (F)   51        31      1986


SUNRISE AND SUNSET
AUGUST 28 2016........SUNRISE   642 AM CDT   SUNSET   816 PM CDT
AUGUST 29 2016........SUNRISE   643 AM CDT   SUNSET   814 PM CDT


-  INDICATES NEGATIVE NUMBERS.
R  INDICATES RECORD WAS SET OR TIED.
MM INDICATES DATA IS MISSING.
T  INDICATES TRACE AMOUNT.




$$
