000
CDUS43 KFGF 010644
CLIGFK


CLIMATE REPORT
NATIONAL WEATHER SERVICE EASTERN NORTH DAKOTA/GRAND FORKS
144 AM CDT SUN MAY 1 2016


...................................

...THE GRAND FORKS INTL AP ND CLIMATE SUMMARY FOR APRIL 30 2016...

CLIMATE NORMAL PERIOD 1981 TO 2010
CLIMATE RECORD PERIOD 1941 TO 2016


WEATHER ITEM   OBSERVED TIME   RECORD YEAR NORMAL DEPARTURE LAST
                VALUE   (LST)  VALUE       VALUE  FROM      YEAR
                                                  NORMAL
..................................................................
TEMPERATURE (F)
 YESTERDAY
  MAXIMUM         62    149 PM  90    1992  62      0       80
  MINIMUM         36    533 AM  23    1958  36      0       39
  AVERAGE         49                        49      0       60

PRECIPITATION (IN)
  YESTERDAY        0.00          0.92 1991   0.05  -0.05     0.14
  MONTH TO DATE    1.56                      1.01   0.55     0.73
  SINCE MAR 1      2.11                      1.97   0.14     1.04
  SINCE JAN 1      2.69                      3.04  -0.35     1.86

SNOWFALL (IN)
  YESTERDAY        0.0           4.5  1991   0.0    0.0      0.0
  MONTH TO DATE    0.3                       2.9   -2.6      0.6
  SINCE MAR 1      2.5                      10.1   -7.6      2.7
  SINCE JUL 1     28.4                      47.3  -18.9     17.0
  SNOW DEPTH       0

DEGREE DAYS
 HEATING
  YESTERDAY       16                        16      0        5
  MONTH TO DATE  724                       695     29      611
  SINCE MAR 1   1613                      1928   -315     1658
  SINCE JUL 1   7592                      9078  -1486     8575

 COOLING
  YESTERDAY        0                         0      0        0
  MONTH TO DATE    0                         1     -1        0
  SINCE MAR 1      0                         1     -1        0
  SINCE JAN 1      0                         1     -1        0
..................................................................


WIND (MPH)
  HIGHEST WIND SPEED    28   HIGHEST WIND DIRECTION    NE (50)
  HIGHEST GUST SPEED    34   HIGHEST GUST DIRECTION    NE (50)
  AVERAGE WIND SPEED    14.1


SKY COVER
  POSSIBLE SUNSHINE  MM
  AVERAGE SKY COVER 0.3


WEATHER CONDITIONS
 THE FOLLOWING WEATHER WAS RECORDED YESTERDAY.
  NO SIGNIFICANT WEATHER WAS OBSERVED.


RELATIVE HUMIDITY (PERCENT)
 HIGHEST    76           400 AM
 LOWEST     27           300 PM
 AVERAGE    52

..........................................................


THE GRAND FORKS INTL AP ND CLIMATE NORMALS FOR TODAY
                         NORMAL    RECORD    YEAR
 MAXIMUM TEMPERATURE (F)   63        85      1980
                                             1952
 MINIMUM TEMPERATURE (F)   36        18      1958


SUNRISE AND SUNSET
MAY  1 2016...........SUNRISE   610 AM CDT   SUNSET   843 PM CDT
MAY  2 2016...........SUNRISE   608 AM CDT   SUNSET   844 PM CDT


-  INDICATES NEGATIVE NUMBERS.
R  INDICATES RECORD WAS SET OR TIED.
MM INDICATES DATA IS MISSING.
T  INDICATES TRACE AMOUNT.




$$
