000
CDUS43 KFGF 292148
CLIGFK


CLIMATE REPORT
NATIONAL WEATHER SERVICE EASTERN NORTH DAKOTA/GRAND FORKS
447 PM CDT MON MAY 29 2017


...................................

...THE GRAND FORKS INTL AP ND CLIMATE SUMMARY FOR MAY 29 2017...
VALID TODAY AS OF 0400 PM LOCAL TIME.

CLIMATE NORMAL PERIOD 1981 TO 2010
CLIMATE RECORD PERIOD 1948 TO 2017


WEATHER ITEM   OBSERVED TIME   RECORD YEAR NORMAL DEPARTURE LAST
                VALUE   (LST)  VALUE       VALUE  FROM      YEAR
                                                  NORMAL
..................................................................
TEMPERATURE (F)
 TODAY
  MAXIMUM         61   1124 AM  93    2010  72    -11       77
  MINIMUM         50    749 AM  30    1961  46      4       51
  AVERAGE         56                        59     -3       64

PRECIPITATION (IN)
  TODAY            0.05          1.21 1961   0.10  -0.05      T
  MONTH TO DATE    1.10                      2.47  -1.37     1.83
  SINCE MAR 1      3.29                      4.44  -1.15     3.94
  SINCE JAN 1      4.14                      5.51  -1.37     4.52

SNOWFALL (IN)
  TODAY            0.0          MM      MM   0.0    0.0      0.0
  MONTH TO DATE    0.0                       0.1   -0.1       T
  SINCE MAR 1      5.8                      10.2   -4.4      2.5
  SINCE JUL 1     44.1                      47.4   -3.3     28.4
  SNOW DEPTH       0

DEGREE DAYS
 HEATING
  TODAY            9                         7      2        1
  MONTH TO DATE  257                       321    -64      216
  SINCE MAR 1   2035                      2249   -214     1829
  SINCE JUL 1   8004                      9399  -1395     7808

 COOLING
  TODAY            0                         1     -1        0
  MONTH TO DATE    2                        14    -12       22
  SINCE MAR 1      2                        15    -13       22
  SINCE JAN 1      2                        15    -13       22
..................................................................


WIND (MPH)
  HIGHEST WIND SPEED    24   HIGHEST WIND DIRECTION    NW (320)
  HIGHEST GUST SPEED    28   HIGHEST GUST DIRECTION    NW (320)
  AVERAGE WIND SPEED    15.7


SKY COVER
  POSSIBLE SUNSHINE  MM
  AVERAGE SKY COVER 0.9


WEATHER CONDITIONS
 THE FOLLOWING WEATHER WAS RECORDED TODAY.
  RAIN
  LIGHT RAIN
  FOG


RELATIVE HUMIDITY (PERCENT)
 HIGHEST    96           400 AM
 LOWEST     62          1200 PM
 AVERAGE    79

..........................................................


THE GRAND FORKS INTL AP ND CLIMATE NORMALS FOR TOMORROW
                         NORMAL    RECORD    YEAR
 MAXIMUM TEMPERATURE (F)   72        92      1986
 MINIMUM TEMPERATURE (F)   47        29      2015


SUNRISE AND SUNSET
MAY 29 2017...........SUNRISE   536 AM CDT   SUNSET   917 PM CDT
MAY 30 2017...........SUNRISE   535 AM CDT   SUNSET   918 PM CDT


-  INDICATES NEGATIVE NUMBERS.
R  INDICATES RECORD WAS SET OR TIED.
MM INDICATES DATA IS MISSING.
T  INDICATES TRACE AMOUNT.




$$
