000
CDUS43 KFGF 010633
CLIGFK


CLIMATE REPORT
NATIONAL WEATHER SERVICE EASTERN NORTH DAKOTA/GRAND FORKS
1231 AM CST SUN FEB 1 2015


...................................

...THE GRAND FORKS INTL AP ND CLIMATE SUMMARY FOR JANUARY 31 2015...

CLIMATE NORMAL PERIOD 1981 TO 2010
CLIMATE RECORD PERIOD 1941 TO 2015


WEATHER ITEM   OBSERVED TIME   RECORD YEAR NORMAL DEPARTURE LAST
                VALUE   (LST)  VALUE       VALUE  FROM      YEAR
                                                  NORMAL
..................................................................
TEMPERATURE (F)
 YESTERDAY
  MAXIMUM         18   1247 AM  44    2009  18      0        7
  MINIMUM         -8   1159 PM -29    1996  -3     -5      -17
  AVERAGE          5                         8     -3       -5

PRECIPITATION (IN)
  YESTERDAY        T             0.34 1989   0.02  -0.02     0.00
  MONTH TO DATE    0.42                      0.55  -0.13     0.66
  SINCE DEC 1      0.64                      1.16  -0.52     1.48
  SINCE JAN 1      0.42                      0.55  -0.13     0.66

SNOWFALL (IN)
  YESTERDAY        T             5.0  1989   0.3   -0.3      0.0
  MONTH TO DATE    3.8                      10.7   -6.9     15.9
  SINCE DEC 1      5.6                      21.4  -15.8     38.7
  SINCE JUL 1      9.6                      30.6  -21.0     40.3
  SNOW DEPTH       T

DEGREE DAYS
 HEATING
  YESTERDAY       60                        57      3       70
  MONTH TO DATE 1622                      1809   -187     1977
  SINCE DEC 1   3074                      3467   -393     3985
  SINCE JUL 1   5218                      5666   -448     6096

 COOLING
  YESTERDAY        0                         0      0        0
  MONTH TO DATE    0                         0      0        0
  SINCE DEC 1      0                         0      0        0
  SINCE JAN 1      0                         0      0        0
..................................................................


WIND (MPH)
  HIGHEST WIND SPEED    29   HIGHEST WIND DIRECTION     N (10)
  HIGHEST GUST SPEED    35   HIGHEST GUST DIRECTION     N (360)
  AVERAGE WIND SPEED    18.7


SKY COVER
  POSSIBLE SUNSHINE  MM
  AVERAGE SKY COVER 0.8


WEATHER CONDITIONS
 THE FOLLOWING WEATHER WAS RECORDED YESTERDAY.
  LIGHT SNOW


RELATIVE HUMIDITY (PERCENT)
 HIGHEST    80          1200 AM
 LOWEST     62          1100 AM
 AVERAGE    71

..........................................................


THE GRAND FORKS INTL AP ND CLIMATE NORMALS FOR TODAY
                         NORMAL    RECORD    YEAR
 MAXIMUM TEMPERATURE (F)   18        42      1991
 MINIMUM TEMPERATURE (F)   -2       -40      1996


SUNRISE AND SUNSET
FEBRUARY  1 2015......SUNRISE   756 AM CST   SUNSET   529 PM CST
FEBRUARY  2 2015......SUNRISE   755 AM CST   SUNSET   530 PM CST


-  INDICATES NEGATIVE NUMBERS.
R  INDICATES RECORD WAS SET OR TIED.
MM INDICATES DATA IS MISSING.
T  INDICATES TRACE AMOUNT.




$$
