000
CDUS41 KALY 290624
CLIGFL


CLIMATE REPORT
NATIONAL WEATHER SERVICE ALBANY NY
123 AM EST MON DEC 29 2014


...................................

...THE GLENS FALLS NY CLIMATE SUMMARY FOR DECEMBER 28 2014...

CLIMATE NORMAL PERIOD 1981 TO 2010
CLIMATE RECORD PERIOD 1949 TO 2014


WEATHER ITEM   OBSERVED TIME   RECORD YEAR NORMAL DEPARTURE LAST
                VALUE   (LST)  VALUE       VALUE  FROM      YEAR
                                                  NORMAL
..................................................................
TEMPERATURE (F)
 YESTERDAY
  MAXIMUM         46   1220 PM  57    1982  30     16       39
  MINIMUM         30   1127 PM -18    1951  11     19       14
  AVERAGE         38                        21     17       27

PRECIPITATION (IN)
  YESTERDAY        0.09          1.05 1959   0.09   0.00     0.00
  MONTH TO DATE    4.08                      2.79   1.29     1.94
  SINCE DEC 1      4.08                      2.79   1.29     1.94
  SINCE JAN 1     36.43                     38.80  -2.37    34.78

DEGREE DAYS
 HEATING
  YESTERDAY       27                        44    -17       38
  MONTH TO DATE  945                      1104   -159     1123
  SINCE DEC 1    945                      1104   -159     1123
  SINCE JUL 1   2406                      2802   -396     2802

 COOLING
  YESTERDAY        0                         0      0        0
  MONTH TO DATE    0                         0      0        0
  SINCE DEC 1      0                         0      0        0
  SINCE JAN 1    392                       352     40      537
..................................................................


WIND (MPH)
  HIGHEST WIND SPEED    17   HIGHEST WIND DIRECTION     W (290)
  HIGHEST GUST SPEED    24   HIGHEST GUST DIRECTION     W (290)
  AVERAGE WIND SPEED     7.2


SKY COVER
  AVERAGE SKY COVER 0.7



RELATIVE HUMIDITY (PERCENT)
 HIGHEST    89           400 AM
 LOWEST     52          1000 PM
 AVERAGE    71

..........................................................


THE GLENS FALLS NY CLIMATE NORMALS FOR TODAY
                         NORMAL    RECORD    YEAR
 MAXIMUM TEMPERATURE (F)   30        62      1984
 MINIMUM TEMPERATURE (F)   11        -9      1970


SUNRISE AND SUNSET
DECEMBER 29 2014......SUNRISE   726 AM EST   SUNSET   427 PM EST
DECEMBER 30 2014......SUNRISE   727 AM EST   SUNSET   427 PM EST


-  INDICATES NEGATIVE NUMBERS.
R  INDICATES RECORD WAS SET OR TIED.
MM INDICATES DATA IS MISSING.
T  INDICATES TRACE AMOUNT.




$$
