000
CDUS41 KALY 230643
CLIGFL


CLIMATE REPORT
NATIONAL WEATHER SERVICE ALBANY NY
142 AM EST THU FEB 23 2017


...................................

...THE GLENS FALLS NY CLIMATE SUMMARY FOR FEBRUARY 22 2017...

CLIMATE NORMAL PERIOD 1981 TO 2010
CLIMATE RECORD PERIOD 1949 TO 2017


WEATHER ITEM   OBSERVED TIME   RECORD YEAR NORMAL DEPARTURE LAST
                VALUE   (LST)  VALUE       VALUE  FROM      YEAR
                                                  NORMAL
..................................................................
TEMPERATURE (F)
 YESTERDAY
  MAXIMUM         56    404 PM  63    1981  35     21       34
  MINIMUM         33    551 AM -12    2011  12     21       17
  AVERAGE         45                        23     22       26

PRECIPITATION (IN)
  YESTERDAY        0.00          1.89 1974   0.07  -0.07     0.00
  MONTH TO DATE    1.85                      1.60   0.25     2.46
  SINCE DEC 1      6.90                      7.51  -0.61     7.57
  SINCE JAN 1      4.03                      4.46  -0.43     3.52

DEGREE DAYS
 HEATING
  YESTERDAY       20                        42    -22       39
  MONTH TO DATE  828                       979   -151      782
  SINCE DEC 1   3081                      3677   -596     2670
  SINCE JUL 1   4397                      5375   -978     3961

 COOLING
  YESTERDAY        0                         0      0        0
  MONTH TO DATE    0                         0      0        0
  SINCE DEC 1      0                         0      0        0
  SINCE JAN 1      0                         0      0        0
..................................................................


WIND (MPH)
  HIGHEST WIND SPEED    12   HIGHEST WIND DIRECTION    SW (220)
  HIGHEST GUST SPEED    14   HIGHEST GUST DIRECTION    SW (210)
  AVERAGE WIND SPEED     4.0


SKY COVER
  AVERAGE SKY COVER 0.6



RELATIVE HUMIDITY (PERCENT)
 HIGHEST    82           600 AM
 LOWEST     50           100 PM
 AVERAGE    66

..........................................................


THE GLENS FALLS NY CLIMATE NORMALS FOR TODAY
                         NORMAL    RECORD    YEAR
 MAXIMUM TEMPERATURE (F)   35        58      1981
 MINIMUM TEMPERATURE (F)   12       -20      2015


SUNRISE AND SUNSET
FEBRUARY 23 2017......SUNRISE   640 AM EST   SUNSET   536 PM EST
FEBRUARY 24 2017......SUNRISE   638 AM EST   SUNSET   537 PM EST


-  INDICATES NEGATIVE NUMBERS.
R  INDICATES RECORD WAS SET OR TIED.
MM INDICATES DATA IS MISSING.
T  INDICATES TRACE AMOUNT.




$$
