000
CDUS41 KALY 030624
CLIGFL


CLIMATE REPORT
NATIONAL WEATHER SERVICE ALBANY NY
223 AM EDT WED JUN 3 2015


...................................

...THE GLENS FALLS NY CLIMATE SUMMARY FOR JUNE 2 2015...

CLIMATE NORMAL PERIOD 1981 TO 2010
CLIMATE RECORD PERIOD 1949 TO 2015


WEATHER ITEM   OBSERVED TIME   RECORD YEAR NORMAL DEPARTURE LAST
                VALUE   (LST)  VALUE       VALUE  FROM      YEAR
                                                  NORMAL
..................................................................
TEMPERATURE (F)
 YESTERDAY
  MAXIMUM         62    439 PM  87    1978  73    -11       82
  MINIMUM         49    611 AM  40    2003  48      1       46
  AVERAGE         56                        61     -5       64

PRECIPITATION (IN)
  YESTERDAY        0.00          1.40 1958   0.11  -0.11     0.00
  MONTH TO DATE    1.08                      0.23   0.85     0.00
  SINCE JUN 1      1.08                      0.23   0.85     0.00
  SINCE JAN 1      8.39                     14.72  -6.33    13.11

DEGREE DAYS
 HEATING
  YESTERDAY        9                         5      4        1
  MONTH TO DATE   24                        11     13        6
  SINCE JUN 1     24                        11     13        6
  SINCE JUL 1   7621                      7597     24     7903

 COOLING
  YESTERDAY        0                         1     -1        0
  MONTH TO DATE    0                         2     -2        0
  SINCE JUN 1      0                         2     -2        0
  SINCE JAN 1     76                        14     62       20
..................................................................


WIND (MPH)
  HIGHEST WIND SPEED    16   HIGHEST WIND DIRECTION    NE (30)
  HIGHEST GUST SPEED    21   HIGHEST GUST DIRECTION    NE (40)
  AVERAGE WIND SPEED     4.6


SKY COVER
  AVERAGE SKY COVER 1.0



RELATIVE HUMIDITY (PERCENT)
 HIGHEST    93          1200 AM
 LOWEST     64           300 PM
 AVERAGE    79

..........................................................


THE GLENS FALLS NY CLIMATE NORMALS FOR TODAY
                         NORMAL    RECORD    YEAR
 MAXIMUM TEMPERATURE (F)   73        87      2014
 MINIMUM TEMPERATURE (F)   49        34      2003


SUNRISE AND SUNSET
JUNE  3 2015..........SUNRISE   516 AM EDT   SUNSET   829 PM EDT
JUNE  4 2015..........SUNRISE   516 AM EDT   SUNSET   830 PM EDT


-  INDICATES NEGATIVE NUMBERS.
R  INDICATES RECORD WAS SET OR TIED.
MM INDICATES DATA IS MISSING.
T  INDICATES TRACE AMOUNT.




$$
