000
CDUS41 KALY 200623
CLIGFL


CLIMATE REPORT
NATIONAL WEATHER SERVICE ALBANY NY
122 AM EST FRI JAN 20 2017


...................................

...THE GLENS FALLS NY CLIMATE SUMMARY FOR JANUARY 19 2017...

CLIMATE NORMAL PERIOD 1981 TO 2010
CLIMATE RECORD PERIOD 1949 TO 2017


WEATHER ITEM   OBSERVED TIME   RECORD YEAR NORMAL DEPARTURE LAST
                VALUE   (LST)  VALUE       VALUE  FROM      YEAR
                                                  NORMAL
..................................................................
TEMPERATURE (F)
 YESTERDAY
  MAXIMUM         42    356 PM  56    1996  28     14       23
  MINIMUM         33   1159 PM -30    1976   7     26       11
  AVERAGE         38                        17     21       17

PRECIPITATION (IN)
  YESTERDAY        0.01          1.57 1996   0.10  -0.09     0.00
  MONTH TO DATE    1.14                      1.74  -0.60     1.04
  SINCE DEC 1      4.01                      4.79  -0.78     5.09
  SINCE JAN 1      1.14                      1.74  -0.60     1.04

DEGREE DAYS
 HEATING
  YESTERDAY       27                        48    -21       48
  MONTH TO DATE  721                       892   -171      754
  SINCE DEC 1   1866                      2132   -266     1577
  SINCE JUL 1   3182                      3830   -648     2868

 COOLING
  YESTERDAY        0                         0      0        0
  MONTH TO DATE    0                         0      0        0
  SINCE DEC 1      0                         0      0        0
  SINCE JAN 1      0                         0      0        0
..................................................................


WIND (MPH)
  HIGHEST WIND SPEED     9   HIGHEST WIND DIRECTION     S (170)
  HIGHEST GUST SPEED    12   HIGHEST GUST DIRECTION     S (170)
  AVERAGE WIND SPEED     2.4


SKY COVER
  AVERAGE SKY COVER 1.0



RELATIVE HUMIDITY (PERCENT)
 HIGHEST    92          1200 AM
 LOWEST     70           300 PM
 AVERAGE    81

..........................................................


THE GLENS FALLS NY CLIMATE NORMALS FOR TODAY
                         NORMAL    RECORD    YEAR
 MAXIMUM TEMPERATURE (F)   28        47      1995
 MINIMUM TEMPERATURE (F)    7       -29      1994


SUNRISE AND SUNSET
JANUARY 20 2017.......SUNRISE   721 AM EST   SUNSET   451 PM EST
JANUARY 21 2017.......SUNRISE   720 AM EST   SUNSET   452 PM EST


-  INDICATES NEGATIVE NUMBERS.
R  INDICATES RECORD WAS SET OR TIED.
MM INDICATES DATA IS MISSING.
T  INDICATES TRACE AMOUNT.




$$
