000
CDUS41 KALY 200644
CLIGFL


CLIMATE REPORT
NATIONAL WEATHER SERVICE ALBANY NY
143 AM EST MON NOV 20 2017


...................................

...THE GLENS FALLS NY CLIMATE SUMMARY FOR NOVEMBER 19 2017...

CLIMATE NORMAL PERIOD 1981 TO 2010
CLIMATE RECORD PERIOD 1949 TO 2017


WEATHER ITEM   OBSERVED TIME   RECORD YEAR NORMAL DEPARTURE LAST
                VALUE   (LST)  VALUE       VALUE  FROM      YEAR
                                                  NORMAL
..................................................................
TEMPERATURE (F)
 YESTERDAY
  MAXIMUM         50    810 AM  62    1985  45      5       60
  MINIMUM         30   1159 PM   6    1997  27      3       29
  AVERAGE         40                        36      4       45

PRECIPITATION (IN)
  YESTERDAY        0.11          1.76 2003   0.12  -0.01     0.00
  MONTH TO DATE    1.14                      2.09  -0.95     1.67
  SINCE SEP 1      6.27                      8.98  -2.71     5.82
  SINCE JAN 1     33.40                     34.79  -1.39    26.98

DEGREE DAYS
 HEATING
  YESTERDAY       25                        29     -4       20
  MONTH TO DATE  534                       496     38      427
  SINCE SEP 1   1009                      1285   -276      989
  SINCE JUL 1   1076                      1351   -275      995

 COOLING
  YESTERDAY        0                         0      0        0
  MONTH TO DATE    0                         0      0        0
  SINCE SEP 1     74                        25     49       58
  SINCE JAN 1    388                       352     36      643
..................................................................


WIND (MPH)
  HIGHEST WIND SPEED    24   HIGHEST WIND DIRECTION     W (270)
  HIGHEST GUST SPEED    35   HIGHEST GUST DIRECTION     W (290)
  AVERAGE WIND SPEED     8.4


SKY COVER
  AVERAGE SKY COVER 0.8



RELATIVE HUMIDITY (PERCENT)
 HIGHEST   100          1200 AM
 LOWEST     56           800 PM
 AVERAGE    78

..........................................................


THE GLENS FALLS NY CLIMATE NORMALS FOR TODAY
                         NORMAL    RECORD    YEAR
 MAXIMUM TEMPERATURE (F)   45        70      1991
 MINIMUM TEMPERATURE (F)   26         7      1986


SUNRISE AND SUNSET
NOVEMBER 20 2017......SUNRISE   654 AM EST   SUNSET   426 PM EST
NOVEMBER 21 2017......SUNRISE   655 AM EST   SUNSET   425 PM EST


-  INDICATES NEGATIVE NUMBERS.
R  INDICATES RECORD WAS SET OR TIED.
MM INDICATES DATA IS MISSING.
T  INDICATES TRACE AMOUNT.




$$
