000
CDUS44 KSHV 210839
CLIGGG


CLIMATE REPORT
NATIONAL WEATHER SERVICE SHREVEPORT, LA
239 AM CST SUN JAN 21 2018


...................................

...THE LONGVIEW CLIMATE SUMMARY FOR JANUARY 20 2018...

CLIMATE NORMAL PERIOD 1981 TO 2010
CLIMATE RECORD PERIOD 1902 TO 2018


WEATHER ITEM   OBSERVED TIME   RECORD YEAR NORMAL DEPARTURE LAST
                VALUE   (LST)  VALUE       VALUE  FROM      YEAR
                                                  NORMAL
..................................................................
TEMPERATURE (F)
 YESTERDAY
  MAXIMUM         67    503 PM  80    2012  57     10       75
  MINIMUM         49   1253 AM  13    1963  36     13       55
  AVERAGE         58                        46     12       65

PRECIPITATION (IN)
  YESTERDAY        0.00          2.20 1958   0.10  -0.10     0.00
  MONTH TO DATE    2.38                      2.06   0.32     5.39
  SINCE DEC 1      7.71                      6.55   1.16    10.19
  SINCE JAN 1      2.38                      2.06   0.32     5.39

SNOWFALL (IN)
  YESTERDAY        0.0
  MONTH TO DATE    T
  SINCE DEC 1      T
  SINCE JUL 1      T
  SNOW DEPTH       0

DEGREE DAYS
 HEATING
  YESTERDAY        7                        19    -12        0
  MONTH TO DATE  520                       380    140      230
  SINCE DEC 1   1032                       914    118      645
  SINCE JUL 1   1312                      1286     26      805

 COOLING
  YESTERDAY        0                         0      0        0
  MONTH TO DATE    0                         0      0       19
  SINCE DEC 1      4                         6     -2       37
  SINCE JAN 1      0                         0      0       19
..................................................................


WIND (MPH)
  HIGHEST WIND SPEED    18   HIGHEST WIND DIRECTION     S (160)
  HIGHEST GUST SPEED    22   HIGHEST GUST DIRECTION     S (170)
  AVERAGE WIND SPEED    10.0


SKY COVER
  POSSIBLE SUNSHINE  MM
  AVERAGE SKY COVER 0.9


WEATHER CONDITIONS
 THE FOLLOWING WEATHER WAS RECORDED YESTERDAY.
  FOG


RELATIVE HUMIDITY (PERCENT)
 HIGHEST   100           600 AM
 LOWEST     74          1200 AM
 AVERAGE    87

..........................................................


THE LONGVIEW CLIMATE NORMALS FOR TODAY
                         NORMAL    RECORD    YEAR
 MAXIMUM TEMPERATURE (F)   57        83      1911
 MINIMUM TEMPERATURE (F)   36        15      1963


SUNRISE AND SUNSET
JANUARY 21 2018.......SUNRISE   719 AM CST   SUNSET   542 PM CST
JANUARY 22 2018.......SUNRISE   718 AM CST   SUNSET   543 PM CST


-  INDICATES NEGATIVE NUMBERS.
R  INDICATES RECORD WAS SET OR TIED.
MM INDICATES DATA IS MISSING.
T  INDICATES TRACE AMOUNT.




$$
