000
CDUS44 KSHV 290730
CLIGGG


CLIMATE REPORT
NATIONAL WEATHER SERVICE SHREVEPORT, LA
230 AM CDT THU JUN 29 2017


...................................

...THE LONGVIEW CLIMATE SUMMARY FOR JUNE 28 2017...

CLIMATE NORMAL PERIOD 1981 TO 2010
CLIMATE RECORD PERIOD 1902 TO 2017


WEATHER ITEM   OBSERVED TIME   RECORD YEAR NORMAL DEPARTURE LAST
                VALUE   (LST)  VALUE       VALUE  FROM      YEAR
                                                  NORMAL
..................................................................
TEMPERATURE (F)
 YESTERDAY
  MAXIMUM         89    438 PM 105    2013  92     -3       92
                                      1918
  MINIMUM         70    539 AM  57    1968  72     -2       73
  AVERAGE         80                        82     -2       83

PRECIPITATION (IN)
  YESTERDAY        0.00          1.90 1975   0.15  -0.15     0.00
  MONTH TO DATE    5.16                      4.70   0.46     4.69
  SINCE DEC 1     32.41                     28.92   3.49    39.07
  SINCE JAN 1     27.61                     24.43   3.18    33.01

SNOWFALL (IN)
  YESTERDAY        0.0
  MONTH TO DATE    0.0
  SINCE JUN 1      0.0
  SINCE JUL 1      0.0
  SNOW DEPTH       0

DEGREE DAYS
 HEATING
  YESTERDAY        0                         0      0        0
  MONTH TO DATE    0                         0      0        0
  SINCE JUN 1      0                         0      0        0
  SINCE JUL 1   1291                      2258   -967     1654

 COOLING
  YESTERDAY       15                        17     -2       18
  MONTH TO DATE  406                       406      0      447
  SINCE JUN 1    406                       406      0      447
  SINCE JAN 1    919                       785    134      809
..................................................................


WIND (MPH)
  HIGHEST WIND SPEED    14   HIGHEST WIND DIRECTION     S (160)
  HIGHEST GUST SPEED    18   HIGHEST GUST DIRECTION     E (110)
  AVERAGE WIND SPEED     5.3


SKY COVER
  POSSIBLE SUNSHINE  MM
  AVERAGE SKY COVER 0.1


WEATHER CONDITIONS
 THE FOLLOWING WEATHER WAS RECORDED YESTERDAY.
  NO SIGNIFICANT WEATHER WAS OBSERVED.


RELATIVE HUMIDITY (PERCENT)
 HIGHEST   100           300 AM
 LOWEST     55           100 PM
 AVERAGE    78

..........................................................


THE LONGVIEW CLIMATE NORMALS FOR TODAY
                         NORMAL    RECORD    YEAR
 MAXIMUM TEMPERATURE (F)   92       105      1917
 MINIMUM TEMPERATURE (F)   72        58      1926


SUNRISE AND SUNSET
JUNE 29 2017..........SUNRISE   615 AM CDT   SUNSET   830 PM CDT
JUNE 30 2017..........SUNRISE   615 AM CDT   SUNSET   830 PM CDT


-  INDICATES NEGATIVE NUMBERS.
R  INDICATES RECORD WAS SET OR TIED.
MM INDICATES DATA IS MISSING.
T  INDICATES TRACE AMOUNT.




$$
