000
CDUS44 KSHV 190831
CLIGGG


CLIMATE REPORT
NATIONAL WEATHER SERVICE SHREVEPORT, LA
231 AM CST FRI DEC 19 2014


...................................

...THE LONGVIEW CLIMATE SUMMARY FOR DECEMBER 18 2014...

CLIMATE NORMAL PERIOD 1981 TO 2010
CLIMATE RECORD PERIOD 1902 TO 2014


WEATHER ITEM   OBSERVED TIME   RECORD YEAR NORMAL DEPARTURE LAST
                VALUE   (LST)  VALUE       VALUE  FROM      YEAR
                                                  NORMAL
..................................................................
TEMPERATURE (F)
 YESTERDAY
  MAXIMUM         53    411 PM  78    2012  58     -5       70
  MINIMUM         44    802 AM  20    1964  37      7       33
  AVERAGE         49                        47      2       52

PRECIPITATION (IN)
  YESTERDAY        0.02          2.44 2002   0.14  -0.12     0.00
  MONTH TO DATE    1.32                      2.79  -1.47     1.87
  SINCE DEC 1      1.32                      2.79  -1.47     1.87
  SINCE JAN 1     37.83                     45.85  -8.02    38.27

SNOWFALL (IN)
  YESTERDAY       MM
  MONTH TO DATE    0.0
  SINCE DEC 1      0.0
  SINCE JUL 1      0.0
  SNOW DEPTH       0

DEGREE DAYS
 HEATING
  YESTERDAY       16                        18     -2       13
  MONTH TO DATE  200                       295    -95      338
  SINCE DEC 1    200                       295    -95      338
  SINCE JUL 1    610                       667    -57      766

 COOLING
  YESTERDAY        0                         0      0        0
  MONTH TO DATE    5                         0      5        6
  SINCE DEC 1      5                         0      5        6
  SINCE JAN 1   2461                      2417     44     2733
..................................................................


WIND (MPH)
  HIGHEST WIND SPEED     9   HIGHEST WIND DIRECTION    NE (40)
  HIGHEST GUST SPEED    12   HIGHEST GUST DIRECTION     E (80)
  AVERAGE WIND SPEED     5.6


SKY COVER
  POSSIBLE SUNSHINE  MM
  AVERAGE SKY COVER 1.0


WEATHER CONDITIONS
 THE FOLLOWING WEATHER WAS RECORDED YESTERDAY.
  LIGHT RAIN
  FOG
  HAZE


RELATIVE HUMIDITY (PERCENT)
 HIGHEST    93           700 PM
 LOWEST     77           400 PM
 AVERAGE    85

..........................................................


THE LONGVIEW CLIMATE NORMALS FOR TODAY
                         NORMAL    RECORD    YEAR
 MAXIMUM TEMPERATURE (F)   58        78      2012
                                             1957
 MINIMUM TEMPERATURE (F)   37        15      1929


SUNRISE AND SUNSET
DECEMBER 19 2014......SUNRISE   715 AM CST   SUNSET   517 PM CST
DECEMBER 20 2014......SUNRISE   716 AM CST   SUNSET   517 PM CST


-  INDICATES NEGATIVE NUMBERS.
R  INDICATES RECORD WAS SET OR TIED.
MM INDICATES DATA IS MISSING.
T  INDICATES TRACE AMOUNT.




$$
