000
CDUS44 KSHV 070837
CLIGGG


CLIMATE REPORT
NATIONAL WEATHER SERVICE SHREVEPORT, LA
237 AM CST SUN FEB 7 2016


...................................

...THE LONGVIEW CLIMATE SUMMARY FOR FEBRUARY 6 2016...

CLIMATE NORMAL PERIOD 1981 TO 2010
CLIMATE RECORD PERIOD 1902 TO 2016


WEATHER ITEM   OBSERVED TIME   RECORD YEAR NORMAL DEPARTURE LAST
                VALUE   (LST)  VALUE       VALUE  FROM      YEAR
                                                  NORMAL
..................................................................
TEMPERATURE (F)
 YESTERDAY
  MAXIMUM         52    444 PM  81    1911  60     -8       54
  MINIMUM         33   1215 AM  19    1912  37     -4       40
  AVERAGE         43                        48     -5       47

PRECIPITATION (IN)
  YESTERDAY        0.24          2.80 1903   0.13   0.11     0.00
  MONTH TO DATE    0.24                      0.78  -0.54     0.25
  SINCE DEC 1      8.02                      8.59  -0.57     7.97
  SINCE JAN 1      1.96                      4.10  -2.14     5.67

SNOWFALL (IN)
  YESTERDAY       MM
  MONTH TO DATE    0.0
  SINCE DEC 1      0.0
  SINCE JUL 1      0.0
  SNOW DEPTH       0

DEGREE DAYS
 HEATING
  YESTERDAY       22                        17      5       18
  MONTH TO DATE   99                       104     -5      118
  SINCE DEC 1   1018                      1215   -197     1167
  SINCE JUL 1   1218                      1587   -369     1577

 COOLING
  YESTERDAY        0                         0      0        0
  MONTH TO DATE    0                         0      0        0
  SINCE DEC 1     22                        10     12        5
  SINCE JAN 1      0                         4     -4        0
..................................................................


WIND (MPH)
  HIGHEST WIND SPEED    13   HIGHEST WIND DIRECTION     W (260)
  HIGHEST GUST SPEED    18   HIGHEST GUST DIRECTION    SW (240)
  AVERAGE WIND SPEED     3.5


SKY COVER
  POSSIBLE SUNSHINE  MM
  AVERAGE SKY COVER 0.5


WEATHER CONDITIONS
 THE FOLLOWING WEATHER WAS RECORDED YESTERDAY.
  RAIN
  LIGHT RAIN
  FOG


RELATIVE HUMIDITY (PERCENT)
 HIGHEST    92           600 AM
 LOWEST     54           500 PM
 AVERAGE    73

..........................................................


THE LONGVIEW CLIMATE NORMALS FOR TODAY
                         NORMAL    RECORD    YEAR
 MAXIMUM TEMPERATURE (F)   60        81      1911
 MINIMUM TEMPERATURE (F)   37         4      1933


SUNRISE AND SUNSET
FEBRUARY  7 2016......SUNRISE   709 AM CST   SUNSET   557 PM CST
FEBRUARY  8 2016......SUNRISE   708 AM CST   SUNSET   558 PM CST


-  INDICATES NEGATIVE NUMBERS.
R  INDICATES RECORD WAS SET OR TIED.
MM INDICATES DATA IS MISSING.
T  INDICATES TRACE AMOUNT.




$$
