000
CDUS44 KSHV 170836
CLIGGG


CLIMATE REPORT
NATIONAL WEATHER SERVICE SHREVEPORT, LA
335 AM CDT WED SEP 17 2014


...................................

...THE LONGVIEW CLIMATE SUMMARY FOR SEPTEMBER 16 2014...

CLIMATE NORMAL PERIOD 1981 TO 2010
CLIMATE RECORD PERIOD 1902 TO 2014


WEATHER ITEM   OBSERVED TIME   RECORD YEAR NORMAL DEPARTURE LAST
                VALUE   (LST)  VALUE       VALUE  FROM      YEAR
                                                  NORMAL
..................................................................
TEMPERATURE (F)
 YESTERDAY
  MAXIMUM         91    359 PM 100    1926  88      3       97
  MINIMUM         72    547 AM  51    1902  65      7       71
  AVERAGE         82                        76      6       84

PRECIPITATION (IN)
  YESTERDAY        T             2.40 1971   0.10  -0.10     0.00
  MONTH TO DATE    0.24                      1.71  -1.47     0.38
  SINCE DEC 1     30.41                     36.85  -6.44    25.06
  SINCE JAN 1     26.26                     32.36  -6.10    20.71

SNOWFALL (IN)
  YESTERDAY        0.0
  MONTH TO DATE    0.0
  SINCE SEP 1      0.0
  SINCE JUL 1      0.0
  SNOW DEPTH       0

DEGREE DAYS
 HEATING
  YESTERDAY        0                         0      0        0
  MONTH TO DATE    0                         0      0        0
  SINCE SEP 1      0                         0      0        0
  SINCE JUL 1      0                         0      0        0

 COOLING
  YESTERDAY       17                        11      6       19
  MONTH TO DATE  264                       215     49      318
  SINCE SEP 1    264                       215     49      318
  SINCE JAN 1   2118                      2155    -37     2413
..................................................................


WIND (MPH)
  HIGHEST WIND SPEED     9   HIGHEST WIND DIRECTION    NE (60)
  HIGHEST GUST SPEED    13   HIGHEST GUST DIRECTION     E (80)
  AVERAGE WIND SPEED     4.1


SKY COVER
  POSSIBLE SUNSHINE  MM
  AVERAGE SKY COVER 0.1


WEATHER CONDITIONS
 THE FOLLOWING WEATHER WAS RECORDED YESTERDAY.
  LIGHT RAIN


RELATIVE HUMIDITY (PERCENT)
 HIGHEST    87           200 AM
 LOWEST     44           400 PM
 AVERAGE    66

..........................................................


THE LONGVIEW CLIMATE NORMALS FOR TODAY
                         NORMAL    RECORD    YEAR
 MAXIMUM TEMPERATURE (F)   87       100      1952
 MINIMUM TEMPERATURE (F)   64        44      1903


SUNRISE AND SUNSET
SEPTEMBER 17 2014.....SUNRISE   704 AM CDT   SUNSET   722 PM CDT
SEPTEMBER 18 2014.....SUNRISE   705 AM CDT   SUNSET   721 PM CDT


-  INDICATES NEGATIVE NUMBERS.
R  INDICATES RECORD WAS SET OR TIED.
MM INDICATES DATA IS MISSING.
T  INDICATES TRACE AMOUNT.




$$
