000
CDUS44 KSHV 230745
CLIGGG


CLIMATE REPORT
NATIONAL WEATHER SERVICE SHREVEPORT, LA
241 AM CDT MON OCT 23 2017


...................................

...THE LONGVIEW CLIMATE SUMMARY FOR OCTOBER 22 2017...

CLIMATE NORMAL PERIOD 1981 TO 2010
CLIMATE RECORD PERIOD 1902 TO 2017


WEATHER ITEM   OBSERVED TIME   RECORD YEAR NORMAL DEPARTURE LAST
                VALUE   (LST)  VALUE       VALUE  FROM      YEAR
                                                  NORMAL
..................................................................
TEMPERATURE (F)
 YESTERDAY
  MAXIMUM         76    247 AM  95    1934  76      0       75
  MINIMUM         50   1154 PM  32    1937  52     -2       43
  AVERAGE         63                        64     -1       59

PRECIPITATION (IN)
  YESTERDAY        1.37          3.00 1972   0.15   1.22     0.00
  MONTH TO DATE    1.63                      3.35  -1.72     0.79
  SINCE DEC 1     41.98                     41.83   0.15    47.86
  SINCE JAN 1     37.18                     37.34  -0.16    41.80

SNOWFALL (IN)
  YESTERDAY        0.0
  MONTH TO DATE    0.0
  SINCE SEP 1      0.0
  SINCE JUL 1      0.0
  SNOW DEPTH       0

DEGREE DAYS
 HEATING
  YESTERDAY        2                         4     -2        6
  MONTH TO DATE   12                        42    -30       12
  SINCE SEP 1     12                        48    -36       12
  SINCE JUL 1     12                        48    -36       12

 COOLING
  YESTERDAY        0                         3     -3        0
  MONTH TO DATE  177                        93     84      169
  SINCE SEP 1    545                       432    113      591
  SINCE JAN 1   2613                      2372    241     2636
..................................................................


WIND (MPH)
  HIGHEST WIND SPEED    36   HIGHEST WIND DIRECTION    NW (330)
  HIGHEST GUST SPEED    49   HIGHEST GUST DIRECTION    NW (330)
  AVERAGE WIND SPEED     9.4


SKY COVER
  POSSIBLE SUNSHINE  MM
  AVERAGE SKY COVER 0.6


WEATHER CONDITIONS
 THE FOLLOWING WEATHER WAS RECORDED YESTERDAY.
  THUNDERSTORM
  HEAVY RAIN
  RAIN
  LIGHT RAIN
  FOG


RELATIVE HUMIDITY (PERCENT)
 HIGHEST   100           400 AM
 LOWEST     49           400 PM
 AVERAGE    75

..........................................................


THE LONGVIEW CLIMATE NORMALS FOR TODAY
                         NORMAL    RECORD    YEAR
 MAXIMUM TEMPERATURE (F)   76        94      1939
 MINIMUM TEMPERATURE (F)   52        35      2006
                                             1952


SUNRISE AND SUNSET
OCTOBER 23 2017.......SUNRISE   729 AM CDT   SUNSET   637 PM CDT
OCTOBER 24 2017.......SUNRISE   730 AM CDT   SUNSET   636 PM CDT


-  INDICATES NEGATIVE NUMBERS.
R  INDICATES RECORD WAS SET OR TIED.
MM INDICATES DATA IS MISSING.
T  INDICATES TRACE AMOUNT.




$$
