000
CDUS45 KGGW 290741
CLIGGW


CLIMATE REPORT
NATIONAL WEATHER SERVICE GLASGOW MT
141 AM MDT WED JUL 29 2015


...................................

...THE GLASGOW MT CLIMATE SUMMARY FOR JULY 28 2015...

CLIMATE NORMAL PERIOD 1981 TO 2010
CLIMATE RECORD PERIOD 1893 TO 2015


WEATHER ITEM   OBSERVED TIME   RECORD YEAR NORMAL DEPARTURE LAST
                VALUE   (LST)  VALUE       VALUE  FROM      YEAR
                                                  NORMAL
..................................................................
TEMPERATURE (F)
 YESTERDAY
  MAXIMUM         69    455 PM 109    1917  87    -18       90
  MINIMUM         55    301 AM  39    1894  59     -4       54
  AVERAGE         62                        73    -11       72

PRECIPITATION (IN)
  YESTERDAY        0.65          1.15 2010   0.04   0.61     0.00
  MONTH TO DATE    1.75                      1.64   0.11     0.58
  SINCE OCT 1      9.91                      9.34   0.57     7.68
  SINCE JAN 1      8.65                      7.79   0.86     6.23

SNOWFALL (IN)
  YESTERDAY        0.0           T    2010   0.0    0.0      0.0
  MONTH TO DATE    0.0                       0.0    0.0      0.0
  SINCE JUN 1      0.0                       0.0    0.0      0.0
  SINCE JUL 1      0.0                       0.0    0.0      0.0
  SNOW DEPTH       0

DEGREE DAYS
 HEATING
  YESTERDAY        3                         0      3        0
  MONTH TO DATE    5                        15    -10        4
  SINCE JUN 1     51                       120    -69      112
  SINCE JUL 1      5                        15    -10        4

 COOLING
  YESTERDAY        0                         8     -8        7
  MONTH TO DATE  202                       183     19      179
  SINCE JUN 1    329                       258     71      199
  SINCE JAN 1    329                       275     54      233
..................................................................


WIND (MPH)
  HIGHEST WIND SPEED    37   HIGHEST WIND DIRECTION     W (280)
  HIGHEST GUST SPEED    47   HIGHEST GUST DIRECTION    NW (300)
  AVERAGE WIND SPEED    21.7


SKY COVER
  POSSIBLE SUNSHINE  MM
  AVERAGE SKY COVER 0.6


WEATHER CONDITIONS
 THE FOLLOWING WEATHER WAS RECORDED YESTERDAY.
  RAIN
  LIGHT RAIN


RELATIVE HUMIDITY (PERCENT)
 HIGHEST    93           300 AM
 LOWEST     40           500 PM
 AVERAGE    67

..........................................................


THE GLASGOW MT CLIMATE NORMALS FOR TODAY
                         NORMAL    RECORD    YEAR
 MAXIMUM TEMPERATURE (F)   87       103      1975
 MINIMUM TEMPERATURE (F)   59        45      1971
                                             1903
                                             1898


SUNRISE AND SUNSET
JULY 29 2015..........SUNRISE   538 AM MDT   SUNSET   847 PM MDT
JULY 30 2015..........SUNRISE   539 AM MDT   SUNSET   846 PM MDT


-  INDICATES NEGATIVE NUMBERS.
R  INDICATES RECORD WAS SET OR TIED.
MM INDICATES DATA IS MISSING.
T  INDICATES TRACE AMOUNT.




$$
