000
CDUS45 KGGW 310741
CLIGGW

CLIMATE REPORT
NATIONAL WEATHER SERVICE GLASGOW MT
140 AM MDT TUE MAY 31 2016


...................................

...THE GLASGOW MT CLIMATE SUMMARY FOR MAY 30 2016...

CLIMATE NORMAL PERIOD 1981 TO 2010
CLIMATE RECORD PERIOD 1893 TO 2016


WEATHER ITEM   OBSERVED TIME   RECORD YEAR NORMAL DEPARTURE LAST
                VALUE   (LST)  VALUE       VALUE  FROM      YEAR
                                                  NORMAL
..................................................................
TEMPERATURE (F)
 YESTERDAY
  MAXIMUM         63    336 PM  96    1984  72     -9       69
  MINIMUM         48   1032 PM  30    1913  47      1       43
  AVERAGE         56                        59     -3       56

PRECIPITATION (IN)
  YESTERDAY        0.09          1.60 1985   0.08   0.01     0.02
  MONTH TO DATE    4.35                      1.83   2.52     1.26
  SINCE OCT 1     11.08                      5.28   5.80     5.52
  SINCE JAN 1      8.10                      3.73   4.37     4.26

SNOWFALL (IN)
  YESTERDAY        0.0           T    1982   0.0    0.0      0.0
  MONTH TO DATE    0.0                       1.2   -1.2      0.0
  SINCE MAR 1      6.1                       7.8   -1.7      8.1
  SINCE JUL 1     27.6                      34.8   -7.2     43.2
  SNOW DEPTH       0

DEGREE DAYS
 HEATING
  YESTERDAY        9                         7      2        9
  MONTH TO DATE  261                       318    -57      342
  SINCE MAR 1   1584                      1955   -371     1683
  SINCE JUL 1   7049                      8325  -1276     7767

 COOLING
  YESTERDAY        0                         1     -1        0
  MONTH TO DATE   11                        10      1        0
  SINCE MAR 1     11                        11      0        0
  SINCE JAN 1     11                        11      0        0
..................................................................


WIND (MPH)
  HIGHEST WIND SPEED    26   HIGHEST WIND DIRECTION     W (270)
  HIGHEST GUST SPEED    35   HIGHEST GUST DIRECTION     W (280)
  AVERAGE WIND SPEED    12.0


SKY COVER
  POSSIBLE SUNSHINE  MM
  AVERAGE SKY COVER 0.7


WEATHER CONDITIONS
 THE FOLLOWING WEATHER WAS RECORDED YESTERDAY.
  RAIN
  LIGHT RAIN
  FOG


RELATIVE HUMIDITY (PERCENT)
 HIGHEST    86          1100 PM
 LOWEST     48           400 PM
 AVERAGE    67

..........................................................


THE GLASGOW MT CLIMATE NORMALS FOR TODAY
                         NORMAL    RECORD    YEAR
 MAXIMUM TEMPERATURE (F)   72        94      1936
 MINIMUM TEMPERATURE (F)   47        31      1954


SUNRISE AND SUNSET
MAY 31 2016...........SUNRISE   511 AM MDT   SUNSET   858 PM MDT
JUNE  1 2016..........SUNRISE   510 AM MDT   SUNSET   859 PM MDT


-  INDICATES NEGATIVE NUMBERS.
R  INDICATES RECORD WAS SET OR TIED.
MM INDICATES DATA IS MISSING.
T  INDICATES TRACE AMOUNT.




$$
