000
CDUS45 KGGW 270741
CLIGGW


CLIMATE REPORT
NATIONAL WEATHER SERVICE GLASGOW MT
141 AM MDT FRI MAR 27 2015


...................................

...THE GLASGOW MT CLIMATE SUMMARY FOR MARCH 26 2015...

CLIMATE NORMAL PERIOD 1981 TO 2010
CLIMATE RECORD PERIOD 1893 TO 2015


WEATHER ITEM   OBSERVED TIME   RECORD YEAR NORMAL DEPARTURE LAST
                VALUE   (LST)  VALUE       VALUE  FROM      YEAR
                                                  NORMAL
..................................................................
TEMPERATURE (F)
 YESTERDAY
  MAXIMUM         51    404 PM  76    1946  48      3       48
  MINIMUM         27    502 AM -23    1913  25      2       22
                                      1898
  AVERAGE         39                        37      2       35

PRECIPITATION (IN)
  YESTERDAY        0.00          0.25 1900   0.02  -0.02     0.00
  MONTH TO DATE    0.58                      0.33   0.25     0.48
  SINCE OCT 1      2.90                      2.51   0.39     2.28
  SINCE JAN 1      1.64                      0.96   0.68     0.83

SNOWFALL (IN)
  YESTERDAY        0.0           2.9  1995   0.1   -0.1      0.0
  MONTH TO DATE    2.8                       4.0   -1.2      3.5
  SINCE MAR 1      2.8                       4.0   -1.2      3.5
  SINCE JUL 1     37.9                      31.0    6.9     27.3
  SNOW DEPTH       0  (12Z / 5 AM MST)

DEGREE DAYS
 HEATING
  YESTERDAY       26                        28     -2       30
  MONTH TO DATE  712                       897   -185      978
  SINCE MAR 1    712                       897   -185      978
  SINCE JUL 1   6796                      7267   -471     7626

 COOLING
  YESTERDAY        0                         0      0        0
  MONTH TO DATE    0                         0      0        0
  SINCE MAR 1      0                         0      0        0
  SINCE JAN 1      0                         0      0        0
..................................................................


WIND (MPH)
  HIGHEST WIND SPEED    20   HIGHEST WIND DIRECTION     E (110)
  HIGHEST GUST SPEED    23   HIGHEST GUST DIRECTION     E (110)
  AVERAGE WIND SPEED    12.1


SKY COVER
  POSSIBLE SUNSHINE  MM
  AVERAGE SKY COVER 0.7


WEATHER CONDITIONS
 THE FOLLOWING WEATHER WAS RECORDED YESTERDAY.
  FOG


RELATIVE HUMIDITY (PERCENT)
 HIGHEST    92           600 AM
 LOWEST     44           300 PM
 AVERAGE    68

..........................................................


THE GLASGOW MT CLIMATE NORMALS FOR TODAY
                         NORMAL    RECORD    YEAR
 MAXIMUM TEMPERATURE (F)   49        78      1946
 MINIMUM TEMPERATURE (F)   26       -27      1898


SUNRISE AND SUNSET
MARCH 27 2015.........SUNRISE   655 AM MDT   SUNSET   729 PM MDT
MARCH 28 2015.........SUNRISE   653 AM MDT   SUNSET   731 PM MDT


-  INDICATES NEGATIVE NUMBERS.
R  INDICATES RECORD WAS SET OR TIED.
MM INDICATES DATA IS MISSING.
T  INDICATES TRACE AMOUNT.




$$
