000
CDUS45 KGGW 181333
CLIGGW


CLIMATE REPORT
NATIONAL WEATHER SERVICE GLASGOW MT
633 AM MST SUN FEB 18 2018


...................................

...THE GLASGOW MT CLIMATE SUMMARY FOR FEBRUARY 18 2018...
VALID AS OF 0600 AM LOCAL TIME.

CLIMATE NORMAL PERIOD 1981 TO 2010
CLIMATE RECORD PERIOD 1893 TO 2018


WEATHER ITEM   OBSERVED TIME   RECORD YEAR NORMAL DEPARTURE LAST
                VALUE   (LST)  VALUE       VALUE  FROM      YEAR
                                                  NORMAL
..................................................................
TEMPERATURE (F)
 TODAY
  MINIMUM          8    600 AM -41    1929  10     -2       30

PRECIPITATION (IN)
  TODAY            0.06          0.57 1952   0.01   0.05     0.00
  MONTH TO DATE    0.72                      0.15   0.57     0.27
  SINCE OCT 1      2.89                      2.07   0.82     4.27
  SINCE JAN 1      1.09                      0.52   0.57     0.74

SNOWFALL (IN)
  TODAY            1.5           8.0  1952   0.2    1.3      0.0
  MONTH TO DATE   15.6                       2.8   12.8      7.0
  SINCE DEC 1     35.9                      18.8   17.1     28.9
  SINCE JUL 1     37.5                      25.4   12.1     29.3
  SNOW DEPTH       7

DEGREE DAYS
 HEATING
  TODAY           55                        45     10       29
  MONTH TO DATE 1173                       853    320      796
  SINCE DEC 1   4319                      3949    370     4110
  SINCE JUL 1   6254                      5942    312     5729

 COOLING
  TODAY            0                         0      0        0
  MONTH TO DATE    0                         0      0        0
  SINCE DEC 1      0                         0      0        0
  SINCE JAN 1      0                         0      0        0
..................................................................





WEATHER CONDITIONS
 THE FOLLOWING WEATHER WAS RECORDED TODAY.
  LIGHT SNOW
  FOG


RELATIVE HUMIDITY (PERCENT)
 HIGHEST    83          1200 AM

..........................................................


THE GLASGOW MT CLIMATE NORMALS FOR TOMORROW
                         NORMAL    RECORD    YEAR
 MAXIMUM TEMPERATURE (F)   30        62      1995
 MINIMUM TEMPERATURE (F)   11       -33      1918


SUNRISE AND SUNSET
FEBRUARY 18 2018......SUNRISE   708 AM MST   SUNSET   534 PM MST
FEBRUARY 19 2018......SUNRISE   706 AM MST   SUNSET   535 PM MST


-  INDICATES NEGATIVE NUMBERS.
R  INDICATES RECORD WAS SET OR TIED.
MM INDICATES DATA IS MISSING.
T  INDICATES TRACE AMOUNT.




$$
