000
CDUS45 KGGW 241238
CLIGGW


CLIMATE REPORT
NATIONAL WEATHER SERVICE GLASGOW MT
637 AM MDT WED AUG 24 2016


...................................

...THE GLASGOW MT CLIMATE SUMMARY FOR AUGUST 24 2016...
VALID AS OF 0600 AM LOCAL TIME.

CLIMATE NORMAL PERIOD 1981 TO 2010
CLIMATE RECORD PERIOD 1893 TO 2016


WEATHER ITEM   OBSERVED TIME   RECORD YEAR NORMAL DEPARTURE LAST
                VALUE   (LST)  VALUE       VALUE  FROM      YEAR
                                                  NORMAL
..................................................................
TEMPERATURE (F)
 TODAY
  MINIMUM         54    536 AM  31    1934  54      0       46

PRECIPITATION (IN)
  TODAY            0.00          2.30 2014   0.04  -0.04     0.00
  MONTH TO DATE    0.51                      0.99  -0.48     0.65
  SINCE OCT 1     18.63                     10.47   8.16    10.56
  SINCE JAN 1     15.65                      8.92   6.73     9.30

SNOWFALL (IN)
  TODAY            0.0           0.0  2002   0.0    0.0      0.0
                                      2001
                                      2000
  MONTH TO DATE    0.0                       0.0    0.0      0.0
  SINCE JUN 1      0.0                       0.0    0.0      0.0
  SINCE JUL 1      0.0                       0.0    0.0      0.0
  SNOW DEPTH       0

DEGREE DAYS
 HEATING
  TODAY            9                         2      7        0
  MONTH TO DATE   20                        17      3       43
  SINCE JUN 1     60                       140    -80       94
  SINCE JUL 1     28                        35     -7       48

 COOLING
  TODAY            0                         5     -5        1
  MONTH TO DATE  125                       168    -43      163
  SINCE JUN 1    360                       450    -90      511
  SINCE JAN 1    371                       467    -96      511
..................................................................





WEATHER CONDITIONS
 THE FOLLOWING WEATHER WAS RECORDED TODAY.
  NO SIGNIFICANT WEATHER WAS OBSERVED.


RELATIVE HUMIDITY (PERCENT)
 HIGHEST    77           100 AM

..........................................................


THE GLASGOW MT CLIMATE NORMALS FOR TOMORROW
                         NORMAL    RECORD    YEAR
 MAXIMUM TEMPERATURE (F)   82       105      1920
 MINIMUM TEMPERATURE (F)   54        34      1904


SUNRISE AND SUNSET
AUGUST 24 2016........SUNRISE   614 AM MDT   SUNSET   802 PM MDT
AUGUST 25 2016........SUNRISE   615 AM MDT   SUNSET   800 PM MDT


-  INDICATES NEGATIVE NUMBERS.
R  INDICATES RECORD WAS SET OR TIED.
MM INDICATES DATA IS MISSING.
T  INDICATES TRACE AMOUNT.




$$
