000
CDUS45 KGGW 090741
CLIGGW


CLIMATE REPORT
NATIONAL WEATHER SERVICE GLASGOW MT
1241 AM MST FRI DEC 9 2016


...................................

...THE GLASGOW MT CLIMATE SUMMARY FOR DECEMBER 8 2016...

CLIMATE NORMAL PERIOD 1981 TO 2010
CLIMATE RECORD PERIOD 1893 TO 2016


WEATHER ITEM   OBSERVED TIME   RECORD YEAR NORMAL DEPARTURE LAST
                VALUE   (LST)  VALUE       VALUE  FROM      YEAR
                                                  NORMAL
..................................................................
TEMPERATURE (F)
 YESTERDAY
  MAXIMUM          6    227 PM  69    1939  28    -22       53
  MINIMUM         -9    806 AM -45    1927   9    -18       32
  AVERAGE         -1                        18    -19       43

PRECIPITATION (IN)
  YESTERDAY        0.00          0.50 1894   0.01  -0.01     0.00
  MONTH TO DATE    0.09                      0.09   0.00     0.00
  SINCE OCT 1      3.26                      1.24   2.02     2.27
  SINCE JAN 1     20.59                     11.35   9.24    12.33

SNOWFALL (IN)
  YESTERDAY        0.0           3.5  2012   0.2   -0.2      0.0
  MONTH TO DATE    1.7                       1.7    0.0      0.0
  SINCE DEC 1      1.7                       1.7    0.0      0.0
  SINCE JUL 1      2.1                       8.3   -6.2      1.0
  SNOW DEPTH       1

DEGREE DAYS
 HEATING
  YESTERDAY       66                        47     19       22
  MONTH TO DATE  383                       363     20      250
  SINCE DEC 1    383                       363     20      250
  SINCE JUL 1   2002                      2356   -354     1912

 COOLING
  YESTERDAY        0                         0      0        0
  MONTH TO DATE    0                         0      0        0
  SINCE DEC 1      0                         0      0        0
  SINCE JAN 1    434                       533    -99      619
..................................................................


WIND (MPH)
  HIGHEST WIND SPEED    21   HIGHEST WIND DIRECTION    NW (300)
  HIGHEST GUST SPEED    23   HIGHEST GUST DIRECTION    NW (300)
  AVERAGE WIND SPEED     7.5


SKY COVER
  POSSIBLE SUNSHINE  MM
  AVERAGE SKY COVER 0.4


WEATHER CONDITIONS
 THE FOLLOWING WEATHER WAS RECORDED YESTERDAY.
  NO SIGNIFICANT WEATHER WAS OBSERVED.


RELATIVE HUMIDITY (PERCENT)
 HIGHEST    83           600 AM
 LOWEST     65          1000 AM
 AVERAGE    74

..........................................................


THE GLASGOW MT CLIMATE NORMALS FOR TODAY
                         NORMAL    RECORD    YEAR
 MAXIMUM TEMPERATURE (F)   28        56      2015
 MINIMUM TEMPERATURE (F)    8       -38      1977


SUNRISE AND SUNSET
DECEMBER  9 2016......SUNRISE   746 AM MST   SUNSET   412 PM MST
DECEMBER 10 2016......SUNRISE   747 AM MST   SUNSET   412 PM MST


-  INDICATES NEGATIVE NUMBERS.
R  INDICATES RECORD WAS SET OR TIED.
MM INDICATES DATA IS MISSING.
T  INDICATES TRACE AMOUNT.




$$
