000
CDUS45 KGGW 300016
CLIGGW


CLIMATE REPORT
NATIONAL WEATHER SERVICE GLASGOW MT
616 PM MDT FRI JUL 29 2016


...................................

...THE GLASGOW MT CLIMATE SUMMARY FOR JULY 29 2016...
VALID TODAY AS OF 0500 PM LOCAL TIME.

CLIMATE NORMAL PERIOD 1981 TO 2010
CLIMATE RECORD PERIOD 1893 TO 2016


WEATHER ITEM   OBSERVED TIME   RECORD YEAR NORMAL DEPARTURE LAST
                VALUE   (LST)  VALUE       VALUE  FROM      YEAR
                                                  NORMAL
..................................................................
TEMPERATURE (F)
 TODAY
  MAXIMUM         82        MM 103    1975  87     -5       83
  MINIMUM         57        MM  45    1971  59     -2       52
                                      1903
                                      1898
  AVERAGE         70                        73     -3       68

PRECIPITATION (IN)
  TODAY            0.06          1.16 1987   0.05   0.01      T
  MONTH TO DATE    3.37                      1.69   1.68     1.75
  SINCE OCT 1     18.07                      9.39   8.68     9.91
  SINCE JAN 1     15.09                      7.84   7.25     8.65

SNOWFALL (IN)
  TODAY            0.0           0.0  2002   0.0    0.0      0.0
                                      2001
                                      2000
  MONTH TO DATE    0.0                       0.0    0.0      0.0
  SINCE JUN 1      0.0                       0.0    0.0      0.0
  SINCE JUL 1      0.0                       0.0    0.0      0.0
  SNOW DEPTH       0

DEGREE DAYS
 HEATING
  TODAY            0                         0      0        0
  MONTH TO DATE    8                        15     -7        5
  SINCE JUN 1     40                       120    -80       51
  SINCE JUL 1      8                        15     -7        5

 COOLING
  TODAY            5                         8     -3        3
  MONTH TO DATE  145                       191    -46      205
  SINCE JUN 1    214                       266    -52      332
  SINCE JAN 1    225                       283    -58      332
..................................................................


WIND (MPH)
  HIGHEST WIND SPEED     9   HIGHEST WIND DIRECTION     S (180)
  HIGHEST GUST SPEED    MM   HIGHEST GUST DIRECTION    MM
  AVERAGE WIND SPEED     7.7


SKY COVER
  POSSIBLE SUNSHINE  MM
  AVERAGE SKY COVER 0.1


WEATHER CONDITIONS
 THE FOLLOWING WEATHER WAS RECORDED TODAY.
  NO SIGNIFICANT WEATHER WAS OBSERVED.


RELATIVE HUMIDITY (PERCENT)
 HIGHEST    93           500 AM
 LOWEST     42           300 PM
 AVERAGE    68

..........................................................


THE GLASGOW MT CLIMATE NORMALS FOR TOMORROW
                         NORMAL    RECORD    YEAR
 MAXIMUM TEMPERATURE (F)   87       107      1926
 MINIMUM TEMPERATURE (F)   59        40      1917


SUNRISE AND SUNSET
JULY 29 2016..........SUNRISE   539 AM MDT   SUNSET   846 PM MDT
JULY 30 2016..........SUNRISE   540 AM MDT   SUNSET   845 PM MDT


-  INDICATES NEGATIVE NUMBERS.
R  INDICATES RECORD WAS SET OR TIED.
MM INDICATES DATA IS MISSING.
T  INDICATES TRACE AMOUNT.




$$
