000
CDUS45 KGGW 301231
CLIGGW


CLIMATE REPORT
NATIONAL WEATHER SERVICE GLASGOW MT
630 AM MDT FRI SEP 30 2016


...................................

...THE GLASGOW MT CLIMATE SUMMARY FOR SEPTEMBER 30 2016...
VALID AS OF 0600 AM LOCAL TIME.

CLIMATE NORMAL PERIOD 1981 TO 2010
CLIMATE RECORD PERIOD 1893 TO 2016


WEATHER ITEM   OBSERVED TIME   RECORD YEAR NORMAL DEPARTURE LAST
                VALUE   (LST)  VALUE       VALUE  FROM      YEAR
                                                  NORMAL
..................................................................
TEMPERATURE (F)
 TODAY
  MINIMUM         52    455 AM  15    1907  39     13       37

PRECIPITATION (IN)
  TODAY            0.00          0.41 1944   0.03  -0.03     0.00
  MONTH TO DATE    1.67                      0.94   0.73     0.57
  SINCE OCT 1     20.31                     11.66   8.65    11.32
  SINCE JAN 1     17.33                     10.11   7.22    10.06

SNOWFALL (IN)
  TODAY            0.0           2.0  1944   0.0    0.0      0.0
  MONTH TO DATE    0.0                       0.2   -0.2      0.0
  SINCE SEP 1      0.0                       0.2   -0.2      0.0
  SINCE JUL 1      0.0                       0.2   -0.2      0.0
  SNOW DEPTH       0

DEGREE DAYS
 HEATING
  TODAY            9                        14     -5        7
  MONTH TO DATE  233                       243    -10      161
  SINCE SEP 1    233                       241     -8      161
  SINCE JUL 1    267                       294    -27      211

 COOLING
  TODAY            0                         0      0        0
  MONTH TO DATE   28                        37     -9       48
  SINCE SEP 1     28                        37     -9       48
  SINCE JAN 1    433                       532    -99      612
..................................................................





WEATHER CONDITIONS
 THE FOLLOWING WEATHER WAS RECORDED TODAY.
  NO SIGNIFICANT WEATHER WAS OBSERVED.


RELATIVE HUMIDITY (PERCENT)
 HIGHEST    77           300 AM

..........................................................


THE GLASGOW MT CLIMATE NORMALS FOR TOMORROW
                         NORMAL    RECORD    YEAR
 MAXIMUM TEMPERATURE (F)   64        90      1992
 MINIMUM TEMPERATURE (F)   38        17      1936


SUNRISE AND SUNSET
SEPTEMBER 30 2016.....SUNRISE   705 AM MDT   SUNSET   646 PM MDT
OCTOBER  1 2016.......SUNRISE   707 AM MDT   SUNSET   644 PM MDT


-  INDICATES NEGATIVE NUMBERS.
R  INDICATES RECORD WAS SET OR TIED.
MM INDICATES DATA IS MISSING.
T  INDICATES TRACE AMOUNT.




$$
