000
CDUS45 KGGW 280741
CLIGGW


CLIMATE REPORT
NATIONAL WEATHER SERVICE GLASGOW MT
141 AM MDT THU AUG 28 2014


...................................

...THE GLASGOW MT CLIMATE SUMMARY FOR AUGUST 27 2014...

CLIMATE NORMAL PERIOD 1981 TO 2010
CLIMATE RECORD PERIOD 1893 TO 2014


WEATHER ITEM   OBSERVED TIME   RECORD YEAR NORMAL DEPARTURE LAST
                VALUE   (LST)  VALUE       VALUE  FROM      YEAR
                                                  NORMAL
..................................................................
TEMPERATURE (F)
 YESTERDAY
  MAXIMUM         86    412 PM 102    1971  81      5       92
  MINIMUM         52    533 AM  35    1935  53     -1       65
                                      1895
  AVERAGE         69                        67      2       79

PRECIPITATION (IN)
  YESTERDAY        0.00          0.38 1903   0.04  -0.04     0.00
  MONTH TO DATE    6.47                      1.10   5.37     0.15
  SINCE OCT 1     14.15                     10.58   3.57    14.76
  SINCE JAN 1     12.70                      9.03   3.67    12.56

SNOWFALL (IN)
  YESTERDAY        0.0           T    1989   0.0    0.0      0.0
  MONTH TO DATE    0.0                       0.0    0.0      0.0
  SINCE JUN 1      0.0                       0.0    0.0      0.0
  SINCE JUL 1      0.0                       0.0    0.0      0.0
  SNOW DEPTH       0

DEGREE DAYS
 HEATING
  YESTERDAY        0                         2     -2        0
  MONTH TO DATE   43                        23     20        5
  SINCE JUN 1    155                       146      9       99
  SINCE JUL 1     47                        41      6       15

 COOLING
  YESTERDAY        4                         4      0       14
  MONTH TO DATE  193                       181     12      202
  SINCE JUN 1    430                       463    -33      423
  SINCE JAN 1    464                       480    -16      432
..................................................................


WIND (MPH)
  HIGHEST WIND SPEED    17   HIGHEST WIND DIRECTION    SE (120)
  HIGHEST GUST SPEED    20   HIGHEST GUST DIRECTION    SW (220)
  AVERAGE WIND SPEED     8.9


SKY COVER
  POSSIBLE SUNSHINE  MM
  AVERAGE SKY COVER 0.0


WEATHER CONDITIONS
 THE FOLLOWING WEATHER WAS RECORDED YESTERDAY.
  NO SIGNIFICANT WEATHER WAS OBSERVED.


RELATIVE HUMIDITY (PERCENT)
 HIGHEST    89           100 AM
 LOWEST     25           400 PM
 AVERAGE    57

..........................................................


THE GLASGOW MT CLIMATE NORMALS FOR TODAY
                         NORMAL    RECORD    YEAR
 MAXIMUM TEMPERATURE (F)   81       100      2012
 MINIMUM TEMPERATURE (F)   53        32      1911


SUNRISE AND SUNSET
AUGUST 28 2014........SUNRISE   619 AM MDT   SUNSET   756 PM MDT
AUGUST 29 2014........SUNRISE   620 AM MDT   SUNSET   754 PM MDT


-  INDICATES NEGATIVE NUMBERS.
R  INDICATES RECORD WAS SET OR TIED.
MM INDICATES DATA IS MISSING.
T  INDICATES TRACE AMOUNT.




$$
