000
CDUS45 KGJT 220000
CLIGJT


CLIMATE REPORT
NATIONAL WEATHER SERVICE GRAND JUNCTION CO
430 PM MST SUN DEC 21 2014


...................................

...THE GRAND JUNCTION CO CLIMATE SUMMARY FOR DECEMBER 21 2014...
VALID TODAY AS OF 0400 PM LOCAL TIME.

CLIMATE NORMAL PERIOD 1981 TO 2010
CLIMATE RECORD PERIOD 1893 TO 2014


WEATHER ITEM   OBSERVED TIME   RECORD YEAR NORMAL DEPARTURE LAST
                VALUE   (LST)  VALUE       VALUE  FROM      YEAR
                                                  NORMAL
..................................................................
TEMPERATURE (F)
 TODAY
  MAXIMUM         34    359 PM  61    1921  37     -3       27
  MINIMUM         31   1005 AM -10    1990  17     14        9
  AVERAGE         33                        27      6       18

PRECIPITATION (IN)
  TODAY            0.04          0.31 1981   0.02   0.02     0.03
  MONTH TO DATE    0.59                      0.40   0.19     0.96
  SINCE DEC 1      0.59                      0.40   0.19     0.96
  SINCE JAN 1     11.49                      9.23   2.26    12.43

SNOWFALL (IN)
  TODAY            T             2.9  1963   0.2   -0.2      0.6
  MONTH TO DATE    0.5                       3.0   -2.5     10.6
  SINCE DEC 1      0.5                       3.0   -2.5     10.6
  SINCE JUL 1      0.5                       5.5   -5.0     15.4
  SNOW DEPTH       0

DEGREE DAYS
 HEATING
  TODAY           32                        38     -6       47
  MONTH TO DATE  589                       750   -161     1063
  SINCE DEC 1    589                       750   -161     1063
  SINCE JUL 1   1813                      1978   -165     2402

 COOLING
  TODAY            0                         0      0        0
  MONTH TO DATE    0                         0      0        0
  SINCE DEC 1      0                         0      0        0
  SINCE JAN 1   1046                      1125    -79     1269
..................................................................


WIND (MPH)
  HIGHEST WIND SPEED     7   HIGHEST WIND DIRECTION    NW (320)
  HIGHEST GUST SPEED     8   HIGHEST GUST DIRECTION    SE (120)
  AVERAGE WIND SPEED     1.6


SKY COVER
  POSSIBLE SUNSHINE  MM
  AVERAGE SKY COVER 1.0


WEATHER CONDITIONS
 THE FOLLOWING WEATHER WAS RECORDED TODAY.
  SNOW
  LIGHT SNOW
  FOG


RELATIVE HUMIDITY (PERCENT)
 HIGHEST   100           400 AM
 LOWEST     89          1200 AM
 AVERAGE    95

..........................................................


THE GRAND JUNCTION CO CLIMATE NORMALS FOR TOMORROW
                         NORMAL    RECORD    YEAR
 MAXIMUM TEMPERATURE (F)   37        54      2010
                                             1980
 MINIMUM TEMPERATURE (F)   17       -16      1990


SUNRISE AND SUNSET
DECEMBER 21 2014......SUNRISE   730 AM MST   SUNSET   455 PM MST
DECEMBER 22 2014......SUNRISE   730 AM MST   SUNSET   455 PM MST


-  INDICATES NEGATIVE NUMBERS.
R  INDICATES RECORD WAS SET OR TIED.
MM INDICATES DATA IS MISSING.
T  INDICATES TRACE AMOUNT.




$$
