000
CDUS45 KGJT 230819
CLIGJT


CLIMATE REPORT
NATIONAL WEATHER SERVICE GRAND JUNCTION CO
116 AM MST MON JAN 23 2017


...................................

...THE GRAND JUNCTION CO CLIMATE SUMMARY FOR JANUARY 22 2017...

CLIMATE NORMAL PERIOD 1981 TO 2010
CLIMATE RECORD PERIOD 1893 TO 2017


WEATHER ITEM   OBSERVED TIME   RECORD YEAR NORMAL DEPARTURE LAST
                VALUE   (LST)  VALUE       VALUE  FROM      YEAR
                                                  NORMAL
..................................................................
TEMPERATURE (F)
 YESTERDAY
  MAXIMUM         41    203 PM  54    1981  38      3       34
  MINIMUM         23    443 AM -18    1930  17      6       13
  AVERAGE         32                        28      4       24

PRECIPITATION (IN)
  YESTERDAY        T             0.54 1909   0.02  -0.02     0.00
  MONTH TO DATE    0.92                      0.43   0.49     0.51
  SINCE DEC 1      1.65                      1.02   0.63     1.20
  SINCE JAN 1      0.92                      0.43   0.49     0.51

SNOWFALL (IN)
  YESTERDAY        T             4.0  1927   0.2   -0.2      0.0
  MONTH TO DATE    6.5                       3.8    2.7      6.6
  SINCE DEC 1     10.0                       8.7    1.3     16.1
  SINCE JUL 1     10.5                      11.2   -0.7     19.5
  SNOW DEPTH       0

DEGREE DAYS
 HEATING
  YESTERDAY       33                        37     -4       41
  MONTH TO DATE  744                       838    -94      925
  SINCE DEC 1   1821                      1969   -148     2152
  SINCE JUL 1   2691                      3197   -506     3201

 COOLING
  YESTERDAY        0                         0      0        0
  MONTH TO DATE    0                         0      0        0
  SINCE DEC 1      0                         0      0        0
  SINCE JAN 1      0                         0      0        0
..................................................................


WIND (MPH)
  HIGHEST WIND SPEED    28   HIGHEST WIND DIRECTION    SE (140)
  HIGHEST GUST SPEED    35   HIGHEST GUST DIRECTION    SE (150)
  AVERAGE WIND SPEED     8.8


SKY COVER
  POSSIBLE SUNSHINE  MM
  AVERAGE SKY COVER 0.4


WEATHER CONDITIONS
 THE FOLLOWING WEATHER WAS RECORDED YESTERDAY.
  LIGHT SNOW
  FOG
  HAZE


RELATIVE HUMIDITY (PERCENT)
 HIGHEST   100           400 AM
 LOWEST     48           400 PM
 AVERAGE    74

..........................................................


THE GRAND JUNCTION CO CLIMATE NORMALS FOR TODAY
                         NORMAL    RECORD    YEAR
 MAXIMUM TEMPERATURE (F)   38        58      1972
 MINIMUM TEMPERATURE (F)   17       -14      1930


SUNRISE AND SUNSET
JANUARY 23 2017.......SUNRISE   727 AM MST   SUNSET   525 PM MST
JANUARY 24 2017.......SUNRISE   727 AM MST   SUNSET   526 PM MST


-  INDICATES NEGATIVE NUMBERS.
R  INDICATES RECORD WAS SET OR TIED.
MM INDICATES DATA IS MISSING.
T  INDICATES TRACE AMOUNT.




$$
