000
CDUS45 KGJT 182345
CLIGJT


CLIMATE REPORT
NATIONAL WEATHER SERVICE GRAND JUNCTION CO
443 PM MST SAT NOV 18 2017


...................................

...THE GRAND JUNCTION CO CLIMATE SUMMARY FOR NOVEMBER 18 2017...
VALID TODAY AS OF 0400 PM LOCAL TIME.

CLIMATE NORMAL PERIOD 1981 TO 2010
CLIMATE RECORD PERIOD 1893 TO 2017


WEATHER ITEM   OBSERVED TIME   RECORD YEAR NORMAL DEPARTURE LAST
                VALUE   (LST)  VALUE       VALUE  FROM      YEAR
                                                  NORMAL
..................................................................
TEMPERATURE (F)
 TODAY
  MAXIMUM         44    359 PM  65    1973  49     -5       43
  MINIMUM         19    642 AM  11    2014  27     -8       22
                                      2000
  AVERAGE         32                        38     -6       33

PRECIPITATION (IN)
  TODAY            0.00          0.77 1953   0.02  -0.02     0.00
  MONTH TO DATE    0.01                      0.46  -0.45     0.24
  SINCE SEP 1      1.03                      2.71  -1.68     1.28
  SINCE JAN 1      5.04                      8.56  -3.52     7.53

SNOWFALL (IN)
  TODAY            0.0           4.0  1930   0.0    0.0      0.0
  MONTH TO DATE    T                         0.9   -0.9      0.1
  SINCE SEP 1      T                         1.3   -1.3      0.1
  SINCE JUL 1      T                         1.3   -1.3      0.1
  SNOW DEPTH       0

DEGREE DAYS
 HEATING
  TODAY           33                        27      6       32
  MONTH TO DATE  322                       414    -92      269
  SINCE SEP 1    853                       859     -6      544
  SINCE JUL 1    853                       862     -9      544

 COOLING
  TODAY            0                         0      0        0
  MONTH TO DATE    0                         0      0        0
  SINCE SEP 1    183                       106     77      131
  SINCE JAN 1   1479                      1125    354     1245
..................................................................


WIND (MPH)
  HIGHEST WIND SPEED    14   HIGHEST WIND DIRECTION    NW (300)
  HIGHEST GUST SPEED    16   HIGHEST GUST DIRECTION    NW (310)
  AVERAGE WIND SPEED     4.3


SKY COVER
  POSSIBLE SUNSHINE  MM
  AVERAGE SKY COVER 0.0


WEATHER CONDITIONS
 THE FOLLOWING WEATHER WAS RECORDED TODAY.
  NO SIGNIFICANT WEATHER WAS OBSERVED.


RELATIVE HUMIDITY (PERCENT)
 HIGHEST    84           300 AM
 LOWEST     29           400 PM
 AVERAGE    57

..........................................................


THE GRAND JUNCTION CO CLIMATE NORMALS FOR TOMORROW
                         NORMAL    RECORD    YEAR
 MAXIMUM TEMPERATURE (F)   48        65      2007
                                             1898
 MINIMUM TEMPERATURE (F)   26         8      1985


SUNRISE AND SUNSET
NOVEMBER 18 2017......SUNRISE   701 AM MST   SUNSET   457 PM MST
NOVEMBER 19 2017......SUNRISE   702 AM MST   SUNSET   457 PM MST


-  INDICATES NEGATIVE NUMBERS.
R  INDICATES RECORD WAS SET OR TIED.
MM INDICATES DATA IS MISSING.
T  INDICATES TRACE AMOUNT.




$$
