000
CDUS45 KGJT 300735
CLIGJT


CLIMATE REPORT
NATIONAL WEATHER SERVICE GRAND JUNCTION CO
133 AM MDT THU JUL 30 2015


...................................

...THE GRAND JUNCTION CO CLIMATE SUMMARY FOR JULY 29 2015...

CLIMATE NORMAL PERIOD 1981 TO 2010
CLIMATE RECORD PERIOD 1893 TO 2015


WEATHER ITEM   OBSERVED TIME   RECORD YEAR NORMAL DEPARTURE LAST
                VALUE   (LST)  VALUE       VALUE  FROM      YEAR
                                                  NORMAL
..................................................................
TEMPERATURE (F)
 YESTERDAY
  MAXIMUM         92    257 PM 104    1995  93     -1       80
  MINIMUM         54R   534 AM  57    2005  64    -10       61
                                      2002
                                      1922
  AVERAGE         73                        78     -5       71

PRECIPITATION (IN)
  YESTERDAY        0.00          0.90 2014   0.03  -0.03     0.90
  MONTH TO DATE    1.25                      0.56   0.69     1.02
  SINCE JUN 1      2.44                      1.02   1.42     1.15
  SINCE JAN 1      7.54                      4.85   2.69     4.93

SNOWFALL (IN)
  YESTERDAY        0.0           0.0  2014   0.0    0.0      0.0
  MONTH TO DATE    T                         0.0    0.0      0.0
  SINCE JUN 1      T                         0.0    0.0      0.0
  SINCE JUL 1      T                         0.0    0.0      0.0
  SNOW DEPTH       0

DEGREE DAYS
 HEATING
  YESTERDAY        0                         0      0        0
  MONTH TO DATE    0                         0      0        0
  SINCE JUN 1     12                        22    -10       19
  SINCE JUL 1      0                         0      0        0

 COOLING
  YESTERDAY        8                        13     -5        6
  MONTH TO DATE  256                       386   -130      436
  SINCE JUN 1    546                       617    -71      634
  SINCE JAN 1    554                       668   -114      693
..................................................................


WIND (MPH)
  HIGHEST WIND SPEED    16   HIGHEST WIND DIRECTION    SE (150)
  HIGHEST GUST SPEED    20   HIGHEST GUST DIRECTION     W (290)
  AVERAGE WIND SPEED     5.8


SKY COVER
  POSSIBLE SUNSHINE  MM
  AVERAGE SKY COVER 0.0


WEATHER CONDITIONS
 THE FOLLOWING WEATHER WAS RECORDED YESTERDAY.
  NO SIGNIFICANT WEATHER WAS OBSERVED.


RELATIVE HUMIDITY (PERCENT)
 HIGHEST    36           600 AM
 LOWEST      9           300 PM
 AVERAGE    23

..........................................................


THE GRAND JUNCTION CO CLIMATE NORMALS FOR TODAY
                         NORMAL    RECORD    YEAR
 MAXIMUM TEMPERATURE (F)   93       104      1972
 MINIMUM TEMPERATURE (F)   64        56      2009
                                             1948
                                             1913


SUNRISE AND SUNSET
JULY 30 2015..........SUNRISE   613 AM MDT   SUNSET   828 PM MDT
JULY 31 2015..........SUNRISE   614 AM MDT   SUNSET   827 PM MDT


-  INDICATES NEGATIVE NUMBERS.
R  INDICATES RECORD WAS SET OR TIED.
MM INDICATES DATA IS MISSING.
T  INDICATES TRACE AMOUNT.




$$
