263
CDUS45 KGJT 192340
CLIGJT


CLIMATE REPORT
NATIONAL WEATHER SERVICE GRAND JUNCTION CO
439 PM MST FRI JAN 19 2018


...................................

...THE GRAND JUNCTION CO CLIMATE SUMMARY FOR JANUARY 19 2018...
VALID TODAY AS OF 0400 PM LOCAL TIME.

CLIMATE NORMAL PERIOD 1981 TO 2010
CLIMATE RECORD PERIOD 1893 TO 2018


WEATHER ITEM   OBSERVED TIME   RECORD YEAR NORMAL DEPARTURE LAST
                VALUE   (LST)  VALUE       VALUE  FROM      YEAR
                                                  NORMAL
..................................................................
TEMPERATURE (F)
 TODAY
  MAXIMUM         48    359 PM  56    1971  38     10       38
  MINIMUM         23    518 AM  -8    1984  17      6       25
  AVERAGE         36                        27      9       32

PRECIPITATION (IN)
  TODAY            0.00          0.27 1929   0.02  -0.02     0.05
  MONTH TO DATE    0.30                      0.37  -0.07     0.78
  SINCE DEC 1      0.34                      0.96  -0.62     1.51
  SINCE JAN 1      0.30                      0.37  -0.07     0.78

SNOWFALL (IN)
  TODAY            0.0           3.1  1929   0.1   -0.1      1.0
  MONTH TO DATE    0.9                       3.3   -2.4      4.9
  SINCE DEC 1      1.0                       8.2   -7.2      8.4
  SINCE JUL 1      1.0                      10.7   -9.7      8.9
  SNOW DEPTH       0

DEGREE DAYS
 HEATING
  TODAY           29                        38     -9       33
  MONTH TO DATE  610                       726   -116      648
  SINCE DEC 1   1640                      1857   -217     1725
  SINCE JUL 1   2754                      3085   -331     2595

 COOLING
  TODAY            0                         0      0        0
  MONTH TO DATE    0                         0      0        0
  SINCE DEC 1      0                         0      0        0
  SINCE JAN 1      0                         0      0        0
..................................................................


WIND (MPH)
  HIGHEST WIND SPEED    13   HIGHEST WIND DIRECTION    SE (130)
  HIGHEST GUST SPEED    13   HIGHEST GUST DIRECTION    SE (130)
  AVERAGE WIND SPEED     3.8


SKY COVER
  POSSIBLE SUNSHINE  MM
  AVERAGE SKY COVER 0.0


WEATHER CONDITIONS
 THE FOLLOWING WEATHER WAS RECORDED TODAY.
  NO SIGNIFICANT WEATHER WAS OBSERVED.


RELATIVE HUMIDITY (PERCENT)
 HIGHEST    75           100 AM
 LOWEST     34           300 PM
 AVERAGE    55

..........................................................


THE GRAND JUNCTION CO CLIMATE NORMALS FOR TOMORROW
                         NORMAL    RECORD    YEAR
 MAXIMUM TEMPERATURE (F)   38        57      2012
 MINIMUM TEMPERATURE (F)   17        -8      1984


SUNRISE AND SUNSET
JANUARY 19 2018.......SUNRISE   730 AM MST   SUNSET   520 PM MST
JANUARY 20 2018.......SUNRISE   729 AM MST   SUNSET   521 PM MST


-  INDICATES NEGATIVE NUMBERS.
R  INDICATES RECORD WAS SET OR TIED.
MM INDICATES DATA IS MISSING.
T  INDICATES TRACE AMOUNT.




$$
