000
CDUS43 KGLD 010040
CLIGLD

CLIMATE REPORT
NATIONAL WEATHER SERVICE GOODLAND
636 PM MDT FRI SEP 30 2016

...................................

...THE GOODLAND KS CLIMATE SUMMARY FOR SEPTEMBER 30 2016...
VALID TODAY AS OF 0600 PM LOCAL TIME.

CLIMATE NORMAL PERIOD 1981 TO 2010
CLIMATE RECORD PERIOD 1895 TO 2016

WEATHER ITEM   OBSERVED TIME   RECORD YEAR NORMAL DEPARTURE LAST
                VALUE   (LST)  VALUE       VALUE  FROM      YEAR
                                                  NORMAL
..................................................................
TEMPERATURE (F)
 TODAY
  MAXIMUM         75    337 PM  94    1942  73      2       65
  MINIMUM         45    450 AM  19    1985  44      1       53
  AVERAGE         60                        58      2       59

PRECIPITATION (IN)
  TODAY            0.00          1.50 1982   0.04  -0.04     0.00
  MONTH TO DATE    2.49                      1.22   1.27     1.03
  SINCE SEP 1      2.49                      1.22   1.27     1.03
  SINCE JAN 1     16.53                     17.12  -0.59    17.78

SNOWFALL (IN)
  TODAY            0.0                       0.0    0.0      0.0
  MONTH TO DATE    T                         0.4   -0.4      0.0
  SINCE SEP 1      T                         0.4   -0.4      0.0
  SINCE JUL 1      T                         0.4   -0.4      0.0
  SNOW DEPTH       0

DEGREE DAYS
 HEATING
  TODAY            5                         8     -3        6
  MONTH TO DATE   58                       112    -54       33
  SINCE SEP 1     58                       112    -54       33
  SINCE JUL 1     65                       124    -59       39

 COOLING
  TODAY            0                         1     -1        0
  MONTH TO DATE  122                       100     22      221
  SINCE SEP 1    122                       100     22      221
  SINCE JAN 1   1071                       933    138     1129
..................................................................

WIND (MPH)
  HIGHEST WIND SPEED    24   HIGHEST WIND DIRECTION    SE (150)
  HIGHEST GUST SPEED    30   HIGHEST GUST DIRECTION    SE (150)
  AVERAGE WIND SPEED    16.2


SKY COVER
  AVERAGE SKY COVER 0.0


WEATHER CONDITIONS
 THE FOLLOWING WEATHER WAS RECORDED TODAY.
  NO SIGNIFICANT WEATHER WAS OBSERVED.


RELATIVE HUMIDITY (PERCENT)
 HIGHEST    86           600 AM
 LOWEST     38           100 PM
 AVERAGE    62

..........................................................


THE GOODLAND KS CLIMATE NORMALS FOR TOMORROW
                         NORMAL    RECORD    YEAR
 MAXIMUM TEMPERATURE (F)   72        93      1938
 MINIMUM TEMPERATURE (F)   43        31      1985
                                             1959


SUNRISE AND SUNSET
SEPTEMBER 30 2016.....SUNRISE   642 AM MDT   SUNSET   630 PM MDT
OCTOBER  1 2016.......SUNRISE   643 AM MDT   SUNSET   628 PM MDT


-  INDICATES NEGATIVE NUMBERS.
R  INDICATES RECORD WAS SET OR TIED.
MM INDICATES DATA IS MISSING.
T  INDICATES TRACE AMOUNT.

&&

THE AVERAGE SOIL TEMPERATURE AT THE FOUR INCH DEPTH... 66

$$
