000
CDUS43 KGLD 010039
CLIGLD

CLIMATE REPORT
NATIONAL WEATHER SERVICE GOODLAND
637 PM MDT WED AUG 31 2016

...................................

...THE GOODLAND KS CLIMATE SUMMARY FOR AUGUST 31 2016...
VALID TODAY AS OF 0600 PM LOCAL TIME.

CLIMATE NORMAL PERIOD 1981 TO 2010
CLIMATE RECORD PERIOD 1895 TO 2016

WEATHER ITEM   OBSERVED TIME   RECORD YEAR NORMAL DEPARTURE LAST
                VALUE   (LST)  VALUE       VALUE  FROM      YEAR
                                                  NORMAL
..................................................................
TEMPERATURE (F)
 TODAY
  MAXIMUM         77   1103 AM 102    1985  85     -8       95
                                      1926
  MINIMUM         60   1143 AM  39    1944  57      3       57
  AVERAGE         69                        71     -2       76

PRECIPITATION (IN)
  TODAY            0.52          1.38 2006   0.07   0.45     0.04
  MONTH TO DATE    2.31                      2.70  -0.39     0.37
  SINCE JUN 1      6.68                      9.42  -2.74     4.96
  SINCE JAN 1     14.04                     15.90  -1.86    16.75

SNOWFALL (IN)
  TODAY            0.0                       0.0    0.0      0.0
  MONTH TO DATE    0.0                       0.0    0.0      0.0
  SINCE JUN 1      0.0                       0.0    0.0      0.0
  SINCE JUL 1      0.0                       0.0    0.0      0.0
  SNOW DEPTH       0

DEGREE DAYS
 HEATING
  TODAY            0                         1     -1        0
  MONTH TO DATE    7                         5      2        5
  SINCE JUN 1      9                        49    -40       11
  SINCE JUL 1      7                        12     -5        6

 COOLING
  TODAY            4                         7     -3       11
  MONTH TO DATE  234                       279    -45      317
  SINCE JUN 1    925                       792    133      902
  SINCE JAN 1    949                       833    116      908
..................................................................

WIND (MPH)
  HIGHEST WIND SPEED    26   HIGHEST WIND DIRECTION    NE (30)
  HIGHEST GUST SPEED    31   HIGHEST GUST DIRECTION    NE (30)
  AVERAGE WIND SPEED     5.8


SKY COVER
  AVERAGE SKY COVER 0.9


WEATHER CONDITIONS
 THE FOLLOWING WEATHER WAS RECORDED TODAY.
  THUNDERSTORM
  HEAVY RAIN
  LIGHT RAIN
  FOG
  FOG W/VISIBILITY <= 1/4 MILE
  HAZE


RELATIVE HUMIDITY (PERCENT)
 HIGHEST   100           100 AM
 LOWEST     60          1100 AM
 AVERAGE    80

..........................................................


THE GOODLAND KS CLIMATE NORMALS FOR TOMORROW
                         NORMAL    RECORD    YEAR
 MAXIMUM TEMPERATURE (F)   85       102      1939
 MINIMUM TEMPERATURE (F)   56        42      1956


SUNRISE AND SUNSET
AUGUST 31 2016........SUNRISE   615 AM MDT   SUNSET   718 PM MDT
SEPTEMBER  1 2016.....SUNRISE   616 AM MDT   SUNSET   717 PM MDT


-  INDICATES NEGATIVE NUMBERS.
R  INDICATES RECORD WAS SET OR TIED.
MM INDICATES DATA IS MISSING.
T  INDICATES TRACE AMOUNT.

&&

THE AVERAGE SOIL TEMPERATURE AT THE FOUR INCH DEPTH... 71

$$
