000
CDUS44 KJAN 230735
CLIGLH


CLIMATE REPORT
NATIONAL WEATHER SERVICE JACKSON MS
133 AM CST THU FEB 23 2017


...................................

...THE GREENVILLE CLIMATE SUMMARY FOR FEBRUARY 22 2017...

CLIMATE NORMAL PERIOD 1981 TO 2010
CLIMATE RECORD PERIOD 1920 TO 2017


WEATHER ITEM   OBSERVED TIME   RECORD YEAR NORMAL DEPARTURE LAST
                VALUE   (LST)  VALUE       VALUE  FROM      YEAR
                                                  NORMAL
..................................................................
TEMPERATURE (F)
 YESTERDAY
  MAXIMUM         67    507 PM  80    1922  59      8       63
  MINIMUM         49    149 AM  14    1963  38     11       49
  AVERAGE         58                        49      9       56

PRECIPITATION (IN)
  YESTERDAY        0.00          1.86 1971   0.14  -0.14     0.39
  MONTH TO DATE    2.19                      4.15  -1.96     2.84
  SINCE DEC 1     10.16                     14.74  -4.58     9.72
  SINCE JAN 1      7.30                      9.12  -1.82     5.91

SNOWFALL (IN)
  YESTERDAY        0.0

DEGREE DAYS
 HEATING
  YESTERDAY        7                        17    -10        9
  MONTH TO DATE  235                       428   -193      317
  SINCE DEC 1   1215                      1755   -540     1324
  SINCE JUL 1   1484                      2217   -733     1574

 COOLING
  YESTERDAY        0                         0      0        0
  MONTH TO DATE   12                         0     12        4
  SINCE DEC 1     35                         4     31       39
  SINCE JAN 1     23                         1     22        4
..................................................................


WIND (MPH)
  HIGHEST WIND SPEED    10   HIGHEST WIND DIRECTION    NW (320)
  HIGHEST GUST SPEED    12   HIGHEST GUST DIRECTION    NW (320)
  AVERAGE WIND SPEED     4.3


SKY COVER
  POSSIBLE SUNSHINE  MM
  AVERAGE SKY COVER 0.7


WEATHER CONDITIONS
 THE FOLLOWING WEATHER WAS RECORDED YESTERDAY.
  FOG
  FOG W/VISIBILITY <= 1/4 MILE


RELATIVE HUMIDITY (PERCENT)
 HIGHEST   100           300 AM
 LOWEST     68           300 PM
 AVERAGE    84

..........................................................


THE GREENVILLE CLIMATE NORMALS FOR TODAY
                         NORMAL    RECORD    YEAR
 MAXIMUM TEMPERATURE (F)   59        82      2012
                                             1930
 MINIMUM TEMPERATURE (F)   39        18      1989


SUNRISE AND SUNSET
FEBRUARY 23 2017......SUNRISE   639 AM CST   SUNSET   556 PM CST
FEBRUARY 24 2017......SUNRISE   638 AM CST   SUNSET   557 PM CST


-  INDICATES NEGATIVE NUMBERS.
R  INDICATES RECORD WAS SET OR TIED.
MM INDICATES DATA IS MISSING.
T  INDICATES TRACE AMOUNT.




$$
