000
CDUS44 KJAN 190734
CLIGLH


CLIMATE REPORT
NATIONAL WEATHER SERVICE JACKSON MS
232 AM CDT FRI SEP 19 2014


...................................

...THE GREENVILLE CLIMATE SUMMARY FOR SEPTEMBER 18 2014...

CLIMATE NORMAL PERIOD 1981 TO 2010
CLIMATE RECORD PERIOD 1920 TO 2014


WEATHER ITEM   OBSERVED TIME   RECORD YEAR NORMAL DEPARTURE LAST
                VALUE   (LST)  VALUE       VALUE  FROM      YEAR
                                                  NORMAL
..................................................................
TEMPERATURE (F)
 YESTERDAY
  MAXIMUM         93    155 PM 101    1925  86      7       94
  MINIMUM         70   1110 PM  48    1981  62      8       66
  AVERAGE         82                        74      8       80

PRECIPITATION (IN)
  YESTERDAY        T             0.85 1972   0.08  -0.08     0.00
  MONTH TO DATE    0.77                      1.87  -1.10     2.56
  SINCE SEP 1      0.77                      1.87  -1.10     2.56
  SINCE JAN 1     40.49                     36.43   4.06    31.54

SNOWFALL (IN)
  YESTERDAY        0.0

DEGREE DAYS
 HEATING
  YESTERDAY        0                         0      0        0
  MONTH TO DATE    0                         0      0        0
  SINCE SEP 1      0                         0      0        0
  SINCE JUL 1      0                         0      0        0

 COOLING
  YESTERDAY       17                         9      8       15
  MONTH TO DATE  259                       215     44      278
  SINCE SEP 1    259                       215     44      278
  SINCE JAN 1   1926                      1994    -68     2005
..................................................................


WIND (MPH)
  HIGHEST WIND SPEED    25   HIGHEST WIND DIRECTION    SE (120)
  HIGHEST GUST SPEED    36   HIGHEST GUST DIRECTION    SE (130)
  AVERAGE WIND SPEED     6.5


SKY COVER
  POSSIBLE SUNSHINE  MM
  AVERAGE SKY COVER 0.1


WEATHER CONDITIONS
 THE FOLLOWING WEATHER WAS RECORDED YESTERDAY.
  THUNDERSTORM
  LIGHT RAIN


RELATIVE HUMIDITY (PERCENT)
 HIGHEST    90           500 AM
 LOWEST     39           200 PM
 AVERAGE    65

..........................................................


THE GREENVILLE CLIMATE NORMALS FOR TODAY
                         NORMAL    RECORD    YEAR
 MAXIMUM TEMPERATURE (F)   86       100      1925
 MINIMUM TEMPERATURE (F)   62        45      1981


SUNRISE AND SUNSET
SEPTEMBER 19 2014.....SUNRISE   650 AM CDT   SUNSET   705 PM CDT
SEPTEMBER 20 2014.....SUNRISE   651 AM CDT   SUNSET   703 PM CDT


-  INDICATES NEGATIVE NUMBERS.
R  INDICATES RECORD WAS SET OR TIED.
MM INDICATES DATA IS MISSING.
T  INDICATES TRACE AMOUNT.




$$
