000
CDUS44 KJAN 252110
CLIGLH


CLIMATE REPORT
NATIONAL WEATHER SERVICE JACKSON MS
409 PM CDT FRI JUL 25 2014


...................................

...THE GREENVILLE CLIMATE SUMMARY FOR JULY 25 2014...
VALID TODAY AS OF 0400 PM LOCAL TIME.

CLIMATE NORMAL PERIOD 1981 TO 2010
CLIMATE RECORD PERIOD 1920 TO 2014


WEATHER ITEM   OBSERVED TIME   RECORD YEAR NORMAL DEPARTURE LAST
                VALUE   (LST)  VALUE       VALUE  FROM      YEAR
                                                  NORMAL
..................................................................
TEMPERATURE (F)
 TODAY
  MAXIMUM         89    253 PM 103    1981  92     -3       89
                                      1954
                                      1952
  MINIMUM         61R   537 AM  62    2003  72    -11       70
  AVERAGE         75                        82     -7       80

PRECIPITATION (IN)
  TODAY            0.00          4.16 1959   0.10  -0.10     0.00
  MONTH TO DATE    5.20                      3.25   1.95     1.66
  SINCE JUN 1     11.57                      7.29   4.28     2.91
  SINCE JAN 1     35.70                     31.55   4.15    27.87

SNOWFALL (IN)
  TODAY            0.0

DEGREE DAYS
 HEATING
  TODAY            0                         0      0        0
  MONTH TO DATE    0                         0      0        0
  SINCE JUN 1      0                         0      0        0
  SINCE JUL 1      0                         0      0        0

 COOLING
  TODAY           10                        17     -7       15
  MONTH TO DATE  322                       423   -101      391
  SINCE JUN 1    784                       843    -59      850
  SINCE JAN 1   1099                      1165    -66     1133
..................................................................


WIND (MPH)
  HIGHEST WIND SPEED    10   HIGHEST WIND DIRECTION     N (340)
  HIGHEST GUST SPEED    14   HIGHEST GUST DIRECTION     N (340)
  AVERAGE WIND SPEED     2.2


SKY COVER
  POSSIBLE SUNSHINE  MM
  AVERAGE SKY COVER 0.0


WEATHER CONDITIONS
 THE FOLLOWING WEATHER WAS RECORDED TODAY.
  FOG
  FOG W/VISIBILITY <= 1/4 MILE


RELATIVE HUMIDITY (PERCENT)
 HIGHEST   100           600 AM
 LOWEST     48          1200 PM
 AVERAGE    74

..........................................................


THE GREENVILLE CLIMATE NORMALS FOR TOMORROW
                         NORMAL    RECORD    YEAR
 MAXIMUM TEMPERATURE (F)   92       104      1925
 MINIMUM TEMPERATURE (F)   72        64      2013


SUNRISE AND SUNSET
JULY 25 2014..........SUNRISE   612 AM CDT   SUNSET   809 PM CDT
JULY 26 2014..........SUNRISE   612 AM CDT   SUNSET   808 PM CDT


-  INDICATES NEGATIVE NUMBERS.
R  INDICATES RECORD WAS SET OR TIED.
MM INDICATES DATA IS MISSING.
T  INDICATES TRACE AMOUNT.




$$
