000
CDUS44 KJAN 200819
CLIGLH


CLIMATE REPORT
NATIONAL WEATHER SERVICE JACKSON MS
317 AM CDT WED SEP 20 2017


...................................

...THE GREENVILLE CLIMATE SUMMARY FOR SEPTEMBER 19 2017...

CLIMATE NORMAL PERIOD 1981 TO 2010
CLIMATE RECORD PERIOD 1903 TO 2017


WEATHER ITEM   OBSERVED TIME   RECORD YEAR NORMAL DEPARTURE LAST
                VALUE   (LST)  VALUE       VALUE  FROM      YEAR
                                                  NORMAL
..................................................................
TEMPERATURE (F)
 YESTERDAY
  MAXIMUM         92    353 PM 100    1925  86      6       93
  MINIMUM         69    618 AM  45    1981  62      7       66
  AVERAGE         81                        74      7       80

PRECIPITATION (IN)
  YESTERDAY        0.00          4.00 1953   0.09  -0.09     0.00
  MONTH TO DATE    1.72                      1.96  -0.24     0.20
  SINCE SEP 1      1.72                      1.96  -0.24     0.20
  SINCE JAN 1     30.91                     36.52  -5.61    42.09

SNOWFALL (IN)
  YESTERDAY        0.0

DEGREE DAYS
 HEATING
  YESTERDAY        0                         0      0        0
  MONTH TO DATE    3                         0      3        0
  SINCE SEP 1      3                         0      3        0
  SINCE JUL 1      3                         0      3        0

 COOLING
  YESTERDAY       16                         9      7       15
  MONTH TO DATE  162                       224    -62      328
  SINCE SEP 1    162                       224    -62      328
  SINCE JAN 1   1905                      2003    -98     2340
..................................................................


WIND (MPH)
  HIGHEST WIND SPEED    13   HIGHEST WIND DIRECTION    SW (220)
  HIGHEST GUST SPEED    16   HIGHEST GUST DIRECTION     W (270)
  AVERAGE WIND SPEED     5.0


SKY COVER
  POSSIBLE SUNSHINE  MM
  AVERAGE SKY COVER 0.0


WEATHER CONDITIONS
 THE FOLLOWING WEATHER WAS RECORDED YESTERDAY.
  NO SIGNIFICANT WEATHER WAS OBSERVED.


RELATIVE HUMIDITY (PERCENT)
 HIGHEST   100           500 AM
 LOWEST     49           100 PM
 AVERAGE    75

..........................................................


THE GREENVILLE CLIMATE NORMALS FOR TODAY
                         NORMAL    RECORD    YEAR
 MAXIMUM TEMPERATURE (F)   85       101      2005
 MINIMUM TEMPERATURE (F)   61        47      1991


SUNRISE AND SUNSET
SEPTEMBER 20 2017.....SUNRISE   651 AM CDT   SUNSET   703 PM CDT
SEPTEMBER 21 2017.....SUNRISE   652 AM CDT   SUNSET   702 PM CDT


-  INDICATES NEGATIVE NUMBERS.
R  INDICATES RECORD WAS SET OR TIED.
MM INDICATES DATA IS MISSING.
T  INDICATES TRACE AMOUNT.




$$
