000
CDUS44 KJAN 030637
CLIGLH


CLIMATE REPORT
NATIONAL WEATHER SERVICE JACKSON MS
135 AM CDT TUE MAY 3 2016


...................................

...THE GREENVILLE CLIMATE SUMMARY FOR MAY 2 2016...

CLIMATE NORMAL PERIOD 1981 TO 2010
CLIMATE RECORD PERIOD 1920 TO 2016


WEATHER ITEM   OBSERVED TIME   RECORD YEAR NORMAL DEPARTURE LAST
                VALUE   (LST)  VALUE       VALUE  FROM      YEAR
                                                  NORMAL
..................................................................
TEMPERATURE (F)
 YESTERDAY
  MAXIMUM         73   1227 AM  92    1943  79     -6       79
  MINIMUM         59    717 AM  39    1925  58      1       47
  AVERAGE         66                        69     -3       63

PRECIPITATION (IN)
  YESTERDAY        0.17          2.99 1954   0.18  -0.01     0.00
  MONTH TO DATE    0.17                      0.35  -0.18     0.00
  SINCE MAR 1     20.46                      9.71  10.75     8.89
  SINCE JAN 1     26.97                     19.70   7.27    15.34

SNOWFALL (IN)
  YESTERDAY        0.0

DEGREE DAYS
 HEATING
  YESTERDAY        0                         1     -1        2
  MONTH TO DATE    0                         2     -2        3
  SINCE MAR 1    238                       454   -216      377
  SINCE JUL 1   1918                      2763   -845     2864

 COOLING
  YESTERDAY        1                         5     -4        0
  MONTH TO DATE   11                         9      2        0
  SINCE MAR 1    133                        90     43       98
  SINCE JAN 1    137                        95     42       98
..................................................................


WIND (MPH)
  HIGHEST WIND SPEED    33   HIGHEST WIND DIRECTION    NW (310)
  HIGHEST GUST SPEED    40   HIGHEST GUST DIRECTION    NW (320)
  AVERAGE WIND SPEED     9.2


SKY COVER
  POSSIBLE SUNSHINE  MM
  AVERAGE SKY COVER 0.7


WEATHER CONDITIONS
 THE FOLLOWING WEATHER WAS RECORDED YESTERDAY.
  THUNDERSTORM
  HEAVY RAIN
  RAIN
  LIGHT RAIN
  FOG


RELATIVE HUMIDITY (PERCENT)
 HIGHEST    93          1200 AM
 LOWEST     73           900 AM
 AVERAGE    83

..........................................................


THE GREENVILLE CLIMATE NORMALS FOR TODAY
                         NORMAL    RECORD    YEAR
 MAXIMUM TEMPERATURE (F)   79        92      1943
 MINIMUM TEMPERATURE (F)   58        39      2013


SUNRISE AND SUNSET
MAY  3 2016...........SUNRISE   613 AM CDT   SUNSET   749 PM CDT
MAY  4 2016...........SUNRISE   612 AM CDT   SUNSET   750 PM CDT


-  INDICATES NEGATIVE NUMBERS.
R  INDICATES RECORD WAS SET OR TIED.
MM INDICATES DATA IS MISSING.
T  INDICATES TRACE AMOUNT.




$$
