000
CDUS44 KJAN 170641
CLIGLH


CLIMATE REPORT
NATIONAL WEATHER SERVICE JACKSON MS
1234 AM CST TUE JAN 17 2017


...................................

...THE GREENVILLE CLIMATE SUMMARY FOR JANUARY 16 2017...

CLIMATE NORMAL PERIOD 1981 TO 2010
CLIMATE RECORD PERIOD 1920 TO 2017


WEATHER ITEM   OBSERVED TIME   RECORD YEAR NORMAL DEPARTURE LAST
                VALUE   (LST)  VALUE       VALUE  FROM      YEAR
                                                  NORMAL
..................................................................
TEMPERATURE (F)
 YESTERDAY
  MAXIMUM         71    405 PM  81    1943  51     20       48
  MINIMUM         53    429 AM  10    1982  33     20       34
  AVERAGE         62                        42     20       41

PRECIPITATION (IN)
  YESTERDAY        0.05          2.20 2006   0.16  -0.11      T
  MONTH TO DATE    1.09                      2.38  -1.29     1.23
  SINCE DEC 1      3.95                      8.00  -4.05     5.04
  SINCE JAN 1      1.09                      2.38  -1.29     1.23

SNOWFALL (IN)
  YESTERDAY        0.0

DEGREE DAYS
 HEATING
  YESTERDAY        3                        23    -20       24
  MONTH TO DATE  255                       365   -110      346
  SINCE DEC 1    809                       987   -178      680
  SINCE JUL 1   1078                      1449   -371      930

 COOLING
  YESTERDAY        0                         0      0        0
  MONTH TO DATE   11                         0     11        0
  SINCE DEC 1     23                         3     20       35
  SINCE JAN 1     11                         0     11        0
..................................................................


WIND (MPH)
  HIGHEST WIND SPEED    18   HIGHEST WIND DIRECTION     S (190)
  HIGHEST GUST SPEED    23   HIGHEST GUST DIRECTION     S (170)
  AVERAGE WIND SPEED    10.4


SKY COVER
  POSSIBLE SUNSHINE  MM
  AVERAGE SKY COVER 0.5


WEATHER CONDITIONS
 THE FOLLOWING WEATHER WAS RECORDED YESTERDAY.
  LIGHT RAIN
  FOG
  HAZE


RELATIVE HUMIDITY (PERCENT)
 HIGHEST    93          1200 AM
 LOWEST     73           400 PM
 AVERAGE    83

..........................................................


THE GREENVILLE CLIMATE NORMALS FOR TODAY
                         NORMAL    RECORD    YEAR
 MAXIMUM TEMPERATURE (F)   52        75      1943
                                             1937
                                             1936
 MINIMUM TEMPERATURE (F)   32         4      1948


SUNRISE AND SUNSET
JANUARY 17 2017.......SUNRISE   707 AM CST   SUNSET   521 PM CST
JANUARY 18 2017.......SUNRISE   707 AM CST   SUNSET   522 PM CST


-  INDICATES NEGATIVE NUMBERS.
R  INDICATES RECORD WAS SET OR TIED.
MM INDICATES DATA IS MISSING.
T  INDICATES TRACE AMOUNT.




$$
