000
CDUS44 KJAN 200848
CLIGLH


CLIMATE REPORT
NATIONAL WEATHER SERVICE JACKSON MS
245 AM CST MON NOV 20 2017


...................................

...THE GREENVILLE CLIMATE SUMMARY FOR NOVEMBER 19 2017...

CLIMATE NORMAL PERIOD 1981 TO 2010
CLIMATE RECORD PERIOD 1903 TO 2017


WEATHER ITEM   OBSERVED TIME   RECORD YEAR NORMAL DEPARTURE LAST
                VALUE   (LST)  VALUE       VALUE  FROM      YEAR
                                                  NORMAL
..................................................................
TEMPERATURE (F)
 YESTERDAY
  MAXIMUM         58    231 PM  85    1942  63     -5       56
  MINIMUM         32   1159 PM  19    1903  42    -10       34
  AVERAGE         45                        52     -7       45

PRECIPITATION (IN)
  YESTERDAY        0.00          3.66 1969   0.16  -0.16     0.00
  MONTH TO DATE    1.43                      2.81  -1.38     0.60
  SINCE SEP 1      4.38                     10.21  -5.83     1.48
  SINCE JAN 1     33.57                     44.77 -11.20    43.37

SNOWFALL (IN)
  YESTERDAY        0.0

DEGREE DAYS
 HEATING
  YESTERDAY       20                        13      7       20
  MONTH TO DATE  134                       185    -51       95
  SINCE SEP 1    252                       299    -47      117
  SINCE JUL 1    252                       299    -47      117

 COOLING
  YESTERDAY        0                         0      0        0
  MONTH TO DATE   47                         9     38       27
  SINCE SEP 1    501                       404     97      660
  SINCE JAN 1   2244                      2183     61     2672
..................................................................


WIND (MPH)
  HIGHEST WIND SPEED    22   HIGHEST WIND DIRECTION     N (20)
  HIGHEST GUST SPEED    28   HIGHEST GUST DIRECTION     N (10)
  AVERAGE WIND SPEED     8.6


SKY COVER
  POSSIBLE SUNSHINE  MM
  AVERAGE SKY COVER 0.0


WEATHER CONDITIONS
 THE FOLLOWING WEATHER WAS RECORDED YESTERDAY.
  NO SIGNIFICANT WEATHER WAS OBSERVED.


RELATIVE HUMIDITY (PERCENT)
 HIGHEST    76           700 AM
 LOWEST     24           200 PM
 AVERAGE    50

..........................................................


THE GREENVILLE CLIMATE NORMALS FOR TODAY
                         NORMAL    RECORD    YEAR
 MAXIMUM TEMPERATURE (F)   63        81      1933
                                             1913
 MINIMUM TEMPERATURE (F)   41        20      1914


SUNRISE AND SUNSET
NOVEMBER 20 2017......SUNRISE   640 AM CST   SUNSET   459 PM CST
NOVEMBER 21 2017......SUNRISE   641 AM CST   SUNSET   458 PM CST


-  INDICATES NEGATIVE NUMBERS.
R  INDICATES RECORD WAS SET OR TIED.
MM INDICATES DATA IS MISSING.
T  INDICATES TRACE AMOUNT.




$$
