000
CDUS44 KHGX 301050
CLIGLS


CLIMATE REPORT
NATIONAL WEATHER SERVICE HOUSTON/GALVESTON TX
450 AM CST FRI JAN 30 2015


...................................

...THE GALVESTON CLIMATE SUMMARY FOR JANUARY 29 2015...

CLIMATE NORMAL PERIOD 1981 TO 2010
CLIMATE RECORD PERIOD 1875 TO 2015


WEATHER ITEM   OBSERVED TIME   RECORD YEAR NORMAL DEPARTURE LAST
                VALUE   (LST)  VALUE       VALUE  FROM      YEAR
                                                  NORMAL
..................................................................
TEMPERATURE (F)
 YESTERDAY
  MAXIMUM         71    245 PM  75    2008  62      9       41
                                      1983
  MINIMUM         55    704 AM  29    1966  49      6       31
                                      1949
                                      1948
  AVERAGE         63                        56      7       36

PRECIPITATION (IN)
  YESTERDAY        0.00          1.91 1922   0.14  -0.14     0.00
  MONTH TO DATE    5.44                      3.95   1.49     1.36
  SINCE DEC 1      9.31                      7.47   1.84     2.01
  SINCE JAN 1      5.44                      3.95   1.49     1.36

SNOWFALL (IN)
  YESTERDAY        0.0           T    1961  MM     MM        0.0
                                      1949
  MONTH TO DATE    0.0                      MM     MM         T
  SINCE DEC 1      0.0                      MM     MM         T
  SINCE JUL 1      0.0                      MM     MM         T
  SNOW DEPTH       0

DEGREE DAYS
 HEATING
  YESTERDAY        2                        10     -8       29
  MONTH TO DATE  409                       290    119      376
  SINCE DEC 1    604                       547     57      744
  SINCE JUL 1    755                       650    105      922

 COOLING
  YESTERDAY        0                         0      0        0
  MONTH TO DATE    0                         0      0        0
  SINCE DEC 1     21                        19      2       13
  SINCE JAN 1      0                         0      0        0
..................................................................


WIND (MPH)
  RESULTANT WIND SPEED   6   RESULTANT WIND DIRECTION   S (180)
  HIGHEST WIND SPEED    14   HIGHEST WIND DIRECTION     S (190)
  HIGHEST GUST SPEED    19   HIGHEST GUST DIRECTION     S (200)
  AVERAGE WIND SPEED     6.0


SKY COVER
  AVERAGE SKY COVER 0.1


WEATHER CONDITIONS
 THE FOLLOWING WEATHER WAS RECORDED YESTERDAY.
  FOG


RELATIVE HUMIDITY (PERCENT)
 HIGHEST   100
 LOWEST     73
 AVERAGE    87

..........................................................


THE GALVESTON CLIMATE NORMALS FOR TODAY
                         NORMAL    RECORD    YEAR
 MAXIMUM TEMPERATURE (F)   62        75      1950
 MINIMUM TEMPERATURE (F)   49        23      1966


SUNRISE AND SUNSET
JANUARY 30 2015.......SUNRISE   710 AM CST   SUNSET   556 PM CST
JANUARY 31 2015.......SUNRISE   709 AM CST   SUNSET   557 PM CST


-  INDICATES NEGATIVE NUMBERS.
R  INDICATES RECORD WAS SET OR TIED.
MM INDICATES DATA IS MISSING.
T  INDICATES TRACE AMOUNT.




$$
