000
CDUS44 KHGX 210718
CLIGLS


CLIMATE REPORT
NATIONAL WEATHER SERVICE HOUSTON/GALVESTON TX
117 AM CST TUE FEB 21 2017


...................................

...THE GALVESTON CLIMATE SUMMARY FOR FEBRUARY 20 2017...

CLIMATE NORMAL PERIOD 1981 TO 2010
CLIMATE RECORD PERIOD 1875 TO 2017


WEATHER ITEM   OBSERVED TIME   RECORD YEAR NORMAL DEPARTURE LAST
                VALUE   (LST)  VALUE       VALUE  FROM      YEAR
                                                  NORMAL
..................................................................
TEMPERATURE (F)
 YESTERDAY
  MAXIMUM         72   1225 AM  75    2005  65      7       72
                                      1890
  MINIMUM         62   1159 PM  34    1908  52     10       60
  AVERAGE         67                        58      9       66

PRECIPITATION (IN)
  YESTERDAY        0.65          2.64 1876   0.09   0.56     0.00
  MONTH TO DATE    3.38                      1.78   1.60     0.03
  SINCE DEC 1     15.35                      9.50   5.85     6.59
  SINCE JAN 1      4.27                      5.98  -1.71     3.10

SNOWFALL (IN)
  YESTERDAY        0.0           0.0  2002  MM     MM        0.0
  MONTH TO DATE    0.0                      MM     MM        0.0
  SINCE DEC 1      0.0                       0.0    0.0      0.0
  SINCE JUL 1      0.0                       0.0    0.0      0.0
  SNOW DEPTH       0

DEGREE DAYS
 HEATING
  YESTERDAY        0                         7     -7        0
  MONTH TO DATE   27                       167   -140      120
  SINCE DEC 1    295                       733   -438      610
  SINCE JUL 1    307                       836   -529      663

 COOLING
  YESTERDAY        2                         0      2        1
  MONTH TO DATE   74                         0     74        6
  SINCE DEC 1    221                        24    197       57
  SINCE JAN 1    143                         5    138        7
..................................................................


WIND (MPH)
  RESULTANT WIND SPEED   3   RESULTANT WIND DIRECTION   E (80)
  HIGHEST WIND SPEED    28   HIGHEST WIND DIRECTION    NW (320)
  HIGHEST GUST SPEED    34   HIGHEST GUST DIRECTION    NW (320)
  AVERAGE WIND SPEED    11.1


SKY COVER
  AVERAGE SKY COVER 1.0


WEATHER CONDITIONS
 THE FOLLOWING WEATHER WAS RECORDED YESTERDAY.
  HEAVY RAIN
  RAIN
  LIGHT RAIN
  FOG


RELATIVE HUMIDITY (PERCENT)
 HIGHEST    97
 LOWEST     87
 AVERAGE    92

..........................................................


THE GALVESTON CLIMATE NORMALS FOR TODAY
                         NORMAL    RECORD    YEAR
 MAXIMUM TEMPERATURE (F)   65        80      1993
 MINIMUM TEMPERATURE (F)   52        33      1978


SUNRISE AND SUNSET
FEBRUARY 21 2017......SUNRISE   653 AM CST   SUNSET   614 PM CST
FEBRUARY 22 2017......SUNRISE   652 AM CST   SUNSET   614 PM CST


-  INDICATES NEGATIVE NUMBERS.
R  INDICATES RECORD WAS SET OR TIED.
MM INDICATES DATA IS MISSING.
T  INDICATES TRACE AMOUNT.




$$
