000
CDUS44 KHGX 060718
CLIGLS


CLIMATE REPORT
NATIONAL WEATHER SERVICE HOUSTON/GALVESTON TX
118 AM CST TUE DEC 6 2016


...................................

...THE GALVESTON CLIMATE SUMMARY FOR DECEMBER 5 2016...

CLIMATE NORMAL PERIOD 1981 TO 2010
CLIMATE RECORD PERIOD 1875 TO 2016


WEATHER ITEM   OBSERVED TIME   RECORD YEAR NORMAL DEPARTURE LAST
                VALUE   (LST)  VALUE       VALUE  FROM      YEAR
                                                  NORMAL
..................................................................
TEMPERATURE (F)
 YESTERDAY
  MAXIMUM         59    147 PM  78    1998  66     -7       63
  MINIMUM         52    741 AM  25    1886  53     -1       47
  AVERAGE         56                        59     -3       55

PRECIPITATION (IN)
  YESTERDAY        0.90          3.30 1944   0.12   0.78     0.00
  MONTH TO DATE    9.83                      0.72   9.11     0.29
  SINCE DEC 1      9.83                      0.72   9.11     0.29
  SINCE JAN 1     55.25                     47.96   7.29    58.33

SNOWFALL (IN)
  YESTERDAY        0.0           0.0  2002  MM     MM        0.0
                                      2001
  MONTH TO DATE    0.0                      MM     MM        0.0
  SINCE DEC 1      0.0                      MM     MM        0.0
  SINCE JUL 1      0.0                      MM     MM        0.0
  SNOW DEPTH       0

DEGREE DAYS
 HEATING
  YESTERDAY        9                         7      2       10
  MONTH TO DATE   20                        33    -13       50
  SINCE DEC 1     20                        33    -13       50
  SINCE JUL 1     32                       136   -104      103

 COOLING
  YESTERDAY        0                         1     -1        0
  MONTH TO DATE    2                         5     -3        0
  SINCE DEC 1      2                         5     -3        0
  SINCE JAN 1   3680                      3294    386     3565
..................................................................


WIND (MPH)
  RESULTANT WIND SPEED   6   RESULTANT WIND DIRECTION  NW (330)
  HIGHEST WIND SPEED    26   HIGHEST WIND DIRECTION     N (20)
  HIGHEST GUST SPEED    32   HIGHEST GUST DIRECTION     N (20)
  AVERAGE WIND SPEED    15.2


SKY COVER
  AVERAGE SKY COVER 0.9


WEATHER CONDITIONS
 THE FOLLOWING WEATHER WAS RECORDED YESTERDAY.
  THUNDERSTORM
  HEAVY RAIN
  RAIN
  LIGHT RAIN
  FOG


RELATIVE HUMIDITY (PERCENT)
 HIGHEST   100
 LOWEST     86
 AVERAGE    93

..........................................................


THE GALVESTON CLIMATE NORMALS FOR TODAY
                         NORMAL    RECORD    YEAR
 MAXIMUM TEMPERATURE (F)   66        79      1998
 MINIMUM TEMPERATURE (F)   52        23      1950


SUNRISE AND SUNSET
DECEMBER  6 2016......SUNRISE   700 AM CST   SUNSET   521 PM CST
DECEMBER  7 2016......SUNRISE   701 AM CST   SUNSET   521 PM CST


-  INDICATES NEGATIVE NUMBERS.
R  INDICATES RECORD WAS SET OR TIED.
MM INDICATES DATA IS MISSING.
T  INDICATES TRACE AMOUNT.




$$
