000
CDUS44 KHGX 222222
CLIGLS


CLIMATE REPORT
NATIONAL WEATHER SERVICE HOUSTON/GALVESTON TX
418 PM CST MON DEC 22 2014


...................................

...THE GALVESTON CLIMATE SUMMARY FOR DECEMBER 22 2014...
VALID TODAY AS OF 400 PM LOCAL TIME.

CLIMATE NORMAL PERIOD 1981 TO 2010
CLIMATE RECORD PERIOD 1875 TO 2014


WEATHER ITEM   OBSERVED TIME   RECORD YEAR NORMAL DEPARTURE LAST
                VALUE   (LST)  VALUE       VALUE  FROM      YEAR
                                                  NORMAL
..................................................................
TEMPERATURE (F)
 TODAY
  MAXIMUM         73    148 PM  74    2007  63     10       66
                                      1933
                                      1883
  MINIMUM         60    347 AM  19    1989  50     10       43
  AVERAGE         67                        56     11       55

PRECIPITATION (IN)
  TODAY            0.00          3.81 1875   0.11  -0.11     0.01
  MONTH TO DATE    3.11                      2.62   0.49     0.62
  SINCE DEC 1      3.11                      2.62   0.49     0.62
  SINCE JAN 1     31.13                     49.86 -18.73    39.21

SNOWFALL (IN)
  TODAY            0.0           T    1929  MM     MM       MM
                                      1887
  MONTH TO DATE    0.0                      MM     MM        0.0
  SINCE DEC 1      0.0                      MM     MM        0.0
  SINCE JUL 1      0.0                      MM     MM        0.0
  SNOW DEPTH       0

DEGREE DAYS
 HEATING
  TODAY            0                         9     -9       10
  MONTH TO DATE   86                       173    -87      235
  SINCE DEC 1     86                       173    -87      235
  SINCE JUL 1    237                       276    -39      413

 COOLING
  TODAY            2                         0      2        0
  MONTH TO DATE   20                        14      6       13
  SINCE DEC 1     20                        14      6       13
  SINCE JAN 1   3258                      3303    -45     3324
..................................................................


WIND (MPH)
  RESULTANT WIND SPEED  10   RESULTANT WIND DIRECTION   S (190)
  HIGHEST WIND SPEED    25   HIGHEST WIND DIRECTION    SW (210)
  HIGHEST GUST SPEED    32   HIGHEST GUST DIRECTION    SW (220)
  AVERAGE WIND SPEED    12.3


SKY COVER
  AVERAGE SKY COVER 0.4


WEATHER CONDITIONS
 THE FOLLOWING WEATHER WAS RECORDED TODAY.
  FOG


RELATIVE HUMIDITY (PERCENT)
 HIGHEST   100          1200 AM
 LOWEST     73           100 PM
 AVERAGE    87

..........................................................


THE GALVESTON CLIMATE NORMALS FOR TOMORROW
                         NORMAL    RECORD    YEAR
 MAXIMUM TEMPERATURE (F)   63        74      1933
                                             1883
                                             1879
 MINIMUM TEMPERATURE (F)   49        14      1989


SUNRISE AND SUNSET
DECEMBER 22 2014......SUNRISE   710 AM CST   SUNSET   526 PM CST
DECEMBER 23 2014......SUNRISE   710 AM CST   SUNSET   527 PM CST


-  INDICATES NEGATIVE NUMBERS.
R  INDICATES RECORD WAS SET OR TIED.
MM INDICATES DATA IS MISSING.
T  INDICATES TRACE AMOUNT.




$$
