000
CDUS44 KHGX 250721
CLIGLS


CLIMATE REPORT
NATIONAL WEATHER SERVICE HOUSTON/GALVESTON TX
220 AM CDT MON JUL 25 2016


...................................

...THE GALVESTON CLIMATE SUMMARY FOR JULY 24 2016...

CLIMATE NORMAL PERIOD 1981 TO 2010
CLIMATE RECORD PERIOD 1875 TO 2016


WEATHER ITEM   OBSERVED TIME   RECORD YEAR NORMAL DEPARTURE LAST
                VALUE   (LST)  VALUE       VALUE  FROM      YEAR
                                                  NORMAL
..................................................................
TEMPERATURE (F)
 YESTERDAY
  MAXIMUM         92    323 PM  95    1943  90      2       92
                                      1876
  MINIMUM         83    633 AM  68    1929  80      3       82
                                      1904
  AVERAGE         88                        85      3       87

PRECIPITATION (IN)
  YESTERDAY        0.00          4.48 1929   0.10  -0.10     0.00
  MONTH TO DATE    0.47                      3.20  -2.73     0.23
  SINCE JUN 1      8.40                      8.89  -0.49     2.98
  SINCE JAN 1     28.93                     26.19   2.74    25.16

SNOWFALL (IN)
  YESTERDAY        0.0          MM      MM  MM     MM        0.0
  MONTH TO DATE    0.0                      MM     MM        0.0
  SINCE JUN 1      0.0                      MM     MM        0.0
  SINCE JUL 1      0.0                      MM     MM        0.0
  SNOW DEPTH       0

DEGREE DAYS
 HEATING
  YESTERDAY        0                         0      0        0
  MONTH TO DATE    0                         0      0        0
  SINCE JUN 1      0                         0      0        0
  SINCE JUL 1      0                         0      0        0

 COOLING
  YESTERDAY       23                        20      3       22
  MONTH TO DATE  518                       464     54      514
  SINCE JUN 1   1048                       999     49     1065
  SINCE JAN 1   1715                      1634     81     1767
..................................................................


WIND (MPH)
  RESULTANT WIND SPEED   9   RESULTANT WIND DIRECTION   S (180)
  HIGHEST WIND SPEED    16   HIGHEST WIND DIRECTION     S (180)
  HIGHEST GUST SPEED    20   HIGHEST GUST DIRECTION     S (180)
  AVERAGE WIND SPEED     9.4


SKY COVER
  AVERAGE SKY COVER 0.2


WEATHER CONDITIONS
 THE FOLLOWING WEATHER WAS RECORDED YESTERDAY.
  THUNDERSTORM


RELATIVE HUMIDITY (PERCENT)
 HIGHEST    85
 LOWEST     66
 AVERAGE    76

..........................................................


THE GALVESTON CLIMATE NORMALS FOR TODAY
                         NORMAL    RECORD    YEAR
 MAXIMUM TEMPERATURE (F)   90        95      1924
 MINIMUM TEMPERATURE (F)   80        67      1887


SUNRISE AND SUNSET
JULY 25 2016..........SUNRISE   636 AM CDT   SUNSET   816 PM CDT
JULY 26 2016..........SUNRISE   637 AM CDT   SUNSET   815 PM CDT


-  INDICATES NEGATIVE NUMBERS.
R  INDICATES RECORD WAS SET OR TIED.
MM INDICATES DATA IS MISSING.
T  INDICATES TRACE AMOUNT.




$$
