000
CDUS42 KJAX 010533
CLIGNV


CLIMATE REPORT
NATIONAL WEATHER SERVICE JACKSONVILLE FL
1233 AM EST SUN FEB 1 2015


...................................

...THE GAINESVILLE CLIMATE SUMMARY FOR JANUARY 31 2015...

CLIMATE NORMAL PERIOD 1981 TO 2010
CLIMATE RECORD PERIOD 1890 TO 2015


WEATHER ITEM   OBSERVED TIME   RECORD YEAR NORMAL DEPARTURE LAST
                VALUE   (LST)  VALUE       VALUE  FROM      YEAR
                                                  NORMAL
..................................................................
TEMPERATURE (F)
 YESTERDAY
  MAXIMUM         66    251 PM  85    1975  67     -1       61
  MINIMUM         33    748 AM  17    1966  43    -10       40
  AVERAGE         50                        55     -5       51

PRECIPITATION (IN)
  YESTERDAY        0.00          0.99 1901   0.12  -0.12      T
  MONTH TO DATE    3.24                      3.31  -0.07     5.20
  SINCE DEC 1      6.62                      5.79   0.83     8.99
  SINCE JAN 1      3.24                      3.31  -0.07     5.20

SNOWFALL (IN)
  YESTERDAY        0.0           0.0    MM   0.0    0.0      0.0
  MONTH TO DATE    0.0                       0.0    0.0      0.0
  SINCE DEC 1      0.0                       0.0    0.0      0.0
  SINCE JUL 1      0.0                       0.0    0.0      0.0
  SNOW DEPTH       0

DEGREE DAYS
 HEATING
  YESTERDAY       15                        10      5       14
  MONTH TO DATE  336                       345     -9      450
  SINCE DEC 1    550                       641    -91      622
  SINCE JUL 1    815                       802     13      715

 COOLING
  YESTERDAY        0                         0      0        0
  MONTH TO DATE   14                        12      2       10
  SINCE DEC 1     50                        34     16       65
  SINCE JAN 1     14                        12      2       10
..................................................................


WIND (MPH)
  HIGHEST WIND SPEED    17   HIGHEST WIND DIRECTION    NE (60)
  HIGHEST GUST SPEED    21   HIGHEST GUST DIRECTION    NE (50)
  AVERAGE WIND SPEED     6.8


SKY COVER
  POSSIBLE SUNSHINE  MM
  AVERAGE SKY COVER 0.0


WEATHER CONDITIONS
 THE FOLLOWING WEATHER WAS RECORDED YESTERDAY.
  NO SIGNIFICANT WEATHER WAS OBSERVED.


RELATIVE HUMIDITY (PERCENT)
 HIGHEST    82           600 AM
 LOWEST     43           200 PM
 AVERAGE    63

..........................................................


THE GAINESVILLE CLIMATE NORMALS FOR TODAY
                         NORMAL    RECORD    YEAR
 MAXIMUM TEMPERATURE (F)   68        87      1903
 MINIMUM TEMPERATURE (F)   43        25      1977
                                             1909


SUNRISE AND SUNSET
FEBRUARY  1 2015......SUNRISE   719 AM EST   SUNSET   607 PM EST
FEBRUARY  2 2015......SUNRISE   718 AM EST   SUNSET   607 PM EST


-  INDICATES NEGATIVE NUMBERS.
R  INDICATES RECORD WAS SET OR TIED.
MM INDICATES DATA IS MISSING.
T  INDICATES TRACE AMOUNT.




$$
