000
CDUS42 KJAX 220533
CLIGNV


CLIMATE REPORT
NATIONAL WEATHER SERVICE JACKSONVILLE FL
132 AM EDT MON SEP 22 2014


...................................

...THE GAINESVILLE CLIMATE SUMMARY FOR SEPTEMBER 21 2014...

CLIMATE NORMAL PERIOD 1981 TO 2010
CLIMATE RECORD PERIOD 1890 TO 2014


WEATHER ITEM   OBSERVED TIME   RECORD YEAR NORMAL DEPARTURE LAST
                VALUE   (LST)  VALUE       VALUE  FROM      YEAR
                                                  NORMAL
..................................................................
TEMPERATURE (F)
 YESTERDAY
  MAXIMUM         88    447 PM  99    1925  87      1       89
  MINIMUM         65    514 AM  55    2006  68     -3       66
                                      1938
  AVERAGE         77                        77      0       78

PRECIPITATION (IN)
  YESTERDAY        0.00          2.96 1969   0.12  -0.12     0.00
  MONTH TO DATE    3.85                      3.24   0.61     0.72
  SINCE SEP 1      3.85                      3.24   0.61     0.72
  SINCE JAN 1     40.91                     38.81   2.10    37.42

SNOWFALL (IN)
  YESTERDAY        0.0           0.0    MM   0.0    0.0      0.0
  MONTH TO DATE    0.0                       0.0    0.0      0.0
  SINCE SEP 1      0.0                       0.0    0.0      0.0
  SINCE JUL 1      0.0                       0.0    0.0      0.0
  SNOW DEPTH       0

DEGREE DAYS
 HEATING
  YESTERDAY        0                         0      0        0
  MONTH TO DATE    0                         0      0        0
  SINCE SEP 1      0                         0      0        0
  SINCE JUL 1      0                         0      0        0

 COOLING
  YESTERDAY       12                        12      0       13
  MONTH TO DATE  311                       294     17      327
  SINCE SEP 1    311                       294     17      327
  SINCE JAN 1   2257                      2238     19     2389
..................................................................


WIND (MPH)
  HIGHEST WIND SPEED    10   HIGHEST WIND DIRECTION     N (20)
  HIGHEST GUST SPEED    13   HIGHEST GUST DIRECTION    NE (60)
  AVERAGE WIND SPEED     2.8


SKY COVER
  POSSIBLE SUNSHINE  MM
  AVERAGE SKY COVER 0.0


WEATHER CONDITIONS
 THE FOLLOWING WEATHER WAS RECORDED YESTERDAY.
  NO SIGNIFICANT WEATHER WAS OBSERVED.


RELATIVE HUMIDITY (PERCENT)
 HIGHEST    93           100 AM
 LOWEST     36           200 PM
 AVERAGE    65

..........................................................


THE GAINESVILLE CLIMATE NORMALS FOR TODAY
                         NORMAL    RECORD    YEAR
 MAXIMUM TEMPERATURE (F)   87        96      1925
 MINIMUM TEMPERATURE (F)   68        48      1897


SUNRISE AND SUNSET
SEPTEMBER 22 2014.....SUNRISE   717 AM EDT   SUNSET   726 PM EDT
SEPTEMBER 23 2014.....SUNRISE   718 AM EDT   SUNSET   724 PM EDT


-  INDICATES NEGATIVE NUMBERS.
R  INDICATES RECORD WAS SET OR TIED.
MM INDICATES DATA IS MISSING.
T  INDICATES TRACE AMOUNT.




$$
