000
CDUS42 KJAX 250531
CLIGNV


CLIMATE REPORT
NATIONAL WEATHER SERVICE JACKSONVILLE
130 AM EDT FRI APR 25 2014


...................................

...THE GAINESVILLE CLIMATE SUMMARY FOR APRIL 24 2014...

CLIMATE NORMAL PERIOD 1981 TO 2010
CLIMATE RECORD PERIOD 1890 TO 2014


WEATHER ITEM   OBSERVED TIME   RECORD YEAR NORMAL DEPARTURE LAST
                VALUE   (LST)  VALUE       VALUE  FROM      YEAR
                                                  NORMAL
..................................................................
TEMPERATURE (F)
 YESTERDAY
  MAXIMUM         86    248 PM  94    1999  82      4       86
  MINIMUM         62    631 AM  39    1993  57      5       51
  AVERAGE         74                        69      5       69

PRECIPITATION (IN)
  YESTERDAY        0.00          2.82 1945   0.08  -0.08     0.00
  MONTH TO DATE    1.37                      2.22  -0.85     3.11
  SINCE MAR 1      6.87                      6.55   0.32     4.09
  SINCE JAN 1     16.44                     13.06   3.38     6.06

SNOWFALL (IN)
  YESTERDAY        0.0           0.0    MM   0.0    0.0      0.0
  MONTH TO DATE    0.0                       0.0    0.0      0.0
  SINCE MAR 1      0.0                       0.0    0.0      0.0
  SINCE JUL 1      0.0                       0.0    0.0      0.0
  SNOW DEPTH       0

DEGREE DAYS
 HEATING
  YESTERDAY        0                         1     -1        0
  MONTH TO DATE   20                        39    -19       24
  SINCE MAR 1    183                       176      7      304
  SINCE JUL 1   1093                      1210   -117     1036

 COOLING
  YESTERDAY        9                         5      4        4
  MONTH TO DATE   81                        87     -6      122
  SINCE MAR 1    106                       141    -35      140
  SINCE JAN 1    143                       173    -30      240
..................................................................


WIND (MPH)
  HIGHEST WIND SPEED    14   HIGHEST WIND DIRECTION    SW (240)
  HIGHEST GUST SPEED    22   HIGHEST GUST DIRECTION    NW (300)
  AVERAGE WIND SPEED     4.1


SKY COVER
  POSSIBLE SUNSHINE  MM
  AVERAGE SKY COVER 0.4


WEATHER CONDITIONS
 THE FOLLOWING WEATHER WAS RECORDED YESTERDAY.
  FOG
  HAZE


RELATIVE HUMIDITY (PERCENT)
 HIGHEST   100           200 AM
 LOWEST     44           400 PM
 AVERAGE    72

..........................................................


THE GAINESVILLE CLIMATE NORMALS FOR TODAY
                         NORMAL    RECORD    YEAR
 MAXIMUM TEMPERATURE (F)   82        93      1896
 MINIMUM TEMPERATURE (F)   57        39      2005


SUNRISE AND SUNSET
APRIL 25 2014.........SUNRISE   652 AM EDT   SUNSET   802 PM EDT
APRIL 26 2014.........SUNRISE   651 AM EDT   SUNSET   803 PM EDT


-  INDICATES NEGATIVE NUMBERS.
R  INDICATES RECORD WAS SET OR TIED.
MM INDICATES DATA IS MISSING.
T  INDICATES TRACE AMOUNT.




$$
