000
CDUS42 KJAX 030536
CLIGNV


CLIMATE REPORT
NATIONAL WEATHER SERVICE JACKSONVILLE FL
135 AM EDT TUE MAY 3 2016


...................................

...THE GAINESVILLE CLIMATE SUMMARY FOR MAY 2 2016...

CLIMATE NORMAL PERIOD 1981 TO 2010
CLIMATE RECORD PERIOD 1890 TO 2016


WEATHER ITEM   OBSERVED TIME   RECORD YEAR NORMAL DEPARTURE LAST
                VALUE   (LST)  VALUE       VALUE  FROM      YEAR
                                                  NORMAL
..................................................................
TEMPERATURE (F)
 YESTERDAY
  MAXIMUM         90    253 PM  96    1990  84      6       79
                                      1906
  MINIMUM         69    524 AM  43    1925  58     11       47
  AVERAGE         80                        71      9       63

PRECIPITATION (IN)
  YESTERDAY        0.00          1.52 2013   0.06  -0.06     0.00
  MONTH TO DATE    0.00                      0.12  -0.12     0.00
  SINCE MAR 1      4.01                      7.12  -3.11     4.39
  SINCE JAN 1     10.86                     13.63  -2.77     9.65

SNOWFALL (IN)
  YESTERDAY        0.0           0.0    MM   0.0    0.0      0.0
  MONTH TO DATE    0.0                       0.0    0.0      0.0
  SINCE MAR 1      0.0                       0.0    0.0      0.0
  SINCE JUL 1      0.0                       0.0    0.0      0.0
  SNOW DEPTH       0

DEGREE DAYS
 HEATING
  YESTERDAY        0                         0      0        2
  MONTH TO DATE    0                         0      0        2
  SINCE MAR 1     83                       180    -97       62
  SINCE JUL 1    848                      1214   -366     1213

 COOLING
  YESTERDAY       15                         7      8        0
  MONTH TO DATE   30                        14     16        0
  SINCE MAR 1    298                       189    109      385
  SINCE JAN 1    323                       221    102      400
..................................................................


WIND (MPH)
  HIGHEST WIND SPEED    15   HIGHEST WIND DIRECTION     W (250)
  HIGHEST GUST SPEED    18   HIGHEST GUST DIRECTION     W (260)
  AVERAGE WIND SPEED     6.5


SKY COVER
  POSSIBLE SUNSHINE  MM
  AVERAGE SKY COVER 0.2


WEATHER CONDITIONS
 THE FOLLOWING WEATHER WAS RECORDED YESTERDAY.
  NO SIGNIFICANT WEATHER WAS OBSERVED.


RELATIVE HUMIDITY (PERCENT)
 HIGHEST    97           500 AM
 LOWEST     38           300 PM
 AVERAGE    68

..........................................................


THE GAINESVILLE CLIMATE NORMALS FOR TODAY
                         NORMAL    RECORD    YEAR
 MAXIMUM TEMPERATURE (F)   84        95      2002
                                             1938
                                             1915
 MINIMUM TEMPERATURE (F)   59        45      1925


SUNRISE AND SUNSET
MAY  3 2016...........SUNRISE   645 AM EDT   SUNSET   808 PM EDT
MAY  4 2016...........SUNRISE   644 AM EDT   SUNSET   808 PM EDT


-  INDICATES NEGATIVE NUMBERS.
R  INDICATES RECORD WAS SET OR TIED.
MM INDICATES DATA IS MISSING.
T  INDICATES TRACE AMOUNT.




$$
