000
CDUS42 KJAX 300531
CLIGNV


CLIMATE REPORT
NATIONAL WEATHER SERVICE JACKSONVILLE FL
130 AM EDT TUE JUN 30 2015


...................................

...THE GAINESVILLE CLIMATE SUMMARY FOR JUNE 29 2015...

CLIMATE NORMAL PERIOD 1981 TO 2010
CLIMATE RECORD PERIOD 1890 TO 2015


WEATHER ITEM   OBSERVED TIME   RECORD YEAR NORMAL DEPARTURE LAST
                VALUE   (LST)  VALUE       VALUE  FROM      YEAR
                                                  NORMAL
..................................................................
TEMPERATURE (F)
 YESTERDAY
  MAXIMUM         85    610 PM 101    1998  91     -6       94
                                      1897
  MINIMUM         73   1154 PM  57    1892  71      2       72
  AVERAGE         79                        81     -2       83

PRECIPITATION (IN)
  YESTERDAY        0.22          2.47 1989   0.27  -0.05     0.00
  MONTH TO DATE    3.61                      6.84  -3.23     4.52
  SINCE JUN 1      3.61                      6.84  -3.23     4.52
  SINCE JAN 1     15.80                     22.83  -7.03    25.06

SNOWFALL (IN)
  YESTERDAY        0.0           0.0    MM   0.0    0.0      0.0
  MONTH TO DATE    0.0                       0.0    0.0      0.0
  SINCE JUN 1      0.0                       0.0    0.0      0.0
  SINCE JUL 1      0.0                       0.0    0.0      0.0
  SNOW DEPTH       0

DEGREE DAYS
 HEATING
  YESTERDAY        0                         0      0        0
  MONTH TO DATE    0                         0      0        0
  SINCE JUN 1      0                         0      0        0
  SINCE JUL 1   1213                      1218     -5     1098

 COOLING
  YESTERDAY       14                        16     -2       18
  MONTH TO DATE  473                       423     50      411
  SINCE JUN 1    473                       423     50      411
  SINCE JAN 1   1209                       933    276      912
..................................................................


WIND (MPH)
  HIGHEST WIND SPEED    20   HIGHEST WIND DIRECTION     W (260)
  HIGHEST GUST SPEED    34   HIGHEST GUST DIRECTION    NW (330)
  AVERAGE WIND SPEED     4.5


SKY COVER
  POSSIBLE SUNSHINE  MM
  AVERAGE SKY COVER 0.4


WEATHER CONDITIONS
 THE FOLLOWING WEATHER WAS RECORDED YESTERDAY.
  THUNDERSTORM
  HEAVY RAIN
  LIGHT RAIN
  FOG
  HAZE


RELATIVE HUMIDITY (PERCENT)
 HIGHEST   100          1000 PM
 LOWEST     65           300 PM
 AVERAGE    83

..........................................................


THE GAINESVILLE CLIMATE NORMALS FOR TODAY
                         NORMAL    RECORD    YEAR
 MAXIMUM TEMPERATURE (F)   91       100      1898
                                             1897
 MINIMUM TEMPERATURE (F)   71        66      1970
                                             1938
                                             1927


SUNRISE AND SUNSET
JUNE 30 2015..........SUNRISE   632 AM EDT   SUNSET   833 PM EDT
JULY  1 2015..........SUNRISE   632 AM EDT   SUNSET   833 PM EDT


-  INDICATES NEGATIVE NUMBERS.
R  INDICATES RECORD WAS SET OR TIED.
MM INDICATES DATA IS MISSING.
T  INDICATES TRACE AMOUNT.




$$
