000
CDUS42 KJAX 250534
CLIGNV


CLIMATE REPORT
NATIONAL WEATHER SERVICE JACKSONVILLE FL
1232 AM EST SAT FEB 25 2017


...................................

...THE GAINESVILLE CLIMATE SUMMARY FOR FEBRUARY 24 2017...

CLIMATE NORMAL PERIOD 1981 TO 2010
CLIMATE RECORD PERIOD 1890 TO 2017


WEATHER ITEM   OBSERVED TIME   RECORD YEAR NORMAL DEPARTURE LAST
                VALUE   (LST)  VALUE       VALUE  FROM      YEAR
                                                  NORMAL
..................................................................
TEMPERATURE (F)
 YESTERDAY
  MAXIMUM         83    336 PM  88    1962  71     12       80
  MINIMUM         61    544 AM  25    1989  47     14       52
                                      1901
  AVERAGE         72                        59     13       66

PRECIPITATION (IN)
  YESTERDAY        0.00          1.86 1901   0.13  -0.13     0.06
  MONTH TO DATE    0.39                      2.72  -2.33     4.12
  SINCE DEC 1      4.53                      8.51  -3.98     8.82
  SINCE JAN 1      1.84                      6.03  -4.19     6.85

SNOWFALL (IN)
  YESTERDAY        0.0           0.0    MM   0.0    0.0      0.0
  MONTH TO DATE    0.0                       0.0    0.0      0.0
  SINCE DEC 1      0.0                       0.0    0.0      0.0
  SINCE JUL 1      0.0                       0.0    0.0      0.0
  SNOW DEPTH       0

DEGREE DAYS
 HEATING
  YESTERDAY        0                         7     -7        0
  MONTH TO DATE   78                       205   -127      205
  SINCE DEC 1    391                       846   -455      663
  SINCE JUL 1    497                      1007   -510      702

 COOLING
  YESTERDAY        7                         1      6        1
  MONTH TO DATE   27                        20      7       23
  SINCE DEC 1    149                        54     95      171
  SINCE JAN 1     73                        32     41       25
..................................................................


WIND (MPH)
  HIGHEST WIND SPEED    13   HIGHEST WIND DIRECTION     E (90)
  HIGHEST GUST SPEED    16   HIGHEST GUST DIRECTION     E (100)
  AVERAGE WIND SPEED     5.8


SKY COVER
  POSSIBLE SUNSHINE  MM
  AVERAGE SKY COVER 0.5


WEATHER CONDITIONS
 THE FOLLOWING WEATHER WAS RECORDED YESTERDAY.
  FOG


RELATIVE HUMIDITY (PERCENT)
 HIGHEST   100           500 AM
 LOWEST     51           300 PM
 AVERAGE    76

..........................................................


THE GAINESVILLE CLIMATE NORMALS FOR TODAY
                         NORMAL    RECORD    YEAR
 MAXIMUM TEMPERATURE (F)   71        85      1962
                                             1922
 MINIMUM TEMPERATURE (F)   47        23      1989


SUNRISE AND SUNSET
FEBRUARY 25 2017......SUNRISE   659 AM EST   SUNSET   626 PM EST
FEBRUARY 26 2017......SUNRISE   658 AM EST   SUNSET   626 PM EST


-  INDICATES NEGATIVE NUMBERS.
R  INDICATES RECORD WAS SET OR TIED.
MM INDICATES DATA IS MISSING.
T  INDICATES TRACE AMOUNT.




$$
