727
CDUS45 KMSO 220840
CLIGPI


CLIMATE REPORT
NATIONAL WEATHER SERVICE MISSOULA, MT
140 AM MST WED FEB 22 2017


...................................

...THE KALISPELL MT CLIMATE SUMMARY FOR FEBRUARY 21 2017...

CLIMATE NORMAL PERIOD 1981 TO 2010
CLIMATE RECORD PERIOD 1894 TO 2017


WEATHER ITEM   OBSERVED TIME   RECORD YEAR NORMAL DEPARTURE LAST
                VALUE   (LST)  VALUE       VALUE  FROM      YEAR
                                                  NORMAL
..................................................................
TEMPERATURE (F)
 YESTERDAY
  MAXIMUM         38   1230 AM  56    1995  37      1       43
  MINIMUM         30    749 AM -13    1910  19     11       20
  AVERAGE         34                        28      6       32

PRECIPITATION (IN)
  YESTERDAY        0.27          0.43 1914   0.04   0.23     0.00
  MONTH TO DATE    2.42                      0.72   1.70     0.82
  SINCE OCT 1     10.62                      6.05   4.57     6.35
  SINCE JAN 1      3.39                      2.05   1.34     2.30

SNOWFALL (IN)
  YESTERDAY        0.4
  MONTH TO DATE   25.2
  SINCE JAN 1     39.0
  SINCE JUL 1     74.3
  SNOW DEPTH      13

DEGREE DAYS
 HEATING
  YESTERDAY       31                        37     -6       33
  MONTH TO DATE  881                       807     74      667
  SINCE DEC 1   3951                      3394    557     3046
  SINCE JUL 1   5910                      5598    312     5065

 COOLING
  YESTERDAY        0                         0      0        0
  MONTH TO DATE    0                         0      0        0
  SINCE DEC 1      0                         0      0        0
  SINCE JAN 1      0                         0      0        0
..................................................................


WIND (MPH)
  HIGHEST WIND SPEED    13   HIGHEST WIND DIRECTION    SE (150)
  HIGHEST GUST SPEED    16   HIGHEST GUST DIRECTION    SE (150)
  AVERAGE WIND SPEED     1.6


SKY COVER
  POSSIBLE SUNSHINE  MM
  AVERAGE SKY COVER 0.9


WEATHER CONDITIONS
 THE FOLLOWING WEATHER WAS RECORDED YESTERDAY.
  LIGHT RAIN
  LIGHT SNOW
  FOG


RELATIVE HUMIDITY (PERCENT)
 HIGHEST   100           400 PM
 LOWEST     76          1200 AM
 AVERAGE    88

..........................................................


THE KALISPELL MT CLIMATE NORMALS FOR TODAY
                         NORMAL    RECORD    YEAR
 MAXIMUM TEMPERATURE (F)   38        55      1995
 MINIMUM TEMPERATURE (F)   19       -22      1910


SUNRISE AND SUNSET
FEBRUARY 22 2017......SUNRISE   731 AM MST   SUNSET   611 PM MST
FEBRUARY 23 2017......SUNRISE   729 AM MST   SUNSET   612 PM MST


-  INDICATES NEGATIVE NUMBERS.
R  INDICATES RECORD WAS SET OR TIED.
MM INDICATES DATA IS MISSING.
T  INDICATES TRACE AMOUNT.




$$
