060
CDUS45 KMSO 290738
CLIGPI


CLIMATE REPORT
NATIONAL WEATHER SERVICE MISSOULA, MT
137 AM MDT WED MAR 29 2017


...................................

...THE KALISPELL MT CLIMATE SUMMARY FOR MARCH 28 2017...

CLIMATE NORMAL PERIOD 1981 TO 2010
CLIMATE RECORD PERIOD 1894 TO 2017


WEATHER ITEM   OBSERVED TIME   RECORD YEAR NORMAL DEPARTURE LAST
                VALUE   (LST)  VALUE       VALUE  FROM      YEAR
                                                  NORMAL
..................................................................
TEMPERATURE (F)
 YESTERDAY
  MAXIMUM         48    342 PM  65    1986  50     -2       41
  MINIMUM         33    618 AM   1    1954  29      4       28
  AVERAGE         41                        39      2       35

PRECIPITATION (IN)
  YESTERDAY        T             0.87 1934   0.03  -0.03     0.06
  MONTH TO DATE    2.49                      0.98   1.51     1.28
  SINCE OCT 1     13.47                      7.28   6.19     7.63
  SINCE JAN 1      6.24                      3.28   2.96     3.58

SNOWFALL (IN)
  YESTERDAY        0.0
  MONTH TO DATE   10.0
  SINCE JAN 1     53.0
  SINCE JUL 1     88.3
  SNOW DEPTH       0

DEGREE DAYS
 HEATING
  YESTERDAY       24                        26     -2       30
  MONTH TO DATE  818                       844    -26      759
  SINCE MAR 1    818                       844    -26      759
  SINCE JUL 1   7018                      6696    322     6061

 COOLING
  YESTERDAY        0                         0      0        0
  MONTH TO DATE    0                         0      0        0
  SINCE MAR 1      0                         0      0        0
  SINCE JAN 1      0                         0      0        0
..................................................................


WIND (MPH)
  HIGHEST WIND SPEED    17   HIGHEST WIND DIRECTION    SE (130)
  HIGHEST GUST SPEED    20   HIGHEST GUST DIRECTION    SW (230)
  AVERAGE WIND SPEED     8.0


SKY COVER
  POSSIBLE SUNSHINE  MM
  AVERAGE SKY COVER 1.0


WEATHER CONDITIONS
 THE FOLLOWING WEATHER WAS RECORDED YESTERDAY.
  LIGHT RAIN


RELATIVE HUMIDITY (PERCENT)
 HIGHEST    92           100 AM
 LOWEST     53           400 PM
 AVERAGE    73

..........................................................


THE KALISPELL MT CLIMATE NORMALS FOR TODAY
                         NORMAL    RECORD    YEAR
 MAXIMUM TEMPERATURE (F)   51        68      1978
 MINIMUM TEMPERATURE (F)   29         2      1954


SUNRISE AND SUNSET
MARCH 29 2017.........SUNRISE   721 AM MDT   SUNSET   804 PM MDT
MARCH 30 2017.........SUNRISE   719 AM MDT   SUNSET   805 PM MDT


-  INDICATES NEGATIVE NUMBERS.
R  INDICATES RECORD WAS SET OR TIED.
MM INDICATES DATA IS MISSING.
T  INDICATES TRACE AMOUNT.




$$
