000
CDUS45 KMSO 200738
CLIGPI


CLIMATE REPORT
NATIONAL WEATHER SERVICE MISSOULA, MT
138 AM MDT SAT SEP 20 2014


...................................

...THE KALISPELL MT CLIMATE SUMMARY FOR SEPTEMBER 19 2014...

CLIMATE NORMAL PERIOD 1981 TO 2010
CLIMATE RECORD PERIOD 1894 TO 2014


WEATHER ITEM   OBSERVED TIME   RECORD YEAR NORMAL DEPARTURE LAST
                VALUE   (LST)  VALUE       VALUE  FROM      YEAR
                                                  NORMAL
..................................................................
TEMPERATURE (F)
 YESTERDAY
  MAXIMUM         74    112 PM  85    2008  68      6       64
  MINIMUM         45   1159 PM  23    1983  37      8       39
  AVERAGE         60                        53      7       52

PRECIPITATION (IN)
  YESTERDAY        T             0.60 1925   0.05  -0.05      T
  MONTH TO DATE    0.72                      0.92  -0.20     2.00
  SINCE OCT 1     19.51                     16.53   2.98    18.00
  SINCE JAN 1     15.06                     12.53   2.53    12.62

SNOWFALL (IN)
  YESTERDAY        0.0
  MONTH TO DATE    0.0
  SINCE JAN 1     38.2
  SINCE JUL 1      0.0
  SNOW DEPTH       0

DEGREE DAYS
 HEATING
  YESTERDAY        5                        12     -7       13
  MONTH TO DATE  209                       169     40       55
  SINCE SEP 1    209                       169     40       55
  SINCE JUL 1    286                       339    -53       96

 COOLING
  YESTERDAY        0                         0      0        0
  MONTH TO DATE    0                         1     -1       29
  SINCE SEP 1      0                         1     -1       29
  SINCE JAN 1    215                       144     71      264
..................................................................


WIND (MPH)
  HIGHEST WIND SPEED    17   HIGHEST WIND DIRECTION     W (260)
  HIGHEST GUST SPEED    23   HIGHEST GUST DIRECTION     W (280)
  AVERAGE WIND SPEED     7.5


SKY COVER
  POSSIBLE SUNSHINE  MM
  AVERAGE SKY COVER 0.8


WEATHER CONDITIONS
 THE FOLLOWING WEATHER WAS RECORDED YESTERDAY.
  LIGHT RAIN


RELATIVE HUMIDITY (PERCENT)
 HIGHEST    86          1100 PM
 LOWEST     38           100 PM
 AVERAGE    62

..........................................................


THE KALISPELL MT CLIMATE NORMALS FOR TODAY
                         NORMAL    RECORD    YEAR
 MAXIMUM TEMPERATURE (F)   68        85      1922
 MINIMUM TEMPERATURE (F)   37        21      1983


SUNRISE AND SUNSET
SEPTEMBER 20 2014.....SUNRISE   721 AM MDT   SUNSET   739 PM MDT
SEPTEMBER 21 2014.....SUNRISE   722 AM MDT   SUNSET   737 PM MDT


-  INDICATES NEGATIVE NUMBERS.
R  INDICATES RECORD WAS SET OR TIED.
MM INDICATES DATA IS MISSING.
T  INDICATES TRACE AMOUNT.




$$
