000
CDUS45 KMSO 290738
CLIGPI


CLIMATE REPORT
NATIONAL WEATHER SERVICE MISSOULA, MT
137 AM MDT SUN MAR 29 2015


...................................

...THE KALISPELL MT CLIMATE SUMMARY FOR MARCH 28 2015...

CLIMATE NORMAL PERIOD 1981 TO 2010
CLIMATE RECORD PERIOD 1894 TO 2015


WEATHER ITEM   OBSERVED TIME   RECORD YEAR NORMAL DEPARTURE LAST
                VALUE   (LST)  VALUE       VALUE  FROM      YEAR
                                                  NORMAL
..................................................................
TEMPERATURE (F)
 YESTERDAY
  MAXIMUM         54    528 PM  65    1986  50      4       47
  MINIMUM         35   1208 AM   1    1954  29      6       26
  AVERAGE         45                        39      6       37

PRECIPITATION (IN)
  YESTERDAY        0.09          0.87 1934   0.03   0.06     0.05
  MONTH TO DATE    1.66                      0.98   0.68     2.35
  SINCE OCT 1     11.27                      7.28   3.99     9.24
  SINCE JAN 1      5.19                      3.28   1.91     4.79

SNOWFALL (IN)
  YESTERDAY        0.0
  MONTH TO DATE    T
  SINCE JAN 1     32.9
  SINCE JUL 1     59.4
  SNOW DEPTH       0

DEGREE DAYS
 HEATING
  YESTERDAY       20                        26     -6       28
  MONTH TO DATE  740                       844   -104      886
  SINCE MAR 1    740                       844   -104      886
  SINCE JUL 1   6190                      6696   -506     6820

 COOLING
  YESTERDAY        0                         0      0        0
  MONTH TO DATE    0                         0      0        0
  SINCE MAR 1      0                         0      0        0
  SINCE JAN 1      0                         0      0        0
..................................................................


WIND (MPH)
  HIGHEST WIND SPEED    29   HIGHEST WIND DIRECTION    SW (230)
  HIGHEST GUST SPEED    36   HIGHEST GUST DIRECTION    SW (230)
  AVERAGE WIND SPEED     9.6


SKY COVER
  POSSIBLE SUNSHINE  MM
  AVERAGE SKY COVER 0.8


WEATHER CONDITIONS
 THE FOLLOWING WEATHER WAS RECORDED YESTERDAY.
  THUNDERSTORM
  RAIN
  LIGHT RAIN
  FOG


RELATIVE HUMIDITY (PERCENT)
 HIGHEST   100          1200 AM
 LOWEST     44           300 PM
 AVERAGE    72

..........................................................


THE KALISPELL MT CLIMATE NORMALS FOR TODAY
                         NORMAL    RECORD    YEAR
 MAXIMUM TEMPERATURE (F)   51        68      1978
 MINIMUM TEMPERATURE (F)   29         2      1954


SUNRISE AND SUNSET
MARCH 29 2015.........SUNRISE   722 AM MDT   SUNSET   803 PM MDT
MARCH 30 2015.........SUNRISE   720 AM MDT   SUNSET   804 PM MDT


-  INDICATES NEGATIVE NUMBERS.
R  INDICATES RECORD WAS SET OR TIED.
MM INDICATES DATA IS MISSING.
T  INDICATES TRACE AMOUNT.




$$
