000
CDUS45 KMSO 260737
CLIGPI


CLIMATE REPORT
NATIONAL WEATHER SERVICE MISSOULA, MT
137 AM MDT MON SEP 26 2016


...................................

...THE KALISPELL MT CLIMATE SUMMARY FOR SEPTEMBER 25 2016...

CLIMATE NORMAL PERIOD 1981 TO 2010
CLIMATE RECORD PERIOD 1894 TO 2016


WEATHER ITEM   OBSERVED TIME   RECORD YEAR NORMAL DEPARTURE LAST
                VALUE   (LST)  VALUE       VALUE  FROM      YEAR
                                                  NORMAL
..................................................................
TEMPERATURE (F)
 YESTERDAY
  MAXIMUM         63    542 PM  88    2001  66     -3       82
  MINIMUM         34    620 AM  17    1934  35     -1       33
  AVERAGE         49                        50     -1       58

PRECIPITATION (IN)
  YESTERDAY        0.00          0.68 1998   0.04  -0.04     0.00
  MONTH TO DATE    0.85                      1.19  -0.34     0.75
  SINCE OCT 1     17.12                     16.80   0.32    13.68
  SINCE JAN 1     13.07                     12.80   0.27     7.60

SNOWFALL (IN)
  YESTERDAY        0.0
  MONTH TO DATE    0.0
  SINCE JAN 1     14.6
  SINCE JUL 1      0.0
  SNOW DEPTH       0

DEGREE DAYS
 HEATING
  YESTERDAY       16                        15      1        7
  MONTH TO DATE  313                       251     62      254
  SINCE SEP 1    313                       251     62      254
  SINCE JUL 1    460                       421     39      387

 COOLING
  YESTERDAY        0                         0      0        0
  MONTH TO DATE    0                         1     -1        2
  SINCE SEP 1      0                         1     -1        2
  SINCE JAN 1    156                       144     12      248
..................................................................


WIND (MPH)
  HIGHEST WIND SPEED    13   HIGHEST WIND DIRECTION     S (160)
  HIGHEST GUST SPEED    20   HIGHEST GUST DIRECTION    SE (150)
  AVERAGE WIND SPEED     3.6


SKY COVER
  POSSIBLE SUNSHINE  MM
  AVERAGE SKY COVER 0.7


WEATHER CONDITIONS
 THE FOLLOWING WEATHER WAS RECORDED YESTERDAY.
  NO SIGNIFICANT WEATHER WAS OBSERVED.


RELATIVE HUMIDITY (PERCENT)
 HIGHEST    92           100 AM
 LOWEST     42           100 PM
 AVERAGE    67

..........................................................


THE KALISPELL MT CLIMATE NORMALS FOR TODAY
                         NORMAL    RECORD    YEAR
 MAXIMUM TEMPERATURE (F)   65        87      1952
 MINIMUM TEMPERATURE (F)   35        24      1970


SUNRISE AND SUNSET
SEPTEMBER 26 2016.....SUNRISE   730 AM MDT   SUNSET   725 PM MDT
SEPTEMBER 27 2016.....SUNRISE   732 AM MDT   SUNSET   723 PM MDT


-  INDICATES NEGATIVE NUMBERS.
R  INDICATES RECORD WAS SET OR TIED.
MM INDICATES DATA IS MISSING.
T  INDICATES TRACE AMOUNT.




$$
