000
CDUS43 KGRB 110630
CLIGRB


CLIMATE REPORT
NATIONAL WEATHER SERVICE GREEN BAY
1229 AM CST THU FEB 11 2016


...................................

...THE GREEN BAY WI CLIMATE SUMMARY FOR FEBRUARY 10 2016...

CLIMATE NORMAL PERIOD 1981 TO 2010
CLIMATE RECORD PERIOD 1886 TO 2016


WEATHER ITEM   OBSERVED TIME   RECORD YEAR NORMAL DEPARTURE LAST
                VALUE   (LST)  VALUE       VALUE  FROM      YEAR
                                                  NORMAL
..................................................................
TEMPERATURE (F)
 YESTERDAY
  MAXIMUM         14    400 PM  50    2009  27    -13       29
  MINIMUM         -2   1140 PM -33    1899  11    -13        7
  AVERAGE          6                        19    -13       18

PRECIPITATION (IN)
  YESTERDAY        0.00          0.50 2013   0.03  -0.03     0.22
  MONTH TO DATE    0.98                      0.33   0.65     0.25
  SINCE DEC 1      8.02                      2.97   5.05     2.49
  SINCE JAN 1      2.31                      1.46   0.85     0.81

SNOWFALL (IN)
  YESTERDAY        0.0           5.8  2000   0.3   -0.3      2.7
  MONTH TO DATE   10.7                       3.7    7.0      3.5
  SINCE DEC 1     32.1                      29.8    2.3     15.8
  SINCE JUL 1     32.3                      34.0   -1.7     24.0
  SNOW DEPTH       9

DEGREE DAYS
 HEATING
  YESTERDAY       59                        46     13       47
  MONTH TO DATE  420                       470    -50      496
  SINCE DEC 1   2768                      3319   -551     3166
  SINCE JUL 1   4040                      5059  -1019     5003

 COOLING
  YESTERDAY        0                         0      0        0
  MONTH TO DATE    0                         0      0        0
  SINCE DEC 1      0                         0      0        0
  SINCE JAN 1      0                         0      0        0
..................................................................


WIND (MPH)
  HIGHEST WIND SPEED    23   HIGHEST WIND DIRECTION    NW (330)
  HIGHEST GUST SPEED    27   HIGHEST GUST DIRECTION    NW (330)
  AVERAGE WIND SPEED     9.9


SKY COVER
  POSSIBLE SUNSHINE  MM
  AVERAGE SKY COVER 0.0


WEATHER CONDITIONS
 THE FOLLOWING WEATHER WAS RECORDED YESTERDAY.
  NO SIGNIFICANT WEATHER WAS OBSERVED.


RELATIVE HUMIDITY (PERCENT)
 HIGHEST    75           700 AM
 LOWEST     44           400 PM
 AVERAGE    60

..........................................................


THE GREEN BAY WI CLIMATE NORMALS FOR TODAY
                         NORMAL    RECORD    YEAR
 MAXIMUM TEMPERATURE (F)   27        58      1999
 MINIMUM TEMPERATURE (F)   11       -29      1899


SUNRISE AND SUNSET
FEBRUARY 11 2016......SUNRISE   659 AM CST   SUNSET   515 PM CST
FEBRUARY 12 2016......SUNRISE   658 AM CST   SUNSET   517 PM CST


-  INDICATES NEGATIVE NUMBERS.
R  INDICATES RECORD WAS SET OR TIED.
MM INDICATES DATA IS MISSING.
T  INDICATES TRACE AMOUNT.




$$
