000
CDUS43 KGRB 200719
CLIGRB


CLIMATE REPORT
NATIONAL WEATHER SERVICE GREEN BAY
217 AM CDT THU JUL 20 2017


...................................

...THE GREEN BAY WI CLIMATE SUMMARY FOR JULY 19 2017...

CLIMATE NORMAL PERIOD 1981 TO 2010
CLIMATE RECORD PERIOD 1886 TO 2017


WEATHER ITEM   OBSERVED TIME   RECORD YEAR NORMAL DEPARTURE LAST
                VALUE   (LST)  VALUE       VALUE  FROM      YEAR
                                                  NORMAL
..................................................................
TEMPERATURE (F)
 YESTERDAY
  MAXIMUM         84    256 PM  98    1977  80      4       84
  MINIMUM         67   1155 PM  46    1947  59      8       58
  AVERAGE         76                        69      7       71

PRECIPITATION (IN)
  YESTERDAY        T             2.25 1956   0.11  -0.11     0.00
  MONTH TO DATE    2.98                      2.21   0.77     1.57
  SINCE JUN 1      6.76                      6.09   0.67     6.01
  SINCE JAN 1     19.76                     15.74   4.02    17.19

SNOWFALL (IN)
  YESTERDAY        0.0           0.0    MM   0.0    0.0      0.0
  MONTH TO DATE    0.0                       0.0    0.0      0.0
  SINCE JUN 1      0.0                       0.0    0.0      0.0
  SINCE JUL 1      0.0                       0.0    0.0      0.0
  SNOW DEPTH       0

DEGREE DAYS
 HEATING
  YESTERDAY        0                         1     -1        0
  MONTH TO DATE    1                        19    -18        6
  SINCE JUN 1     28                       111    -83       31
  SINCE JUL 1      1                        19    -18        6

 COOLING
  YESTERDAY       11                         5      6        6
  MONTH TO DATE  112                        95     17      103
  SINCE JUN 1    227                       178     49      203
  SINCE JAN 1    235                       196     39      236
..................................................................


WIND (MPH)
  HIGHEST WIND SPEED    21   HIGHEST WIND DIRECTION    SE (150)
  HIGHEST GUST SPEED    26   HIGHEST GUST DIRECTION    SE (150)
  AVERAGE WIND SPEED     5.8


SKY COVER
  POSSIBLE SUNSHINE  MM
  AVERAGE SKY COVER 0.1


WEATHER CONDITIONS
 THE FOLLOWING WEATHER WAS RECORDED YESTERDAY.
  LIGHT RAIN


RELATIVE HUMIDITY (PERCENT)
 HIGHEST   100          1200 AM
 LOWEST     40           100 PM
 AVERAGE    70

..........................................................


THE GREEN BAY WI CLIMATE NORMALS FOR TODAY
                         NORMAL    RECORD    YEAR
 MAXIMUM TEMPERATURE (F)   80        99      1901
 MINIMUM TEMPERATURE (F)   59        42      1958


SUNRISE AND SUNSET
JULY 20 2017..........SUNRISE   527 AM CDT   SUNSET   830 PM CDT
JULY 21 2017..........SUNRISE   528 AM CDT   SUNSET   829 PM CDT


-  INDICATES NEGATIVE NUMBERS.
R  INDICATES RECORD WAS SET OR TIED.
MM INDICATES DATA IS MISSING.
T  INDICATES TRACE AMOUNT.

$$
