000
CDUS43 KGRB 260650
CLIGRB


CLIMATE REPORT
NATIONAL WEATHER SERVICE GREEN BAY
150 AM CDT SAT JUL 26 2014


...................................

...THE GREEN BAY WI CLIMATE SUMMARY FOR JULY 25 2014...

CLIMATE NORMAL PERIOD 1981 TO 2010
CLIMATE RECORD PERIOD 1886 TO 2014


WEATHER ITEM   OBSERVED TIME   RECORD YEAR NORMAL DEPARTURE LAST
                VALUE   (LST)  VALUE       VALUE  FROM      YEAR
                                                  NORMAL
..................................................................
TEMPERATURE (F)
 YESTERDAY
  MAXIMUM         73    606 PM  94    1930  80     -7       80
  MINIMUM         60    336 AM  45    2004  59      1       56
  AVERAGE         67                        69     -2       68

PRECIPITATION (IN)
  YESTERDAY        T             2.50 1974   0.11  -0.11      T
  MONTH TO DATE    0.51                      2.86  -2.35     2.16
  SINCE JUN 1      4.56                      6.74  -2.18     5.98
  SINCE JAN 1     15.22                     16.39  -1.17    19.75

SNOWFALL (IN)
  YESTERDAY        0.0           0.0    MM   0.0    0.0      0.0
  MONTH TO DATE    0.0                       0.0    0.0      0.0
  SINCE JUN 1      0.0                       0.0    0.0      0.0
  SINCE JUL 1      0.0                       0.0    0.0      0.0
  SNOW DEPTH       0

DEGREE DAYS
 HEATING
  YESTERDAY        0                         1     -1        0
  MONTH TO DATE   13                        25    -12        3
  SINCE JUN 1     44                       117    -73       75
  SINCE JUL 1     13                        25    -12        3

 COOLING
  YESTERDAY        2                         5     -3        3
  MONTH TO DATE   81                       125    -44      192
  SINCE JUN 1    187                       208    -21      297
  SINCE JAN 1    203                       226    -23      335
..................................................................


WIND (MPH)
  HIGHEST WIND SPEED    16   HIGHEST WIND DIRECTION     S (200)
  HIGHEST GUST SPEED    22   HIGHEST GUST DIRECTION     S (200)
  AVERAGE WIND SPEED     8.0


SKY COVER
  POSSIBLE SUNSHINE  MM
  AVERAGE SKY COVER 0.5


WEATHER CONDITIONS
 THE FOLLOWING WEATHER WAS RECORDED YESTERDAY.
  LIGHT RAIN


RELATIVE HUMIDITY (PERCENT)
 HIGHEST    81           900 PM
 LOWEST     52          1200 AM
 AVERAGE    67

..........................................................


THE GREEN BAY WI CLIMATE NORMALS FOR TODAY
                         NORMAL    RECORD    YEAR
 MAXIMUM TEMPERATURE (F)   80        98      1955
 MINIMUM TEMPERATURE (F)   58        46      1977


SUNRISE AND SUNSET
JULY 26 2014..........SUNRISE   533 AM CDT   SUNSET   825 PM CDT
JULY 27 2014..........SUNRISE   534 AM CDT   SUNSET   824 PM CDT


-  INDICATES NEGATIVE NUMBERS.
R  INDICATES RECORD WAS SET OR TIED.
MM INDICATES DATA IS MISSING.
T  INDICATES TRACE AMOUNT.




$$
