000
CDUS43 KGRB 310621
CLIGRB


CLIMATE REPORT
NATIONAL WEATHER SERVICE GREEN BAY
120 AM CDT SUN JUL 31 2016


...................................

...THE GREEN BAY WI CLIMATE SUMMARY FOR JULY 30 2016...

CLIMATE NORMAL PERIOD 1981 TO 2010
CLIMATE RECORD PERIOD 1886 TO 2016


WEATHER ITEM   OBSERVED TIME   RECORD YEAR NORMAL DEPARTURE LAST
                VALUE   (LST)  VALUE       VALUE  FROM      YEAR
                                                  NORMAL
..................................................................
TEMPERATURE (F)
 YESTERDAY
  MAXIMUM         77    240 PM  99    1916  79     -2       86
  MINIMUM         57   1159 PM  45    1978  58     -1       63
  AVERAGE         67                        69     -2       75

PRECIPITATION (IN)
  YESTERDAY        0.00          1.75 2003   0.10  -0.10     0.01
  MONTH TO DATE    3.22                      3.39  -0.17     1.80
  SINCE JUN 1      7.66                      7.27   0.39     5.04
  SINCE JAN 1     18.84                     16.92   1.92    11.98

SNOWFALL (IN)
  YESTERDAY        0.0           0.0    MM   0.0    0.0      0.0
  MONTH TO DATE    0.0                       0.0    0.0      0.0
  SINCE JUN 1      0.0                       0.0    0.0      0.0
  SINCE JUL 1      0.0                       0.0    0.0      0.0
  SNOW DEPTH       0

DEGREE DAYS
 HEATING
  YESTERDAY        0                         1     -1        0
  MONTH TO DATE    6                        30    -24       19
  SINCE JUN 1     31                       122    -91       72
  SINCE JUL 1      6                        30    -24       19

 COOLING
  YESTERDAY        2                         5     -3       10
  MONTH TO DATE  194                       150     44      169
  SINCE JUN 1    294                       233     61      236
  SINCE JAN 1    327                       251     76      264
..................................................................


WIND (MPH)
  HIGHEST WIND SPEED    17   HIGHEST WIND DIRECTION    NE (30)
  HIGHEST GUST SPEED    22   HIGHEST GUST DIRECTION    NE (40)
  AVERAGE WIND SPEED     8.0


SKY COVER
  POSSIBLE SUNSHINE  MM
  AVERAGE SKY COVER 0.1


WEATHER CONDITIONS
 THE FOLLOWING WEATHER WAS RECORDED YESTERDAY.
  NO SIGNIFICANT WEATHER WAS OBSERVED.


RELATIVE HUMIDITY (PERCENT)
 HIGHEST   100           200 AM
 LOWEST     50           400 PM
 AVERAGE    75

..........................................................


THE GREEN BAY WI CLIMATE NORMALS FOR TODAY
                         NORMAL    RECORD    YEAR
 MAXIMUM TEMPERATURE (F)   79        96      1995
                                             1917
 MINIMUM TEMPERATURE (F)   58        45      1971


SUNRISE AND SUNSET
JULY 31 2016..........SUNRISE   539 AM CDT   SUNSET   818 PM CDT
AUGUST  1 2016........SUNRISE   540 AM CDT   SUNSET   817 PM CDT


-  INDICATES NEGATIVE NUMBERS.
R  INDICATES RECORD WAS SET OR TIED.
MM INDICATES DATA IS MISSING.
T  INDICATES TRACE AMOUNT.




$$
