536
CDUS43 KGID 240640
CLIGRI


CLIMATE REPORT
NATIONAL WEATHER SERVICE HASTINGS NE
139 AM CDT MON APR 24 2017


...................................

...THE GRAND ISLAND NE CLIMATE SUMMARY FOR APRIL 23 2017...

CLIMATE NORMAL PERIOD 1981 TO 2010
CLIMATE RECORD PERIOD 1895 TO 2017


WEATHER ITEM   OBSERVED TIME   RECORD YEAR NORMAL DEPARTURE LAST
                VALUE   (LST)  VALUE       VALUE  FROM      YEAR
                                                  NORMAL
..................................................................
TEMPERATURE (F)
 YESTERDAY
  MAXIMUM         72    336 PM  94    1939  66      6       80
  MINIMUM         37    519 AM  23    1963  41     -4       49
  AVERAGE         55                        53      2       65

PRECIPITATION (IN)
  YESTERDAY        0.00          2.18 1944   0.09  -0.09     0.00
  MONTH TO DATE    0.13                      1.81  -1.68     3.38
  SINCE MAR 1      0.94                      3.61  -2.67     3.99
  SINCE JAN 1      2.26                      4.82  -2.56     6.17

SNOWFALL (IN)
  YESTERDAY        0.0           4.1  1967   0.0    0.0      0.0
  MONTH TO DATE    0.0                       1.4   -1.4      0.0
  SINCE MAR 1      1.2                       6.8   -5.6      2.6
  SINCE JUL 1      8.9                      28.9  -20.0     33.8
  SNOW DEPTH       0

DEGREE DAYS
 HEATING
  YESTERDAY       10                        12     -2        0
  MONTH TO DATE  261                       368   -107      278
  SINCE MAR 1    958                      1164   -206      865
  SINCE JUL 1   5024                      5925   -901     4863

 COOLING
  YESTERDAY        0                         1     -1        0
  MONTH TO DATE    5                         4      1        0
  SINCE MAR 1      5                         4      1        0
  SINCE JAN 1      5                         4      1        0
..................................................................


WIND (MPH)
  HIGHEST WIND SPEED    30   HIGHEST WIND DIRECTION     S (190)
  HIGHEST GUST SPEED    41   HIGHEST GUST DIRECTION    SW (210)
  AVERAGE WIND SPEED    15.6


SKY COVER
  AVERAGE SKY COVER 0.0


WEATHER CONDITIONS
 THE FOLLOWING WEATHER WAS RECORDED YESTERDAY.
  NO SIGNIFICANT WEATHER WAS OBSERVED.


RELATIVE HUMIDITY (PERCENT)
 HIGHEST    76           600 AM
 LOWEST     17           300 PM
 AVERAGE    47

..........................................................


THE GRAND ISLAND NE CLIMATE NORMALS FOR TODAY
                         NORMAL    RECORD    YEAR
 MAXIMUM TEMPERATURE (F)   66        96      2012
 MINIMUM TEMPERATURE (F)   41        22      1956


SUNRISE AND SUNSET
APRIL 24 2017.........SUNRISE   640 AM CDT   SUNSET   823 PM CDT
APRIL 25 2017.........SUNRISE   639 AM CDT   SUNSET   824 PM CDT


-  INDICATES NEGATIVE NUMBERS.
R  INDICATES RECORD WAS SET OR TIED.
MM INDICATES DATA IS MISSING.
T  INDICATES TRACE AMOUNT.




$$
