000
CDUS43 KGID 240626
CLIGRI


CLIMATE REPORT
NATIONAL WEATHER SERVICE HASTINGS NE
125 AM CDT SUN JUL 24 2016


...................................

...THE GRAND ISLAND NE CLIMATE SUMMARY FOR JULY 23 2016...

CLIMATE NORMAL PERIOD 1981 TO 2010
CLIMATE RECORD PERIOD 1895 TO 2016


WEATHER ITEM   OBSERVED TIME   RECORD YEAR NORMAL DEPARTURE LAST
                VALUE   (LST)  VALUE       VALUE  FROM      YEAR
                                                  NORMAL
..................................................................
TEMPERATURE (F)
 YESTERDAY
  MAXIMUM         98    425 PM 106    1940  88     10       93
                                      1934
  MINIMUM         72    611 AM  48    1948  65      7       67
  AVERAGE         85                        76      9       80

PRECIPITATION (IN)
  YESTERDAY        T             0.84 1968   0.11  -0.11     0.00
  MONTH TO DATE    2.20                      2.57  -0.37     1.41
  SINCE JUN 1      2.25                      6.87  -4.62     7.08
  SINCE JAN 1     16.93                     16.82   0.11    14.24

SNOWFALL (IN)
  YESTERDAY        0.0                       0.0    0.0      0.0
  MONTH TO DATE    0.0                       0.0    0.0      0.0
  SINCE JUN 1      0.0                       0.0    0.0      0.0
  SINCE JUL 1      0.0                       0.0    0.0      0.0
  SNOW DEPTH       0

DEGREE DAYS
 HEATING
  YESTERDAY        0                         0      0        0
  MONTH TO DATE    6                         0      6        5
  SINCE JUN 1      6                        24    -18       10
  SINCE JUL 1      6                         0      6        5

 COOLING
  YESTERDAY       20                        11      9       15
  MONTH TO DATE  277                       262     15      248
  SINCE JUN 1    626                       475    151      457
  SINCE JAN 1    660                       540    120      484
..................................................................


WIND (MPH)
  HIGHEST WIND SPEED    26   HIGHEST WIND DIRECTION     W (280)
  HIGHEST GUST SPEED    33   HIGHEST GUST DIRECTION     W (280)
  AVERAGE WIND SPEED     7.4


SKY COVER
  AVERAGE SKY COVER 0.0


WEATHER CONDITIONS
 THE FOLLOWING WEATHER WAS RECORDED YESTERDAY.
  THUNDERSTORM
  LIGHT RAIN


RELATIVE HUMIDITY (PERCENT)
 HIGHEST    93           400 AM
 LOWEST     42           400 PM
 AVERAGE    68

..........................................................


THE GRAND ISLAND NE CLIMATE NORMALS FOR TODAY
                         NORMAL    RECORD    YEAR
 MAXIMUM TEMPERATURE (F)   87       117      1936
 MINIMUM TEMPERATURE (F)   65        52      1896


SUNRISE AND SUNSET
JULY 24 2016..........SUNRISE   622 AM CDT   SUNSET   857 PM CDT
JULY 25 2016..........SUNRISE   623 AM CDT   SUNSET   856 PM CDT


-  INDICATES NEGATIVE NUMBERS.
R  INDICATES RECORD WAS SET OR TIED.
MM INDICATES DATA IS MISSING.
T  INDICATES TRACE AMOUNT.




$$
