988
CDUS43 KGID 170714
CLIGRI


CLIMATE REPORT
NATIONAL WEATHER SERVICE HASTINGS NE
112 AM CST WED JAN 17 2018


...................................

...THE GRAND ISLAND NE CLIMATE SUMMARY FOR JANUARY 16 2018...

CLIMATE NORMAL PERIOD 1981 TO 2010
CLIMATE RECORD PERIOD 1895 TO 2018


WEATHER ITEM   OBSERVED TIME   RECORD YEAR NORMAL DEPARTURE LAST
                VALUE   (LST)  VALUE       VALUE  FROM      YEAR
                                                  NORMAL
..................................................................
TEMPERATURE (F)
 YESTERDAY
  MAXIMUM         13    439 PM  69    1938  36    -23       33
  MINIMUM         -3    540 AM -18    1930  14    -17       29
  AVERAGE          5                        25    -20       31

PRECIPITATION (IN)
  YESTERDAY        0.00          0.68 2017   0.01  -0.01     0.68
  MONTH TO DATE    0.19                      0.25  -0.06     1.00
  SINCE DEC 1      0.64                      0.88  -0.24     1.81
  SINCE JAN 1      0.19                      0.25  -0.06     1.00

SNOWFALL (IN)
  YESTERDAY        0.0           3.1  1956   0.2   -0.2      0.0
  MONTH TO DATE    2.8                       3.0   -0.2      1.7
  SINCE DEC 1     10.0                       8.1    1.9      3.1
  SINCE JUL 1     11.1                      12.3   -1.2      3.5
  SNOW DEPTH       1

DEGREE DAYS
 HEATING
  YESTERDAY       60                        40     20       34
  MONTH TO DATE  762                       640    122      732
  SINCE DEC 1   1947                      1829    118     1933
  SINCE JUL 1   3096                      3159    -63     2853

 COOLING
  YESTERDAY        0                         0      0        0
  MONTH TO DATE    0                         0      0        0
  SINCE DEC 1      0                         0      0        0
  SINCE JAN 1      0                         0      0        0
..................................................................


WIND (MPH)
  HIGHEST WIND SPEED    22   HIGHEST WIND DIRECTION    NW (320)
  HIGHEST GUST SPEED    29   HIGHEST GUST DIRECTION    NW (330)
  AVERAGE WIND SPEED     9.6


SKY COVER
  AVERAGE SKY COVER 0.3


WEATHER CONDITIONS
 THE FOLLOWING WEATHER WAS RECORDED YESTERDAY.
  FOG
  HAZE


RELATIVE HUMIDITY (PERCENT)
 HIGHEST    87           900 AM
 LOWEST     65          1200 AM
 AVERAGE    76

..........................................................


THE GRAND ISLAND NE CLIMATE NORMALS FOR TODAY
                         NORMAL    RECORD    YEAR
 MAXIMUM TEMPERATURE (F)   36        60      1986
                                             1972
 MINIMUM TEMPERATURE (F)   14       -20      1930


SUNRISE AND SUNSET
JANUARY 17 2018.......SUNRISE   755 AM CST   SUNSET   532 PM CST
JANUARY 18 2018.......SUNRISE   754 AM CST   SUNSET   533 PM CST


-  INDICATES NEGATIVE NUMBERS.
R  INDICATES RECORD WAS SET OR TIED.
MM INDICATES DATA IS MISSING.
T  INDICATES TRACE AMOUNT.




$$
