000
CDUS43 KGID 240647
CLIGRI


CLIMATE REPORT
NATIONAL WEATHER SERVICE HASTINGS NE
1245 AM CST TUE JAN 24 2017


...................................

...THE GRAND ISLAND NE CLIMATE SUMMARY FOR JANUARY 23 2017...

CLIMATE NORMAL PERIOD 1981 TO 2010
CLIMATE RECORD PERIOD 1895 TO 2017


WEATHER ITEM   OBSERVED TIME   RECORD YEAR NORMAL DEPARTURE LAST
                VALUE   (LST)  VALUE       VALUE  FROM      YEAR
                                                  NORMAL
..................................................................
TEMPERATURE (F)
 YESTERDAY
  MAXIMUM         35    248 PM  69    1981  36     -1       29
  MINIMUM         22    527 AM -22    1915  14      8       21
  AVERAGE         29                        25      4       25

PRECIPITATION (IN)
  YESTERDAY        0.00          0.44 1965   0.02  -0.02     0.00
  MONTH TO DATE    1.01                      0.38   0.63     0.31
  SINCE DEC 1      1.82                      1.01   0.81     2.19
  SINCE JAN 1      1.01                      0.38   0.63     0.31

SNOWFALL (IN)
  YESTERDAY        0.0           6.2  1965   0.3   -0.3      0.0
  MONTH TO DATE    1.7                       4.6   -2.9      4.5
  SINCE DEC 1      3.1                       9.7   -6.6      6.9
  SINCE JUL 1      3.5                      13.9  -10.4     12.5
  SNOW DEPTH       0

DEGREE DAYS
 HEATING
  YESTERDAY       36                        40     -4       40
  MONTH TO DATE  933                       920     13      938
  SINCE DEC 1   2134                      2109     25     1946
  SINCE JUL 1   3054                      3439   -385     2912

 COOLING
  YESTERDAY        0                         0      0        0
  MONTH TO DATE    0                         0      0        0
  SINCE DEC 1      0                         0      0        0
  SINCE JAN 1      0                         0      0        0
..................................................................


WIND (MPH)
  HIGHEST WIND SPEED    14   HIGHEST WIND DIRECTION    SE (130)
  HIGHEST GUST SPEED    21   HIGHEST GUST DIRECTION    SE (120)
  AVERAGE WIND SPEED     7.4


SKY COVER
  AVERAGE SKY COVER 0.7


WEATHER CONDITIONS
 THE FOLLOWING WEATHER WAS RECORDED YESTERDAY.
  FOG
  FOG W/VISIBILITY <= 1/4 MILE


RELATIVE HUMIDITY (PERCENT)
 HIGHEST   100           300 AM
 LOWEST     92          1200 AM
 AVERAGE    96

..........................................................


THE GRAND ISLAND NE CLIMATE NORMALS FOR TODAY
                         NORMAL    RECORD    YEAR
 MAXIMUM TEMPERATURE (F)   36        72      1981
 MINIMUM TEMPERATURE (F)   14       -20      1963


SUNRISE AND SUNSET
JANUARY 24 2017.......SUNRISE   750 AM CST   SUNSET   541 PM CST
JANUARY 25 2017.......SUNRISE   750 AM CST   SUNSET   542 PM CST


-  INDICATES NEGATIVE NUMBERS.
R  INDICATES RECORD WAS SET OR TIED.
MM INDICATES DATA IS MISSING.
T  INDICATES TRACE AMOUNT.




$$
