744
CDUS43 KGID 250647
CLIGRI


CLIMATE REPORT
NATIONAL WEATHER SERVICE HASTINGS NE
145 AM CDT TUE JUL 25 2017


...................................

...THE GRAND ISLAND NE CLIMATE SUMMARY FOR JULY 24 2017...

CLIMATE NORMAL PERIOD 1981 TO 2010
CLIMATE RECORD PERIOD 1895 TO 2017


WEATHER ITEM   OBSERVED TIME   RECORD YEAR NORMAL DEPARTURE LAST
                VALUE   (LST)  VALUE       VALUE  FROM      YEAR
                                                  NORMAL
..................................................................
TEMPERATURE (F)
 YESTERDAY
  MAXIMUM         90    435 PM 117    1936  87      3       88
  MINIMUM         64    405 AM  52    1896  65     -1       67
  AVERAGE         77                        76      1       78

PRECIPITATION (IN)
  YESTERDAY        0.00          1.66 2009   0.10  -0.10     0.00
  MONTH TO DATE    2.37                      2.67  -0.30     2.20
  SINCE JUN 1      4.47                      6.97  -2.50     2.25
  SINCE JAN 1     14.52                     16.92  -2.40    16.93

SNOWFALL (IN)
  YESTERDAY        0.0                       0.0    0.0      0.0
  MONTH TO DATE    0.0                       0.0    0.0      0.0
  SINCE JUN 1      0.0                       0.0    0.0      0.0
  SINCE JUL 1      0.0                       0.0    0.0      0.0
  SNOW DEPTH       0

DEGREE DAYS
 HEATING
  YESTERDAY        0                         0      0        0
  MONTH TO DATE    0                         0      0        6
  SINCE JUN 1      3                        24    -21        6
  SINCE JUL 1      0                         0      0        6

 COOLING
  YESTERDAY       12                        11      1       13
  MONTH TO DATE  337                       273     64      290
  SINCE JUN 1    629                       486    143      639
  SINCE JAN 1    679                       551    128      673
..................................................................


WIND (MPH)
  HIGHEST WIND SPEED    17   HIGHEST WIND DIRECTION    SE (150)
  HIGHEST GUST SPEED    23   HIGHEST GUST DIRECTION    SE (150)
  AVERAGE WIND SPEED    10.7


SKY COVER
  AVERAGE SKY COVER 0.0


WEATHER CONDITIONS
 THE FOLLOWING WEATHER WAS RECORDED YESTERDAY.
  NO SIGNIFICANT WEATHER WAS OBSERVED.


RELATIVE HUMIDITY (PERCENT)
 HIGHEST    93           300 AM
 LOWEST     56           500 PM
 AVERAGE    75

..........................................................


THE GRAND ISLAND NE CLIMATE NORMALS FOR TODAY
                         NORMAL    RECORD    YEAR
 MAXIMUM TEMPERATURE (F)   87       116      1936
 MINIMUM TEMPERATURE (F)   65        49      1911


SUNRISE AND SUNSET
JULY 25 2017..........SUNRISE   623 AM CDT   SUNSET   856 PM CDT
JULY 26 2017..........SUNRISE   624 AM CDT   SUNSET   855 PM CDT


-  INDICATES NEGATIVE NUMBERS.
R  INDICATES RECORD WAS SET OR TIED.
MM INDICATES DATA IS MISSING.
T  INDICATES TRACE AMOUNT.




$$

JMBW
