000
CDUS43 KGID 290638
CLIGRI


CLIMATE REPORT
NATIONAL WEATHER SERVICE HASTINGS NE
136 AM CDT FRI APR 29 2016


...................................

...THE GRAND ISLAND NE CLIMATE SUMMARY FOR APRIL 28 2016...

CLIMATE NORMAL PERIOD 1981 TO 2010
CLIMATE RECORD PERIOD 1895 TO 2016


WEATHER ITEM   OBSERVED TIME   RECORD YEAR NORMAL DEPARTURE LAST
                VALUE   (LST)  VALUE       VALUE  FROM      YEAR
                                                  NORMAL
..................................................................
TEMPERATURE (F)
 YESTERDAY
  MAXIMUM         50    300 PM  88    1899  67    -17       69
  MINIMUM         40    720 AM  23    1926  43     -3       38
  AVERAGE         45                        55    -10       54

PRECIPITATION (IN)
  YESTERDAY        0.00          1.74 1906   0.10  -0.10     0.00
  MONTH TO DATE    3.93                      2.31   1.62     2.14
  SINCE MAR 1      4.54                      4.11   0.43     2.30
  SINCE JAN 1      6.72                      5.32   1.40     3.47

SNOWFALL (IN)
  YESTERDAY        0.0           0.1  1982   0.0    0.0      0.0
  MONTH TO DATE    0.0                       1.5   -1.5      0.8
  SINCE MAR 1      2.6                       6.9   -4.3      1.4
  SINCE JUL 1     33.8                      29.0    4.8     24.3
  SNOW DEPTH       0

DEGREE DAYS
 HEATING
  YESTERDAY       20                        11      9       11
  MONTH TO DATE  327                       425    -98      359
  SINCE MAR 1    914                      1221   -307     1007
  SINCE JUL 1   4912                      5982  -1070     5744

 COOLING
  YESTERDAY        0                         1     -1        0
  MONTH TO DATE    0                         9     -9        4
  SINCE MAR 1      0                         9     -9        4
  SINCE JAN 1      0                         9     -9        4
..................................................................


WIND (MPH)
  HIGHEST WIND SPEED    23   HIGHEST WIND DIRECTION    NW (310)
  HIGHEST GUST SPEED    29   HIGHEST GUST DIRECTION    NW (310)
  AVERAGE WIND SPEED    13.1


SKY COVER
  AVERAGE SKY COVER 1.0


WEATHER CONDITIONS
 THE FOLLOWING WEATHER WAS RECORDED YESTERDAY.
  FOG


RELATIVE HUMIDITY (PERCENT)
 HIGHEST   100           100 AM
 LOWEST     66           200 PM
 AVERAGE    83

..........................................................


THE GRAND ISLAND NE CLIMATE NORMALS FOR TODAY
                         NORMAL    RECORD    YEAR
 MAXIMUM TEMPERATURE (F)   68        92      1987
 MINIMUM TEMPERATURE (F)   43        25      1958
                                             1950
                                             1903


SUNRISE AND SUNSET
APRIL 29 2016.........SUNRISE   633 AM CDT   SUNSET   828 PM CDT
APRIL 30 2016.........SUNRISE   632 AM CDT   SUNSET   829 PM CDT


-  INDICATES NEGATIVE NUMBERS.
R  INDICATES RECORD WAS SET OR TIED.
MM INDICATES DATA IS MISSING.
T  INDICATES TRACE AMOUNT.

$$

HALBLAUB
