000
CDUS43 KGID 222257 CCA
CLIGRI

CLIMATE REPORT
NATIONAL WEATHER SERVICE HASTINGS NE
525 PM CDT FRI AUG 22 2014


...................................

...THE GRAND ISLAND NE CLIMATE SUMMARY FOR AUGUST 22 2014...

CLIMATE NORMAL PERIOD 1981 TO 2010
CLIMATE RECORD PERIOD 1895 TO 2014


WEATHER ITEM   OBSERVED TIME   RECORD YEAR NORMAL DEPARTURE LAST
                VALUE   (LST)  VALUE       VALUE  FROM      YEAR
                                                  NORMAL
..................................................................
TEMPERATURE (F)
 TODAY
  MAXIMUM         88    359 PM 107    1938  85      3       82
  MINIMUM         68    619 AM  39    1923  62      6       68
  AVERAGE         78                        74      4       75

PRECIPITATION (IN)
  TODAY            0.00          1.92 1926   0.09  -0.09     0.71
  MONTH TO DATE    3.46                      2.32   1.14     2.99
  SINCE JUN 1     15.30                     10.02   5.28       MM
  SINCE JAN 1     19.79                     19.97  -0.18       MM

SNOWFALL (IN)
  TODAY            0.0                       0.0    0.0      0.0
  MONTH TO DATE    0.0                       0.0    0.0      0.0
  SINCE JUN 1      0.0                       0.0    0.0      0.0
  SINCE JUL 1      0.0                       0.0    0.0      0.0
  SNOW DEPTH       0

DEGREE DAYS
 HEATING
  TODAY            0                         0      0        0
  MONTH TO DATE    0                         0      0       MM
  SINCE JUN 1     14                        26    -12       MM
  SINCE JUL 1      4                         2      2       MM

 COOLING
  TODAY           13                         9      4       10
  MONTH TO DATE  219                       218      1       MM
  SINCE JUN 1    741                       780    -19       MM
  SINCE JAN 1    860                       845     15       MM
..................................................................


WIND (MPH)
  HIGHEST WIND SPEED    14   HIGHEST WIND DIRECTION     E (090)
  HIGHEST GUST SPEED    16   HIGHEST GUST DIRECTION     E (100)
  AVERAGE WIND SPEED    MM


SKY COVER
  POSSIBLE SUNSHINE  MM
  AVERAGE SKY COVER  MM


WEATHER CONDITIONS
 THE FOLLOWING WEATHER WAS RECORDED TODAY.
  NO SIGNIFICANT WEATHER WAS OBSERVED



RELATIVE HUMIDITY (PERCENT)
 HIGHEST    MM            MM
 LOWEST     MM            MM
 AVERAGE    MM

..........................................................


THE GRAND ISLAND NE CLIMATE NORMALS FOR TOMORROW
                         NORMAL    RECORD    YEAR
 MAXIMUM TEMPERATURE (F)   85       109      1943
 MINIMUM TEMPERATURE (F)   62        45      1966

SUNRISE AND SUNSET
AUGUST 22 2014........SUNRISE   651 AM CDT   SUNSET   822 PM CDT
AUGUST 23 2014........SUNRISE   652 AM CDT   SUNSET   820 PM CDT


-  INDICATES NEGATIVE NUMBERS.
R  INDICATES RECORD WAS SET OR TIED.
MM INDICATES DATA IS MISSING.
T  INDICATES TRACE AMOUNT.


$$

DOXEY
