000
CDUS43 KGID 030625
CLIGRI


CLIMATE REPORT
NATIONAL WEATHER SERVICE HASTINGS NE
124 AM CDT MON AUG 3 2015


...................................

...THE GRAND ISLAND NE CLIMATE SUMMARY FOR AUGUST 2 2015...

CLIMATE NORMAL PERIOD 1981 TO 2010
CLIMATE RECORD PERIOD 1895 TO 2015


WEATHER ITEM   OBSERVED TIME   RECORD YEAR NORMAL DEPARTURE LAST
                VALUE   (LST)  VALUE       VALUE  FROM      YEAR
                                                  NORMAL
..................................................................
TEMPERATURE (F)
 YESTERDAY
  MAXIMUM         96    317 PM 106    1964  87      9       88
  MINIMUM         65   1004 PM  46    1898  65      0       61
  AVERAGE         81                        76      5       75

PRECIPITATION (IN)
  YESTERDAY        0.00          1.40 1948   0.10  -0.10     0.00
  MONTH TO DATE    0.41                      0.21   0.20     0.00
  SINCE JUN 1      8.66                      7.91   0.75    11.84
  SINCE JAN 1     15.82                     17.86  -2.04    16.33

SNOWFALL (IN)
  YESTERDAY        0.0                       0.0    0.0      0.0
  MONTH TO DATE    0.0                       0.0    0.0      0.0
  SINCE JUN 1      0.0                       0.0    0.0      0.0
  SINCE JUL 1      0.0                       0.0    0.0      0.0
  SNOW DEPTH       0

DEGREE DAYS
 HEATING
  YESTERDAY        0                         0      0        0
  MONTH TO DATE    0                         0      0        0
  SINCE JUN 1     10                        26    -16       14
  SINCE JUL 1      5                         2      3        4

 COOLING
  YESTERDAY       16                        11      5       10
  MONTH TO DATE   27                        22      5       17
  SINCE JUN 1    580                       584     -4      539
  SINCE JAN 1    607                       649    -42      658
..................................................................


WIND (MPH)
  HIGHEST WIND SPEED    17   HIGHEST WIND DIRECTION    SW (240)
  HIGHEST GUST SPEED    22   HIGHEST GUST DIRECTION    SW (240)
  AVERAGE WIND SPEED     8.6


SKY COVER
  AVERAGE SKY COVER 0.0


WEATHER CONDITIONS
 THE FOLLOWING WEATHER WAS RECORDED YESTERDAY.
  NO SIGNIFICANT WEATHER WAS OBSERVED.


RELATIVE HUMIDITY (PERCENT)
 HIGHEST    93           400 AM
 LOWEST     42           200 PM
 AVERAGE    68

..........................................................


THE GRAND ISLAND NE CLIMATE NORMALS FOR TODAY
                         NORMAL    RECORD    YEAR
 MAXIMUM TEMPERATURE (F)   87       107      1930
 MINIMUM TEMPERATURE (F)   65        47      1974


SUNRISE AND SUNSET
AUGUST  3 2015........SUNRISE   631 AM CDT   SUNSET   847 PM CDT
AUGUST  4 2015........SUNRISE   632 AM CDT   SUNSET   846 PM CDT


-  INDICATES NEGATIVE NUMBERS.
R  INDICATES RECORD WAS SET OR TIED.
MM INDICATES DATA IS MISSING.
T  INDICATES TRACE AMOUNT.




$$
