000
CDUS43 KGID 180623
CLIGRI


CLIMATE REPORT
NATIONAL WEATHER SERVICE HASTINGS NE
1223 AM CST SAT NOV 18 2017


...................................

...THE GRAND ISLAND NE CLIMATE SUMMARY FOR NOVEMBER 17 2017...

CLIMATE NORMAL PERIOD 1981 TO 2010
CLIMATE RECORD PERIOD 1895 TO 2017


WEATHER ITEM   OBSERVED TIME   RECORD YEAR NORMAL DEPARTURE LAST
                VALUE   (LST)  VALUE       VALUE  FROM      YEAR
                                                  NORMAL
..................................................................
TEMPERATURE (F)
 YESTERDAY
  MAXIMUM         59    133 PM  72    1943  49     10       47
  MINIMUM         40   1159 PM  -2    1959  26     14       37
  AVERAGE         50                        37     13       42

PRECIPITATION (IN)
  YESTERDAY        0.19          1.04 1917   0.04   0.15     0.12
  MONTH TO DATE    0.19                      0.70  -0.51     0.65
  SINCE SEP 1      8.23                      4.79   3.44     3.30
  SINCE JAN 1     29.62                     25.56   4.06    22.70

SNOWFALL (IN)
  YESTERDAY        0.0           2.5  1958   0.1   -0.1      0.0
  MONTH TO DATE    0.2                       1.4   -1.2      0.0
  SINCE SEP 1      1.1                       2.5   -1.4      0.0
  SINCE JUL 1      1.1                       2.5   -1.4      0.0
  SNOW DEPTH       0

DEGREE DAYS
 HEATING
  YESTERDAY       15                        28    -13       23
  MONTH TO DATE  441                       400     41      223
  SINCE SEP 1    875                       913    -38      544
  SINCE JUL 1    879                       923    -44      551

 COOLING
  YESTERDAY        0                         0      0        0
  MONTH TO DATE    0                         0      0        0
  SINCE SEP 1    151                       120     31      132
  SINCE JAN 1   1062                      1034     28     1146
..................................................................


WIND (MPH)
  HIGHEST WIND SPEED    23   HIGHEST WIND DIRECTION     N (10)
  HIGHEST GUST SPEED    29   HIGHEST GUST DIRECTION     N (360)
  AVERAGE WIND SPEED    12.4


SKY COVER
  AVERAGE SKY COVER 0.4


WEATHER CONDITIONS
 THE FOLLOWING WEATHER WAS RECORDED YESTERDAY.
  RAIN
  LIGHT RAIN
  FOG


RELATIVE HUMIDITY (PERCENT)
 HIGHEST   100           800 AM
 LOWEST     47           200 PM
 AVERAGE    74

..........................................................


THE GRAND ISLAND NE CLIMATE NORMALS FOR TODAY
                         NORMAL    RECORD    YEAR
 MAXIMUM TEMPERATURE (F)   48        73      1904
 MINIMUM TEMPERATURE (F)   26         4      2014


SUNRISE AND SUNSET
NOVEMBER 18 2017......SUNRISE   725 AM CST   SUNSET   512 PM CST
NOVEMBER 19 2017......SUNRISE   726 AM CST   SUNSET   511 PM CST


-  INDICATES NEGATIVE NUMBERS.
R  INDICATES RECORD WAS SET OR TIED.
MM INDICATES DATA IS MISSING.
T  INDICATES TRACE AMOUNT.




$$
