000
CDUS43 KGID 110634
CLIGRI


CLIMATE REPORT
NATIONAL WEATHER SERVICE HASTINGS NE
1231 AM CST SUN DEC 11 2016


...................................

...THE GRAND ISLAND NE CLIMATE SUMMARY FOR DECEMBER 10 2016...

CLIMATE NORMAL PERIOD 1981 TO 2010
CLIMATE RECORD PERIOD 1895 TO 2016


WEATHER ITEM   OBSERVED TIME   RECORD YEAR NORMAL DEPARTURE LAST
                VALUE   (LST)  VALUE       VALUE  FROM      YEAR
                                                  NORMAL
..................................................................
TEMPERATURE (F)
 YESTERDAY
  MAXIMUM         32    303 PM  66    1990  38     -6       60
  MINIMUM         15    621 AM  -7    2009  17     -2       41
                                      1937
  AVERAGE         24                        27     -3       51

PRECIPITATION (IN)
  YESTERDAY        0.02          0.48 1911   0.02   0.00     0.00
  MONTH TO DATE    0.11                      0.24  -0.13     0.01
  SINCE DEC 1      0.11                      0.24  -0.13     0.01
  SINCE JAN 1     23.53                     26.27  -2.74    24.11

SNOWFALL (IN)
  YESTERDAY        0.5           1.1  1955   0.1    0.4      0.0
  MONTH TO DATE    0.8                       1.5   -0.7      0.1
  SINCE DEC 1      0.8                       1.5   -0.7      0.1
  SINCE JUL 1      1.2                       5.7   -4.5      5.7
  SNOW DEPTH       1

DEGREE DAYS
 HEATING
  YESTERDAY       41                        38      3       14
  MONTH TO DATE  386                       362     24      236
  SINCE DEC 1    386                       362     24      236
  SINCE JUL 1   1306                      1692   -386     1202

 COOLING
  YESTERDAY        0                         0      0        0
  MONTH TO DATE    0                         0      0        0
  SINCE DEC 1      0                         0      0        0
  SINCE JAN 1   1146                      1034    112     1048
..................................................................


WIND (MPH)
  HIGHEST WIND SPEED    20   HIGHEST WIND DIRECTION     S (160)
  HIGHEST GUST SPEED    26   HIGHEST GUST DIRECTION     S (170)
  AVERAGE WIND SPEED    10.7


SKY COVER
  AVERAGE SKY COVER 0.4


WEATHER CONDITIONS
 THE FOLLOWING WEATHER WAS RECORDED YESTERDAY.
  LIGHT SNOW


RELATIVE HUMIDITY (PERCENT)
 HIGHEST    88           600 AM
 LOWEST     63           200 PM
 AVERAGE    76

..........................................................


THE GRAND ISLAND NE CLIMATE NORMALS FOR TODAY
                         NORMAL    RECORD    YEAR
 MAXIMUM TEMPERATURE (F)   37        70      1990
 MINIMUM TEMPERATURE (F)   17       -10      2000


SUNRISE AND SUNSET
DECEMBER 11 2016......SUNRISE   748 AM CST   SUNSET   505 PM CST
DECEMBER 12 2016......SUNRISE   749 AM CST   SUNSET   505 PM CST


-  INDICATES NEGATIVE NUMBERS.
R  INDICATES RECORD WAS SET OR TIED.
MM INDICATES DATA IS MISSING.
T  INDICATES TRACE AMOUNT.

$$

KELLEY
