000
CDUS42 KRAH 290032
CLIGSO


CLIMATE REPORT
NATIONAL WEATHER SERVICE RALEIGH NC
829 PM EDT THU MAY 28 2015


...................................

...THE PIEDMONT TRIAD INTL AIRPORT NC CLIMATE SUMMARY FOR MAY 28 2015...
VALID AS OF 0800 PM LOCAL TIME.

CLIMATE NORMAL PERIOD 1981 TO 2010
CLIMATE RECORD PERIOD 1903 TO 2015


WEATHER ITEM   OBSERVED TIME   RECORD YEAR NORMAL DEPARTURE LAST
                VALUE   (LST)  VALUE       VALUE  FROM      YEAR
                                                  NORMAL
..................................................................
TEMPERATURE (F)
 TODAY
  MAXIMUM         86    403 PM  98    1916  80      6       89
                                      1914
  MINIMUM         68    635 AM  36    1961  60      8       64
  AVERAGE         77                        70      7       77

PRECIPITATION (IN)
  TODAY            0.04          2.54 1973   0.12  -0.08     0.00
  MONTH TO DATE    2.70                      3.01  -0.31     2.09
  SINCE MAR 1      7.92                     10.31  -2.39    10.75
  SINCE JAN 1     12.60                     16.33  -3.73    16.97

DEGREE DAYS
 HEATING
  TODAY            0                         1     -1        0
  MONTH TO DATE   20                        64    -44       31
  SINCE MAR 1    610                       755   -145      841
  SINCE JUL 1   3695                      3610     85     3818

 COOLING
  TODAY           12                         6      6       12
  MONTH TO DATE  162                       102     60      152
  SINCE MAR 1    199                       140     59      172
  SINCE JAN 1    199                       140     59      172
..................................................................


WIND (MPH)
  RESULTANT WIND SPEED   4   RESULTANT WIND DIRECTION   S (190)
  HIGHEST WIND SPEED    14   HIGHEST WIND DIRECTION     S (170)
  HIGHEST GUST SPEED    21   HIGHEST GUST DIRECTION     E (80)
  AVERAGE WIND SPEED     6.2


SKY COVER
  POSSIBLE SUNSHINE  MM
  AVERAGE SKY COVER 0.7


WEATHER CONDITIONS
 THE FOLLOWING WEATHER WAS RECORDED TODAY.
  LIGHT RAIN
  FOG


RELATIVE HUMIDITY (PERCENT)
 HIGHEST   100           600 AM
 LOWEST     44           400 PM
 AVERAGE    72

..........................................................


THE PIEDMONT TRIAD INTL AIRPORT NC CLIMATE NORMALS FOR TOMORROW
                         NORMAL    RECORD    YEAR
 MAXIMUM TEMPERATURE (F)   81        99      1914
 MINIMUM TEMPERATURE (F)   60        44      1922


SUNRISE AND SUNSET
MAY 28 2015...........SUNRISE   606 AM EDT   SUNSET   829 PM EDT
MAY 29 2015...........SUNRISE   605 AM EDT   SUNSET   829 PM EDT


-  INDICATES NEGATIVE NUMBERS.
R  INDICATES RECORD WAS SET OR TIED.
MM INDICATES DATA IS MISSING.
T  INDICATES TRACE AMOUNT.




$$
