000
CDUS42 KRAH 270034
CLIGSO


CLIMATE REPORT
NATIONAL WEATHER SERVICE RALEIGH NC
833 PM EDT MON JUN 26 2017


...................................

...THE PIEDMONT TRIAD INTL AIRPORT NC CLIMATE SUMMARY FOR JUNE 26 2017...
VALID AS OF 0833 PM LOCAL TIME.

CLIMATE NORMAL PERIOD 1981 TO 2010
CLIMATE RECORD PERIOD 1903 TO 2017


WEATHER ITEM   OBSERVED TIME   RECORD YEAR NORMAL DEPARTURE LAST
                VALUE   (LST)  VALUE       VALUE  FROM      YEAR
                                                  NORMAL
..................................................................
TEMPERATURE (F)
 TODAY
  MAXIMUM         83    356 PM 102    1914  87     -4       86
  MINIMUM         60    535 AM  50    1979  68     -8       67
  AVERAGE         72                        77     -5       77

PRECIPITATION (IN)
  TODAY            0.00          1.72 1918   0.12  -0.12     0.00
  MONTH TO DATE    9.81                      3.26   6.55     1.64
  SINCE JUN 1      9.81                      3.26   6.55     1.64
  SINCE JAN 1     30.84                     19.96  10.88    20.61

..................................................................


WIND (MPH)
  HIGHEST WIND SPEED    13   HIGHEST WIND DIRECTION    NW (330)
  HIGHEST GUST SPEED    17   HIGHEST GUST DIRECTION    NW (320)
  AVERAGE WIND SPEED     5.6


SKY COVER
  POSSIBLE SUNSHINE  MM
  AVERAGE SKY COVER 0.3


WEATHER CONDITIONS
 THE FOLLOWING WEATHER WAS RECORDED TODAY.
  NO SIGNIFICANT WEATHER WAS OBSERVED.


RELATIVE HUMIDITY (PERCENT)
 HIGHEST    84           400 AM
 LOWEST     35          1100 AM
 AVERAGE    60

..........................................................


THE PIEDMONT TRIAD INTL AIRPORT NC CLIMATE NORMALS FOR TOMORROW
                         NORMAL    RECORD    YEAR
 MAXIMUM TEMPERATURE (F)   87       102      1954
 MINIMUM TEMPERATURE (F)   68        54      1985
                                             1979
                                             1960


SUNRISE AND SUNSET
JUNE 26 2017..........SUNRISE   605 AM EDT   SUNSET   841 PM EDT
JUNE 27 2017..........SUNRISE   605 AM EDT   SUNSET   841 PM EDT


-  INDICATES NEGATIVE NUMBERS.
R  INDICATES RECORD WAS SET OR TIED.
MM INDICATES DATA IS MISSING.
T  INDICATES TRACE AMOUNT.




$$
