029
CDUS42 KRAH 230801
CLIGSO


CLIMATE REPORT
NATIONAL WEATHER SERVICE RALEIGH NC
359 AM EDT THU MAR 23 2017


...................................

...THE PIEDMONT TRIAD INTL AIRPORT NC CLIMATE SUMMARY FOR MARCH 22 2017...

CLIMATE NORMAL PERIOD 1981 TO 2010
CLIMATE RECORD PERIOD 1903 TO 2017


WEATHER ITEM   OBSERVED TIME   RECORD YEAR NORMAL DEPARTURE LAST
                VALUE   (LST)  VALUE       VALUE  FROM      YEAR
                                                  NORMAL
..................................................................
TEMPERATURE (F)
 YESTERDAY
  MAXIMUM         62   1229 AM  85    1948  63     -1       65
  MINIMUM         39   1159 PM  20    2013  41     -2       31
  AVERAGE         51                        52     -1       48

PRECIPITATION (IN)
  YESTERDAY        T             1.75 1903   0.11  -0.11     0.00
  MONTH TO DATE    1.55                      2.63  -1.08     0.54
  SINCE MAR 1      1.55                      2.63  -1.08     0.54
  SINCE JAN 1      7.16                      8.65  -1.49     6.68

SNOWFALL (IN)
  YESTERDAY        0.0           3.0  1981   0.0    0.0      0.0
  MONTH TO DATE    T                         0.7   -0.7      0.0
  SINCE MAR 1      T                         0.7   -0.7      0.0
  SINCE JUL 1      8.0                       7.4    0.6      4.5
  SNOW DEPTH       0

DEGREE DAYS
 HEATING
  YESTERDAY       14                        13      1       17
  MONTH TO DATE  391                       361     30      218
  SINCE MAR 1    391                       361     30      218
  SINCE JUL 1   2561                      3216   -655     2604

 COOLING
  YESTERDAY        0                         0      0        0
  MONTH TO DATE    3                         0      3       23
  SINCE MAR 1      3                         0      3       23
  SINCE JAN 1      7                         0      7       23
..................................................................


WIND (MPH)
  HIGHEST WIND SPEED    18   HIGHEST WIND DIRECTION     N (20)
  HIGHEST GUST SPEED    24   HIGHEST GUST DIRECTION     N (340)
  AVERAGE WIND SPEED    10.0


SKY COVER
  POSSIBLE SUNSHINE  MM
  AVERAGE SKY COVER 0.5


WEATHER CONDITIONS
 THE FOLLOWING WEATHER WAS RECORDED YESTERDAY.
  LIGHT RAIN


RELATIVE HUMIDITY (PERCENT)
 HIGHEST    63           600 AM
 LOWEST     14           200 PM
 AVERAGE    39

..........................................................


THE PIEDMONT TRIAD INTL AIRPORT NC CLIMATE NORMALS FOR TODAY
                         NORMAL    RECORD    YEAR
 MAXIMUM TEMPERATURE (F)   63        89      1907
 MINIMUM TEMPERATURE (F)   41        23      2004
                                             1963


SUNRISE AND SUNSET
MARCH 23 2017.........SUNRISE   719 AM EDT   SUNSET   734 PM EDT
MARCH 24 2017.........SUNRISE   717 AM EDT   SUNSET   735 PM EDT


-  INDICATES NEGATIVE NUMBERS.
R  INDICATES RECORD WAS SET OR TIED.
MM INDICATES DATA IS MISSING.
T  INDICATES TRACE AMOUNT.




$$
