000
CDUS42 KRAH 240046
CLIGSO


CLIMATE REPORT
NATIONAL WEATHER SERVICE RALEIGH NC
844 PM EDT WED JUL 23 2014


...................................

...THE PIEDMONT TRIAD INTL AIRPORT NC CLIMATE SUMMARY FOR JULY 23 2014...
VALID AS OF 0840 PM LOCAL TIME.

CLIMATE NORMAL PERIOD 1981 TO 2010
CLIMATE RECORD PERIOD 1903 TO 2014


WEATHER ITEM   OBSERVED TIME   RECORD YEAR NORMAL DEPARTURE LAST
                VALUE   (LST)  VALUE       VALUE  FROM      YEAR
                                                  NORMAL
..................................................................
TEMPERATURE (F)
 TODAY
  MAXIMUM         91    406 PM  99    1952  88      3       89
  MINIMUM         68    504 AM  56    1947  69     -1       71
  AVERAGE         80                        79      1       80

PRECIPITATION (IN)
  TODAY            0.00          2.33 1946   0.14  -0.14     0.00
  MONTH TO DATE    1.55                      3.24  -1.69     4.66
  SINCE JUN 1      4.55                      6.97  -2.42    13.03
  SINCE JAN 1     22.04                     23.67  -1.63    31.38

DEGREE DAYS
 HEATING
  TODAY            0                         0      0        0
  MONTH TO DATE    0                         0      0        0
  SINCE JUN 1      0                         6     -6        0
  SINCE JUL 1      0                         0      0        0

 COOLING
  TODAY           15                        14      1       15
  MONTH TO DATE  298                       316    -18      318
  SINCE JUN 1    655                       623     32      617
  SINCE JAN 1    852                       782     70      767
..................................................................


WIND (MPH)
  RESULTANT WIND SPEED   5   RESULTANT WIND DIRECTION  SW (240)
  HIGHEST WIND SPEED    14   HIGHEST WIND DIRECTION    SW (240)
  HIGHEST GUST SPEED    20   HIGHEST GUST DIRECTION    SW (210)
  AVERAGE WIND SPEED     5.1


SKY COVER
  POSSIBLE SUNSHINE  MM
  AVERAGE SKY COVER 0.5


WEATHER CONDITIONS
 THE FOLLOWING WEATHER WAS RECORDED TODAY.
  FOG


RELATIVE HUMIDITY (PERCENT)
 HIGHEST   100           400 AM
 LOWEST     49           400 PM
 AVERAGE    75

..........................................................


THE PIEDMONT TRIAD INTL AIRPORT NC CLIMATE NORMALS FOR TOMORROW
                         NORMAL    RECORD    YEAR
 MAXIMUM TEMPERATURE (F)   88        99      1914
 MINIMUM TEMPERATURE (F)   69        52      1947


SUNRISE AND SUNSET
JULY 23 2014..........SUNRISE   620 AM EDT   SUNSET   832 PM EDT
JULY 24 2014..........SUNRISE   621 AM EDT   SUNSET   831 PM EDT


-  INDICATES NEGATIVE NUMBERS.
R  INDICATES RECORD WAS SET OR TIED.
MM INDICATES DATA IS MISSING.
T  INDICATES TRACE AMOUNT.




$$
