000
CDUS42 KRAH 192038
CLIGSO


CLIMATE REPORT
NATIONAL WEATHER SERVICE RALEIGH NC
436 PM EDT THU OCT 19 2017


...................................

...THE PIEDMONT TRIAD INTL AIRPORT NC CLIMATE SUMMARY FOR OCTOBER 19 2017...
VALID TODAY AS OF 0436 PM LOCAL TIME.

CLIMATE NORMAL PERIOD 1981 TO 2010
CLIMATE RECORD PERIOD 1903 TO 2017


WEATHER ITEM   OBSERVED TIME   RECORD YEAR NORMAL DEPARTURE LAST
                VALUE   (LST)  VALUE       VALUE  FROM      YEAR
                                                  NORMAL
..................................................................
TEMPERATURE (F)
 TODAY
  MAXIMUM         75    308 PM  88    2016  70      5       88
  MINIMUM         41    650 AM  28    1948  48     -7       61
  AVERAGE         58                        58      0       75

PRECIPITATION (IN)
  TODAY            0.00          1.35 1950   0.10  -0.10     0.00
  MONTH TO DATE    1.16                      1.91  -0.75     3.91
  SINCE SEP 1      3.96                      6.10  -2.14     6.13
  SINCE JAN 1     38.41                     34.89   3.52    36.93

DEGREE DAYS
 HEATING
  TODAY            7                         7      0        0
  MONTH TO DATE   49                        96    -47       35
  SINCE SEP 1     71                       126    -55       35
  SINCE JUL 1     71                       127    -56       35

 COOLING
  TODAY            0                         1     -1       10
  MONTH TO DATE   71                        28     43       44
  SINCE SEP 1    257                       213     44      383
  SINCE JAN 1   1611                      1475    136     1950
..................................................................


WIND (MPH)
  HIGHEST WIND SPEED     9   HIGHEST WIND DIRECTION     W (260)
  HIGHEST GUST SPEED    12   HIGHEST GUST DIRECTION    SW (240)
  AVERAGE WIND SPEED     1.4


SKY COVER
  POSSIBLE SUNSHINE  MM
  AVERAGE SKY COVER 0.1


WEATHER CONDITIONS
 THE FOLLOWING WEATHER WAS RECORDED TODAY.
  NO SIGNIFICANT WEATHER WAS OBSERVED.


RELATIVE HUMIDITY (PERCENT)
 HIGHEST    92           100 AM
 LOWEST     31           200 PM
 AVERAGE    62

..........................................................


THE PIEDMONT TRIAD INTL AIRPORT NC CLIMATE NORMALS FOR TOMORROW
                         NORMAL    RECORD    YEAR
 MAXIMUM TEMPERATURE (F)   69        86      1924
 MINIMUM TEMPERATURE (F)   47        25      1972


SUNRISE AND SUNSET
OCTOBER 19 2017.......SUNRISE   730 AM EDT   SUNSET   638 PM EDT
OCTOBER 20 2017.......SUNRISE   731 AM EDT   SUNSET   637 PM EDT


-  INDICATES NEGATIVE NUMBERS.
R  INDICATES RECORD WAS SET OR TIED.
MM INDICATES DATA IS MISSING.
T  INDICATES TRACE AMOUNT.




$$
