000
CDUS42 KRAH 102159
CLIGSO


CLIMATE REPORT
NATIONAL WEATHER SERVICE RALEIGH NC
459 PM EST SUN DEC 10 2017


...................................

...THE PIEDMONT TRIAD INTL AIRPORT NC CLIMATE SUMMARY FOR DECEMBER 10 2017...
VALID TODAY AS OF 0400 PM LOCAL TIME.

CLIMATE NORMAL PERIOD 1981 TO 2010
CLIMATE RECORD PERIOD 1903 TO 2017


WEATHER ITEM   OBSERVED TIME   RECORD YEAR NORMAL DEPARTURE LAST
                VALUE   (LST)  VALUE       VALUE  FROM      YEAR
                                                  NORMAL
..................................................................
TEMPERATURE (F)
 TODAY
  MAXIMUM         38    417 PM  78    2007  52    -14       42
  MINIMUM         24    636 AM  10    1917  33     -9       20
  AVERAGE         31                        42    -11       31

PRECIPITATION (IN)
  TODAY            0.00          1.80 1952   0.10  -0.10     0.00
  MONTH TO DATE    1.14                      1.00   0.14     1.17
  SINCE DEC 1      1.14                      1.00   0.14     1.17
  SINCE JAN 1     42.37                     40.22   2.15    39.12

SNOWFALL (IN)
  TODAY            0.0           1.1  1950   0.0    0.0      0.0
  MONTH TO DATE    2.2                       0.1    2.1      0.0
  SINCE DEC 1      2.2                       0.1    2.1      0.0
  SINCE JUL 1      2.2                       0.2    2.0      0.0
  SNOW DEPTH       2

DEGREE DAYS
 HEATING
  TODAY           34                        23     11       34
  MONTH TO DATE  205                       214     -9      224
  SINCE DEC 1    205                       214     -9      224
  SINCE JUL 1    832                       894    -62      674

 COOLING
  TODAY            0                         0      0        0
  MONTH TO DATE    0                         0      0        0
  SINCE DEC 1      0                         0      0        0
  SINCE JAN 1   1612                      1483    129     1974
..................................................................


WIND (MPH)
  HIGHEST WIND SPEED    16   HIGHEST WIND DIRECTION     W (280)
  HIGHEST GUST SPEED    20   HIGHEST GUST DIRECTION     W (280)
  AVERAGE WIND SPEED    10.2


SKY COVER
  POSSIBLE SUNSHINE  MM
  AVERAGE SKY COVER 0.2


WEATHER CONDITIONS
 THE FOLLOWING WEATHER WAS RECORDED TODAY.
  NO SIGNIFICANT WEATHER WAS OBSERVED.


RELATIVE HUMIDITY (PERCENT)
 HIGHEST    88           400 AM
 LOWEST     52           200 PM
 AVERAGE    70

..........................................................


THE PIEDMONT TRIAD INTL AIRPORT NC CLIMATE NORMALS FOR TOMORROW
                         NORMAL    RECORD    YEAR
 MAXIMUM TEMPERATURE (F)   52        78      2007
 MINIMUM TEMPERATURE (F)   33        10      1958
                                             1917


SUNRISE AND SUNSET
DECEMBER 10 2017......SUNRISE   720 AM EST   SUNSET   506 PM EST
DECEMBER 11 2017......SUNRISE   721 AM EST   SUNSET   506 PM EST


-  INDICATES NEGATIVE NUMBERS.
R  INDICATES RECORD WAS SET OR TIED.
MM INDICATES DATA IS MISSING.
T  INDICATES TRACE AMOUNT.




$$
