000
CDUS42 KRAH 192158
CLIGSO


CLIMATE REPORT
NATIONAL WEATHER SERVICE RALEIGH NC
456 PM EST MON FEB 19 2018


...................................

...THE PIEDMONT TRIAD INTL AIRPORT NC CLIMATE SUMMARY FOR FEBRUARY 19 2018...
VALID TODAY AS OF 0444 PM LOCAL TIME.

CLIMATE NORMAL PERIOD 1981 TO 2010
CLIMATE RECORD PERIOD 1903 TO 2018


WEATHER ITEM   OBSERVED TIME   RECORD YEAR NORMAL DEPARTURE LAST
                VALUE   (LST)  VALUE       VALUE  FROM      YEAR
                                                  NORMAL
..................................................................
TEMPERATURE (F)
 TODAY
  MAXIMUM         52    444 PM  74    1939  53     -1       71
                                      1911
  MINIMUM         45   1049 AM   9    2015  33     12       42
  AVERAGE         49                        43      6       57

PRECIPITATION (IN)
  TODAY            0.04          1.23 1981   0.11  -0.07     0.00
  MONTH TO DATE    2.53                      1.93   0.60     0.34
  SINCE DEC 1      7.78                      7.97  -0.19     7.16
  SINCE JAN 1      6.18                      4.99   1.19     5.46

SNOWFALL (IN)
  TODAY            0.0           1.6  2012   0.1   -0.1      0.0
  MONTH TO DATE    T                         1.7   -1.7       T
  SINCE DEC 1      9.7                       5.9    3.8      8.0
  SINCE JUL 1      9.7                       6.0    3.7      8.0
  SNOW DEPTH       0

DEGREE DAYS
 HEATING
  TODAY           16                        22     -6        8
  MONTH TO DATE  355                       447    -92      302
  SINCE DEC 1   2004                      1990     14     1635
  SINCE JUL 1   2631                      2670    -39     2085

 COOLING
  TODAY            0                         0      0        0
  MONTH TO DATE    1                         0      1        4
  SINCE DEC 1      1                         1      0        4
  SINCE JAN 1      1                         0      1        4
..................................................................


WIND (MPH)
  HIGHEST WIND SPEED    14   HIGHEST WIND DIRECTION    SE (150)
  HIGHEST GUST SPEED    17   HIGHEST GUST DIRECTION    SE (150)
  AVERAGE WIND SPEED     5.3


SKY COVER
  POSSIBLE SUNSHINE  MM
  AVERAGE SKY COVER 1.0


WEATHER CONDITIONS
 THE FOLLOWING WEATHER WAS RECORDED TODAY.
  RAIN
  LIGHT RAIN
  FOG


RELATIVE HUMIDITY (PERCENT)
 HIGHEST   100           400 AM
 LOWEST     71          1200 AM
 AVERAGE    86

..........................................................


THE PIEDMONT TRIAD INTL AIRPORT NC CLIMATE NORMALS FOR TOMORROW
                         NORMAL    RECORD    YEAR
 MAXIMUM TEMPERATURE (F)   54        74      1922
 MINIMUM TEMPERATURE (F)   33         6      2015


SUNRISE AND SUNSET
FEBRUARY 19 2018......SUNRISE   703 AM EST   SUNSET   605 PM EST
FEBRUARY 20 2018......SUNRISE   701 AM EST   SUNSET   606 PM EST


-  INDICATES NEGATIVE NUMBERS.
R  INDICATES RECORD WAS SET OR TIED.
MM INDICATES DATA IS MISSING.
T  INDICATES TRACE AMOUNT.




$$
