000
CDUS42 KRAH 310744
CLIGSO


CLIMATE REPORT
NATIONAL WEATHER SERVICE RALEIGH NC
342 AM EDT TUE MAY 31 2016


...................................

...THE PIEDMONT TRIAD INTL AIRPORT NC CLIMATE SUMMARY FOR MAY 30 2016...

CLIMATE NORMAL PERIOD 1981 TO 2010
CLIMATE RECORD PERIOD 1903 TO 2016


WEATHER ITEM   OBSERVED TIME   RECORD YEAR NORMAL DEPARTURE LAST
                VALUE   (LST)  VALUE       VALUE  FROM      YEAR
                                                  NORMAL
..................................................................
TEMPERATURE (F)
 YESTERDAY
  MAXIMUM         85    438 PM  97    1914  81      4       86
  MINIMUM         63    213 AM  45    1984  61      2       65
  AVERAGE         74                        71      3       76

PRECIPITATION (IN)
  YESTERDAY        0.00          1.10 1903   0.13  -0.13     0.00
  MONTH TO DATE    8.67                      3.26   5.41     2.70
  SINCE MAR 1     12.83                     10.56   2.27     7.92
  SINCE JAN 1     18.97                     16.58   2.39    12.60

DEGREE DAYS
 HEATING
  YESTERDAY        0                         1     -1        0
  MONTH TO DATE   67                        66      1       20
  SINCE MAR 1    520                       757   -237      610
  SINCE JUL 1   2906                      3612   -706     3695

 COOLING
  YESTERDAY        9                         6      3       11
  MONTH TO DATE  112                       114     -2      185
  SINCE MAR 1    189                       152     37      222
  SINCE JAN 1    189                       152     37      222
..................................................................


WIND (MPH)
  HIGHEST WIND SPEED    14   HIGHEST WIND DIRECTION    SE (120)
  HIGHEST GUST SPEED    24   HIGHEST GUST DIRECTION    NE (60)
  AVERAGE WIND SPEED     7.1


SKY COVER
  POSSIBLE SUNSHINE  MM
  AVERAGE SKY COVER 0.8


WEATHER CONDITIONS
 THE FOLLOWING WEATHER WAS RECORDED YESTERDAY.
  NO SIGNIFICANT WEATHER WAS OBSERVED.


RELATIVE HUMIDITY (PERCENT)
 HIGHEST    87           100 AM
 LOWEST     48           400 PM
 AVERAGE    68

..........................................................


THE PIEDMONT TRIAD INTL AIRPORT NC CLIMATE NORMALS FOR TODAY
                         NORMAL    RECORD    YEAR
 MAXIMUM TEMPERATURE (F)   81        95      1953
                                             1918
                                             1914
 MINIMUM TEMPERATURE (F)   61        40      1984


SUNRISE AND SUNSET
MAY 31 2016...........SUNRISE   604 AM EDT   SUNSET   831 PM EDT
JUNE  1 2016..........SUNRISE   604 AM EDT   SUNSET   832 PM EDT


-  INDICATES NEGATIVE NUMBERS.
R  INDICATES RECORD WAS SET OR TIED.
MM INDICATES DATA IS MISSING.
T  INDICATES TRACE AMOUNT.




$$
