000
CDUS42 KRAH 010234
CLIGSO


CLIMATE REPORT
NATIONAL WEATHER SERVICE RALEIGH NC
1022 PM EDT TUE JUN 30 2015


...................................

...THE PIEDMONT TRIAD INTL AIRPORT NC CLIMATE SUMMARY FOR JUNE 30 2015...
VALID AS OF 1020 PM LOCAL TIME.

CLIMATE NORMAL PERIOD 1981 TO 2010
CLIMATE RECORD PERIOD 1903 TO 2015


WEATHER ITEM   OBSERVED TIME   RECORD YEAR NORMAL DEPARTURE LAST
                VALUE   (LST)  VALUE       VALUE  FROM      YEAR
                                                  NORMAL
..................................................................
TEMPERATURE (F)
 TODAY
  MAXIMUM         91    217 PM 101    1959  88      3       88
                                      1936
  MINIMUM         68    536 AM  52    1919  68      0       67
  AVERAGE         80                        78      2       78

PRECIPITATION (IN)
  TODAY            0.05          1.87 1999   0.12  -0.07      T
  MONTH TO DATE    2.06                      3.73  -1.67     3.00
  SINCE JUN 1      2.06                      3.73  -1.67     3.00
  SINCE JAN 1     15.02                     20.43  -5.41    20.49

DEGREE DAYS
 HEATING
  TODAY            0                         0      0        0
  MONTH TO DATE    3                         5     -2        0
  SINCE JUN 1      3                         6     -3        0
  SINCE JUL 1   3698                      3618     80     3818

 COOLING
  TODAY           15                        13      2       13
  MONTH TO DATE  419                       307    112      357
  SINCE JUN 1    419                       307    112      357
  SINCE JAN 1    653                       466    187      554
..................................................................


WIND (MPH)
  RESULTANT WIND SPEED   5   RESULTANT WIND DIRECTION  SW (240)
  HIGHEST WIND SPEED    47   HIGHEST WIND DIRECTION     W (290)
  HIGHEST GUST SPEED    60   HIGHEST GUST DIRECTION     W (290)
  AVERAGE WIND SPEED     6.9


SKY COVER
  POSSIBLE SUNSHINE  MM
  AVERAGE SKY COVER 0.6


WEATHER CONDITIONS
 THE FOLLOWING WEATHER WAS RECORDED TODAY.
  THUNDERSTORM
  HEAVY RAIN
  LIGHT RAIN
  FOG


RELATIVE HUMIDITY (PERCENT)
 HIGHEST    79           700 PM
 LOWEST     37           200 PM
 AVERAGE    58

..........................................................


THE PIEDMONT TRIAD INTL AIRPORT NC CLIMATE NORMALS FOR TOMORROW
                         NORMAL    RECORD    YEAR
 MAXIMUM TEMPERATURE (F)   88        99      2012
 MINIMUM TEMPERATURE (F)   69        53      1919


SUNRISE AND SUNSET
JUNE 30 2015..........SUNRISE   606 AM EDT   SUNSET   841 PM EDT
JULY  1 2015..........SUNRISE   606 AM EDT   SUNSET   841 PM EDT


-  INDICATES NEGATIVE NUMBERS.
R  INDICATES RECORD WAS SET OR TIED.
MM INDICATES DATA IS MISSING.
T  INDICATES TRACE AMOUNT.

$$
