778
CDUS42 KRAH 171801
CLIGSO


CLIMATE REPORT
NATIONAL WEATHER SERVICE RALEIGH NC
1210 PM EST TUE JAN 17 2017


...................................

...THE PIEDMONT TRIAD INTL AIRPORT NC CLIMATE SUMMARY FOR JANUARY 17 2017...
VALID AS OF 1200 PM LOCAL TIME.

CLIMATE NORMAL PERIOD 1981 TO 2010
CLIMATE RECORD PERIOD 1903 TO 2017


WEATHER ITEM   OBSERVED TIME   RECORD YEAR NORMAL DEPARTURE LAST
                VALUE   (LST)  VALUE       VALUE  FROM      YEAR
                                                  NORMAL
..................................................................
TEMPERATURE (F)
 TODAY
  MAXIMUM                       76    1943  48
  MINIMUM         46            -2    1977  29     17       31
  AVERAGE                                   39

PRECIPITATION (IN)
  TODAY            0.00          2.45 2013   0.10  -0.10     0.07
  MONTH TO DATE    2.18                      1.71   0.47     1.00
  SINCE DEC 1      3.88                      4.69  -0.81     7.65
  SINCE JAN 1      2.18                      1.71   0.47     1.00

SNOWFALL (IN)
  TODAY            0.0           3.0  2013   0.1   -0.1      0.5
  MONTH TO DATE    8.0                       1.8    6.2      0.5
  SINCE DEC 1      8.0                       2.6    5.4      0.5
  SINCE JUL 1      8.0                       2.7    5.3      0.5
  SNOW DEPTH       0

..................................................................


WIND (MPH)
  HIGHEST WIND SPEED    14   HIGHEST WIND DIRECTION    SW (220)
  HIGHEST GUST SPEED    23   HIGHEST GUST DIRECTION    SW (220)
  AVERAGE WIND SPEED     7.6


SKY COVER
  POSSIBLE SUNSHINE  MM
  AVERAGE SKY COVER 1.0


WEATHER CONDITIONS
 THE FOLLOWING WEATHER WAS RECORDED TODAY.
  FOG


RELATIVE HUMIDITY (PERCENT)
 HIGHEST   100           300 AM
 LOWEST     86           100 AM
 AVERAGE    93

..........................................................


THE PIEDMONT TRIAD INTL AIRPORT NC CLIMATE NORMALS FOR TOMORROW
                         NORMAL    RECORD    YEAR
 MAXIMUM TEMPERATURE (F)   48        66      1937
                                             1907
 MINIMUM TEMPERATURE (F)   29         6      1994


SUNRISE AND SUNSET
JANUARY 17 2017.......SUNRISE   729 AM EST   SUNSET   531 PM EST
JANUARY 18 2017.......SUNRISE   729 AM EST   SUNSET   532 PM EST


-  INDICATES NEGATIVE NUMBERS.
R  INDICATES RECORD WAS SET OR TIED.
MM INDICATES DATA IS MISSING.
T  INDICATES TRACE AMOUNT.




$$
